{"id":4142,"date":"2026-02-28T01:23:18","date_gmt":"2026-02-28T04:23:18","guid":{"rendered":"https:\/\/bibliotecajuridicavirtual.cl\/?post_type=product&#038;p=4142"},"modified":"2026-02-28T01:23:38","modified_gmt":"2026-02-28T04:23:38","slug":"tratado-de-criminologia-5a-edicion-ano-2014-1-188-pag-autor-antonio-garcia-pablos-de-molina","status":"publish","type":"product","link":"https:\/\/bibliotecajuridicavirtual.cl\/index.php\/product\/tratado-de-criminologia-5a-edicion-ano-2014-1-188-pag-autor-antonio-garcia-pablos-de-molina\/","title":{"rendered":"Tratado de Criminolog\u00eda 5\u00aa Edici\u00f3n. A\u00f1o 2014\/ 1.188 P\u00e1g. Autor Antonio Garc\u00eda Pablos de Molina"},"content":{"rendered":"<p>El Profesor Garc\u00eda-Pablos de Molina, aborda, en su Tratado de Criminolog\u00eda, un estudio completo de esta ciencia emp\u00edrica e interdisciplinaria. La obra, estructurada como tratado, consta de seis Partes, la primera de las cuales (Introducci\u00f3n), realiza un examen de los conceptos, categor\u00edas fundamentales, m\u00e9todo y t\u00e9cnicas de investigaci\u00f3n, as\u00ed como el examen de sus funciones. En la segunda parte se expone la evoluci\u00f3n hist\u00f3rica de las ideas criminol\u00f3gicas, desde la obra de los pioneros hasta la moderna Criminolog\u00eda emp\u00edrica contempor\u00e1nea para, a continuaci\u00f3n, realizar una revisi\u00f3n cr\u00edtica de la controversia doctrinal sobre la g\u00e9nesis y etiolog\u00eda del delito en los diversos modelos te\u00f3ricos explicativos del crimen. Las partes cuarta y quinta, respectivamente, est\u00e1n dedicadas al examen riguroso y pormenorizado de los modelos y programas de prevenci\u00f3n e intervenci\u00f3n, exponentes de la m\u00e1s moderna Criminolog\u00eda y novedad en la estructura de esta obra que parte del anterior Manual publicado por el autor en 1987. Por \u00faltimo, la sexta parte recoge, a modo de recapitulaci\u00f3n , la situaci\u00f3n del actual saber criminol\u00f3gico, transmitiendo el autor agudas reflexiones que el estudio de esta problem\u00e1tica le ha sugerido. Se completa el contenido de la obra con un amplio anexo estad\u00edstico actualizado en el que se incorpora&#8221;n los datos recogidos, de distintas fuentes, sobre la criminalidad espa\u00f1ola en cifras, que suponen una orientaci\u00f3n respecto a la evoluci\u00f3n de la delincuencia en nuestro pa\u00eds.<\/p>\n","protected":false},"excerpt":{"rendered":"<h5 style=\"text-align: center;\"><span style=\"color: #ff9900;\">( LIBRO ESPA\u00d1OL)\u00a0<\/span><\/h5>\n","protected":false},"featured_media":4172,"comment_status":"open","ping_status":"closed","template":"","meta":{"inline_featured_image":false,"_joinchat":[]},"product_brand":[],"product_cat":[30],"product_tag":[],"class_list":{"0":"post-4142","1":"product","2":"type-product","3":"status-publish","4":"has-post-thumbnail","6":"product_cat-penal","7":"product_shipping_class-a-convenir","9":"first","10":"instock","11":"shipping-taxable","12":"purchasable","13":"product-type-simple"},"_links":{"self":[{"href":"https:\/\/bibliotecajuridicavirtual.cl\/index.php\/wp-json\/wp\/v2\/product\/4142","targetHints":{"allow":["GET"]}}],"collection":[{"href":"https:\/\/bibliotecajuridicavirtual.cl\/index.php\/wp-json\/wp\/v2\/product"}],"about":[{"href":"https:\/\/bibliotecajuridicavirtual.cl\/index.php\/wp-json\/wp\/v2\/types\/product"}],"replies":[{"embeddable":true,"href":"https:\/\/bibliotecajuridicavirtual.cl\/index.php\/wp-json\/wp\/v2\/comments?post=4142"}],"wp:featuredmedia":[{"embeddable":true,"href":"https:\/\/bibliotecajuridicavirtual.cl\/index.php\/wp-json\/wp\/v2\/media\/4172"}],"wp:attachment":[{"href":"https:\/\/bibliotecajuridicavirtual.cl\/index.php\/wp-json\/wp\/v2\/media?parent=4142"}],"wp:term":[{"taxonomy":"product_brand","embeddable":true,"href":"https:\/\/bibliotecajuridicavirtual.cl\/index.php\/wp-json\/wp\/v2\/product_brand?post=4142"},{"taxonomy":"product_cat","embeddable":true,"href":"https:\/\/bibliotecajuridicavirtual.cl\/index.php\/wp-json\/wp\/v2\/product_cat?post=4142"},{"taxonomy":"product_tag","embeddable":true,"href":"https:\/\/bibliotecajuridicavirtual.cl\/index.php\/wp-json\/wp\/v2\/product_tag?post=4142"}],"curies":[{"name":"wp","href":"https:\/\/api.w.org\/{rel}","templated":true}]}}