{"id":4173,"date":"2026-02-28T01:23:40","date_gmt":"2026-02-28T04:23:40","guid":{"rendered":"https:\/\/bibliotecajuridicavirtual.cl\/?post_type=product&#038;p=4173"},"modified":"2026-02-28T01:23:46","modified_gmt":"2026-02-28T04:23:46","slug":"compliance-penal-y-responsabilidad-penal-de-las-personas-juridicas-duo-ano-2020-autor-gomez-jara-diez-carlos","status":"publish","type":"product","link":"https:\/\/bibliotecajuridicavirtual.cl\/index.php\/product\/compliance-penal-y-responsabilidad-penal-de-las-personas-juridicas-duo-ano-2020-autor-gomez-jara-diez-carlos\/","title":{"rendered":"Compliance Penal y Responsabilidad Penal de las Personas Jur\u00eddicas (D\u00fao ). A\u00f1o 2020. Autor Gomez-Jara Diez Carlos"},"content":{"rendered":"<h3>Contenido<\/h3>\n<ul class=\"generic-summary\">\n<li><span style=\"color: #000000;\"><a style=\"color: #000000;\">Pr\u00f3logo<\/a><\/span><\/li>\n<li><span style=\"color: #000000;\"><a style=\"color: #000000;\">Cap\u00edtulo I. Introducci\u00f3n (CARLOS G\u00d3MEZ-JARA D\u00cdEZ)<\/a><\/span><\/li>\n<li><span style=\"color: #000000;\"><a style=\"color: #000000;\">Cap\u00edtulo II. El \u00d3rgano De \u00abCompliance\u00bb Penal (CARLOS G\u00d3MEZ-JARA D\u00cdEZ)<\/a><\/span><\/li>\n<li><span style=\"color: #000000;\"><a style=\"color: #000000;\">Cap\u00edtulo III. Los elementos del modelo de organizaci\u00f3n y gesti\u00f3n de riesgos penales (CARLOS G\u00d3MEZ-JARA D\u00cdEZ)<\/a><\/span><\/li>\n<li><span style=\"color: #000000;\"><a style=\"color: #000000;\">Cap\u00edtulo IV. La vigencia de los modelos de organizaci\u00f3n y gesti\u00f3n de delitos desde la \u00f3ptica de la UNE 19.601 (CARLOS G\u00d3MEZ-JARA D\u00cdEZ)<\/a><\/span><\/li>\n<li><span style=\"color: #000000;\"><a style=\"color: #000000;\">Cap\u00edtulo V. &#8220;Compliance&#8221; penal y las consecuencias accesorias del Art. 129 CP: su relevancia para la determinaci\u00f3n de la prognosis de peligrosidad (CARLOS G\u00d3MEZ-JARA D\u00cdEZ)<\/a><\/span><\/li>\n<li><span style=\"color: #000000;\"><a style=\"color: #000000;\">Cap\u00edtulo VI. &#8220;Compliance&#8221; penal y contrataci\u00f3n p\u00fablica: relevancia para los derechos contemplados en la Directiva Europea (2014) y no incluidos en la Ley de Contratos del Sector P\u00fablico (2017) (CARLOS G\u00d3MEZ-JARA D\u00cdEZ)<\/a><\/span><\/li>\n<\/ul>\n","protected":false},"excerpt":{"rendered":"<h5 style=\"text-align: center;\"><span style=\"color: #ff0000;\">( LIBRO ESPA\u00d1OL)<\/span><\/h5>\n","protected":false},"featured_media":4203,"comment_status":"open","ping_status":"closed","template":"","meta":{"inline_featured_image":false,"_joinchat":[]},"product_brand":[],"product_cat":[30,42],"product_tag":[],"class_list":{"0":"post-4173","1":"product","2":"type-product","3":"status-publish","4":"has-post-thumbnail","6":"product_cat-penal","7":"product_cat-thomson-reuters","8":"product_shipping_class-a-convenir","10":"first","11":"instock","12":"shipping-taxable","13":"purchasable","14":"product-type-simple"},"_links":{"self":[{"href":"https:\/\/bibliotecajuridicavirtual.cl\/index.php\/wp-json\/wp\/v2\/product\/4173","targetHints":{"allow":["GET"]}}],"collection":[{"href":"https:\/\/bibliotecajuridicavirtual.cl\/index.php\/wp-json\/wp\/v2\/product"}],"about":[{"href":"https:\/\/bibliotecajuridicavirtual.cl\/index.php\/wp-json\/wp\/v2\/types\/product"}],"replies":[{"embeddable":true,"href":"https:\/\/bibliotecajuridicavirtual.cl\/index.php\/wp-json\/wp\/v2\/comments?post=4173"}],"wp:featuredmedia":[{"embeddable":true,"href":"https:\/\/bibliotecajuridicavirtual.cl\/index.php\/wp-json\/wp\/v2\/media\/4203"}],"wp:attachment":[{"href":"https:\/\/bibliotecajuridicavirtual.cl\/index.php\/wp-json\/wp\/v2\/media?parent=4173"}],"wp:term":[{"taxonomy":"product_brand","embeddable":true,"href":"https:\/\/bibliotecajuridicavirtual.cl\/index.php\/wp-json\/wp\/v2\/product_brand?post=4173"},{"taxonomy":"product_cat","embeddable":true,"href":"https:\/\/bibliotecajuridicavirtual.cl\/index.php\/wp-json\/wp\/v2\/product_cat?post=4173"},{"taxonomy":"product_tag","embeddable":true,"href":"https:\/\/bibliotecajuridicavirtual.cl\/index.php\/wp-json\/wp\/v2\/product_tag?post=4173"}],"curies":[{"name":"wp","href":"https:\/\/api.w.org\/{rel}","templated":true}]}}

Compliance Penal y Responsabilidad Penal de las Personas Jurídicas (Dúo ). Año 2020. Autor Gomez-Jara Diez Carlos

<h3>Contenido</h3>
<ul class="generic-summary">
<li><span style="color: #000000;"><a style="color: #000000;">Prólogo</a></span></li>
<li><span style="color: #000000;"><a style="color: #000000;">Capítulo I. Introducción (CARLOS GÓMEZ-JARA DÍEZ)</a></span></li>
<li><span style="color: #000000;"><a style="color: #000000;">Capítulo II. El Órgano De «Compliance» Penal (CARLOS GÓMEZ-JARA DÍEZ)</a></span></li>
<li><span style="color: #000000;"><a style="color: #000000;">Capítulo III. Los elementos del modelo de organización y gestión de riesgos penales (CARLOS GÓMEZ-JARA DÍEZ)</a></span></li>
<li><span style="color: #000000;"><a style="color: #000000;">Capítulo IV. La vigencia de los modelos de organización y gestión de delitos desde la óptica de la UNE 19.601 (CARLOS GÓMEZ-JARA DÍEZ)</a></span></li>
<li><span style="color: #000000;"><a style="color: #000000;">Capítulo V. &#8220;Compliance&#8221; penal y las consecuencias accesorias del Art. 129 CP: su relevancia para la determinación de la prognosis de peligrosidad (CARLOS GÓMEZ-JARA DÍEZ)</a></span></li>
<li><span style="color: #000000;"><a style="color: #000000;">Capítulo VI. &#8220;Compliance&#8221; penal y contratación pública: relevancia para los derechos contemplados en la Directiva Europea (2014) y no incluidos en la Ley de Contratos del Sector Público (2017) (CARLOS GÓMEZ-JARA DÍEZ)</a></span></li>
</ul>

<h5 style="text-align: center;"><span style="color: #ff0000;">( LIBRO ESPAÑOL)</span></h5>
