{"id":4180,"date":"2026-02-28T01:23:40","date_gmt":"2026-02-28T04:23:40","guid":{"rendered":"https:\/\/bibliotecajuridicavirtual.cl\/?post_type=product&#038;p=4180"},"modified":"2026-02-28T01:23:52","modified_gmt":"2026-02-28T04:23:52","slug":"procedimientos-juzgados-de-familia-9na-edicion-ano-2022-546-pag-autor-eric-chavez-chavez","status":"publish","type":"product","link":"https:\/\/bibliotecajuridicavirtual.cl\/index.php\/product\/procedimientos-juzgados-de-familia-9na-edicion-ano-2022-546-pag-autor-eric-chavez-chavez\/","title":{"rendered":"Procedimientos Juzgados  de Familia 9na Edici\u00f3n . A\u00f1o 2022\/ 546 P\u00e1g. Autor Eric Ch\u00e1vez Ch\u00e1vez"},"content":{"rendered":"<p style=\"font-weight: 400;\">Esta es obra obra destinada a los abogados en el desempe\u00f1o de su actividad jurisdiccional en los estrados, de manera did\u00e1ctica y precisa.<\/p>\n<p style=\"font-weight: 400;\">El texto contiene los procedimiento de adopci\u00f3n, ordinario de alimentos, divorcio de com\u00fan acuerdo, cumplimiento, procedimiento especial para el cobro de deudas de pensiones alimenticias, procedimiento ejecutivo de cobro de pensiones y procedimiento de alimentos en el extranjero.<\/p>\n<p style=\"font-weight: 400;\">El libro est\u00e1 debidamente actualizado con todas y cada una de las reformas introducidas por la Ley N\u00b021.264,\u00a021.400,\u00a021.430 y 21.484.<\/p>\n<p style=\"font-weight: 400;\"><b>1RA\u00a0PARTE<\/b><br \/>\n<b>COMPETENCIA DE LOS JUZGADOS DE FAMILIA<\/b><\/p>\n<ol>\n<li style=\"font-weight: 400;\">Las causas relativas al derecho de cuidado personal de los ni\u00f1os, ni\u00f1as o adolescentes<\/li>\n<li style=\"font-weight: 400;\">Las causas relativas al derecho y el deber del padre o de la madre que no tenga el cuidado personal del hijo, a mantener con \u00e9ste una relaci\u00f3n directa y regular<\/li>\n<li style=\"font-weight: 400;\">Las causas relativas al ejercicio, suspensi\u00f3n o p\u00e9rdida de la patria potestad; a la emancipaci\u00f3n y a las autorizaciones que se refieren los p\u00e1rrafos 2\u00b0 y 3\u00b0 del t\u00edtulo X del Libro I del C\u00f3digo Civil<\/li>\n<li style=\"font-weight: 400;\">Las causas relativas al derecho de alimentos<\/li>\n<li style=\"font-weight: 400;\">Los disensos para contraer matrimonio<\/li>\n<li style=\"font-weight: 400;\">Las guardas, con excepci\u00f3n de aquellas relativas a pupilos mayores de edad, y aquellas de los que digan relaci\u00f3n con la curadur\u00eda de la herencia yacente y sin perjuicio de lo establecido en el inciso 2\u00b0 del art\u00edculo 494 del C\u00f3digo Civil<\/li>\n<li style=\"font-weight: 400;\">Todos los asuntos en que aparezcan ni\u00f1os, ni\u00f1as, o adolescentes gravemente vulnerados o amenazados en sus derechos, respecto de los cuales se requiera adoptar una medida de protecci\u00f3n conforme al art\u00edculo 30 de la Ley de Menores<\/li>\n<li style=\"font-weight: 400;\">Las acciones de filiaci\u00f3n y todas aquellas que digan relaci\u00f3n con la constituci\u00f3n o modificaci\u00f3n del estado civil de las personas<\/li>\n<li style=\"font-weight: 400;\">Todos los asuntos en que se impute la comisi\u00f3n de cualquier falta a adolescentes mayores de catorce y menores de diecis\u00e9is a\u00f1os de edad, y que se imputen a adolescentes mayores de diecis\u00e9is y menores de dieciocho a\u00f1os, que se no se encuentren contemplados en el inciso tercero del art\u00edculo N\u00b01 de la ley N\u00b020.084<\/li>\n<li style=\"font-weight: 400;\">La autorizaci\u00f3n para la salida de ni\u00f1os, ni\u00f1as o adolescentes del pa\u00eds, en los casos en que corresponda de acuerdo con la ley<\/li>\n<li style=\"font-weight: 400;\">Las causas relativas al maltrato de ni\u00f1os, ni\u00f1as o adolescentes de acuerdo a lo dispuesto en el inciso segundo del art\u00edculo 62 de la ley N\u00b016.618<\/li>\n<li style=\"font-weight: 400;\">Los procedimientos previos a la adopci\u00f3n, de que trata el T\u00edtulo II de la ley N\u00b0 19.620<\/li>\n<li style=\"font-weight: 400;\">El procedimiento de adopci\u00f3n a que se refiere el T\u00edtulo II de la ley N\u00b0 19.620<\/li>\n<li style=\"font-weight: 400;\">Los asuntos que se susciten entre c\u00f3nyuges, relativos al r\u00e9gimen patrimonial del matrimonio y los bienes familiares<\/li>\n<li style=\"font-weight: 400;\">Las acciones de separaci\u00f3n, nulidad y divorcio, regulados en la Ley de Matrimonio Civil<\/li>\n<li style=\"font-weight: 400;\">Los actos de violencia intrafamiliar<\/li>\n<li style=\"font-weight: 400;\">Toda otra materia que la ley les encomiende<\/li>\n<\/ol>\n<p style=\"font-weight: 400;\"><b>2DA PARTE<\/b><br \/>\n<b>PRINCIPIOS FORMATIVOS DE LOS JUZGADOS DE FAMILIA<\/b><\/p>\n<p>T\u00cdTULO I<br \/>\nGENERALIDADES<\/p>\n<p style=\"font-weight: 400;\">Principios que rigen los tribunales de familia<br \/>\n1) Oralidad<br \/>\n2) Concentraci\u00f3n<br \/>\n3) Inmediaci\u00f3n<br \/>\n4) Actuaci\u00f3n de oficio<br \/>\n5) Colaboraci\u00f3n<br \/>\n6) Publicidad<br \/>\n7) Inter\u00e9s superior del ni\u00f1o, ni\u00f1a o adolescente y derecho a ser o\u00eddo<br \/>\nPrecisiones al efecto<br \/>\nConcepto<br \/>\nCaracter\u00edsticas<br \/>\nClasificaci\u00f3n<br \/>\nI.- Derechos de los hijos para con los padres<br \/>\nII.- Derechos y deberes de los padres para con sus hijos<br \/>\n8) Preclusi\u00f3n<br \/>\n9) La adquisici\u00f3n procesal<br \/>\n10) La congruencia<br \/>\n11) La fundabilidad<\/p>\n<p style=\"font-weight: 400;\">T\u00cdTULO II<br \/>\nLA ACUMULACI\u00d3N NECESARIA<\/p>\n<p style=\"font-weight: 400;\">Concepto<br \/>\nRequisitos<br \/>\nCaracter\u00edsticas<br \/>\nTramitaci\u00f3n<br \/>\nReglas aplicables<\/p>\n<p style=\"font-weight: 400;\">T\u00cdTULO III<br \/>\nCOMPARECENCIA Y REPRESENTACI\u00d3N EN JUICIO<\/p>\n<p style=\"font-weight: 400;\">I.- Comparecencia<br \/>\na) Comparecencia<br \/>\nb) Patrocinio de la corporaci\u00f3n de asistencia judicial<br \/>\nc) Renuncia del abogado patrocinante<br \/>\nd) Excepci\u00f3n<\/p>\n<p style=\"font-weight: 400;\">II.- Representaci\u00f3n de ni\u00f1os, ni\u00f1as, adolescentes o incapaces<br \/>\na) Representaci\u00f3n de ni\u00f1os, ni\u00f1as, adolescentes o incapaces<br \/>\nb) Designaci\u00f3n del defensor<br \/>\nc) Calidad de la designaci\u00f3n<\/p>\n<p style=\"font-weight: 400;\">T\u00cdTULO IV<br \/>\nLA SUSPENSI\u00d3N DE LA AUDIENCIA<\/p>\n<p style=\"font-weight: 400;\">I.- Formalidades<\/p>\n<p style=\"font-weight: 400;\">II.- Procedencia<br \/>\n1.- Reprogramaci\u00f3n de la audiencia<br \/>\n2.- Suspensi\u00f3n de la audiencia<\/p>\n<p style=\"font-weight: 400;\">T\u00cdTULO V<br \/>\nABANDONO DEL PROCEDIMIENTO<\/p>\n<p style=\"font-weight: 400;\">Concepto<br \/>\nRequisitos<br \/>\nCaracter\u00edsticas<br \/>\nTramitaci\u00f3n<\/p>\n<p style=\"font-weight: 400;\">T\u00cdTULO VI<br \/>\nMEDIDAS CAUTELARES<\/p>\n<p style=\"font-weight: 400;\">Concepto<br \/>\nRequisitos<br \/>\nCaracter\u00edsticas<br \/>\nTramitaci\u00f3n<br \/>\ni.- Oportunidad para solicitarlas<br \/>\nii.- Otorgamiento de las medidas cautelares<br \/>\niii.- Requisitos de procedencia<br \/>\niv.- Pueden llevarse a cabo antes de notificarse la demanda<br \/>\nv.- Limitaci\u00f3n<\/p>\n<p style=\"font-weight: 400;\">T\u00cdTULO VII<br \/>\nNOTIFICACIONES<\/p>\n<p style=\"font-weight: 400;\">Concepto<br \/>\nRequisitos<br \/>\nNotificaciones<br \/>\n1.- Primera notificaci\u00f3n<br \/>\n2.- Notificaci\u00f3n por el art.44 C.P.C<br \/>\n3.- Notificaci\u00f3n por otro medio id\u00f3neo<br \/>\n4.- Notificaciones por el estado diario electr\u00f3nico<br \/>\n5.- Forma de notificaci\u00f3n al abogado patrocinante<br \/>\n6.- Notificaci\u00f3n por carta certificada<br \/>\nEfecto<\/p>\n<p style=\"font-weight: 400;\">T\u00cdTULO VIII<br \/>\nEXTENSI\u00d3N DE LA COMPETENCIA TERRITORIAL<\/p>\n<p style=\"font-weight: 400;\">Generalidades<br \/>\nPrecisiones<br \/>\nJurisprudencia en la materia<\/p>\n<p style=\"font-weight: 400;\">T\u00cdTULO IX<br \/>\nNULIDAD PROCESAL<\/p>\n<p style=\"font-weight: 400;\">Concepto<br \/>\nCaracter\u00edsticas<br \/>\nClasificaci\u00f3n<br \/>\n1.- Nulidad procesal de oficio o a petici\u00f3n de parte<br \/>\n2.- Nulidad procesal expresa y t\u00e1cita<br \/>\n3.- Nulidad procesal total o parcial<br \/>\nPrincipios que rigen la nulidad procesal<br \/>\n1.- Efecto extensivo de la nulidad procesal o de la extensi\u00f3n<br \/>\n2.- Especificidad y generalidad de la nulidad procesal<br \/>\n3.- Principio de trascendencia<br \/>\n4.- Principio de la convalidaci\u00f3n<br \/>\n5.- Principio de protecci\u00f3n<br \/>\nCausales de procedencia<br \/>\nI.- Por falta de concurrencia del juez a las audiencias y diligencias de prueba<br \/>\nII.- Por declaraci\u00f3n de oficio<br \/>\nIII.- Causales del c\u00f3digo de procedimiento civil<br \/>\nRequisitos para interponer la nulidad procesal<br \/>\nLimitaciones para impetrar la nulidad procesal<br \/>\n1.- No pueden solicitar la nulidad procesal<br \/>\n2.- Oportunidad para solicitar la nulidad procesal<br \/>\n3.- Validaci\u00f3n de la nulidad procesal<br \/>\n4.- El juez no puede declarar de oficio las nulidades convalidadas<\/p>\n<p style=\"font-weight: 400;\">T\u00cdTULO X<br \/>\nLOS INCIDENTES<\/p>\n<p style=\"font-weight: 400;\">Concepto<br \/>\nCaracter\u00edsticas<br \/>\nTramitaci\u00f3n<br \/>\nI.- Incidentes promovidos en audiencia<br \/>\nII.- Incidentes promovidos fuera de audiencia<\/p>\n<p style=\"font-weight: 400;\">T\u00cdTULO XI<br \/>\nFACULTADES DEL JUEZ EN AUDIENCIA Y SANCIONES<\/p>\n<p style=\"font-weight: 400;\">I.- Facultades de direcci\u00f3n<br \/>\nII.- Facultades de disciplina<\/p>\n<p style=\"font-weight: 400;\">T\u00cdTULO XII<br \/>\nNORMAS SUPLETORIAS<\/p>\n<p style=\"font-weight: 400;\">1.- C\u00f3digo de procedimiento civil<br \/>\n2.- C\u00f3digo org\u00e1nico de tribunales<br \/>\n3.- C\u00f3digo procesal penal<br \/>\n4.- Constituci\u00f3n pol\u00edtica de la rep\u00fablica<br \/>\n5.- Tratados y convenciones internacionales<\/p>\n<p style=\"font-weight: 400;\"><b>3RA PARTE<\/b><br \/>\n<b>PROCEDIMIENTO ORDINARIO ANTE LOS JUZGADOS DE FAMILIA<\/b><\/p>\n<p style=\"font-weight: 400;\">T\u00cdTULO I<br \/>\nGENERALIDADES<\/p>\n<p style=\"font-weight: 400;\">Concepto<br \/>\nCaracter\u00edsticas<\/p>\n","protected":false},"excerpt":{"rendered":"<p>Esta es obra obra destinada a los abogados en el desempe\u00f1o de su actividad jurisdiccional en los estrados, de manera did\u00e1ctica y precisa. El texto contiene los procedimiento de adopci\u00f3n, ordinario de alimentos, divorcio de com\u00fan acuerdo, cumplimiento, procedimiento especial para el cobro de deudas de pensiones alimenticias, procedimiento ejecutivo de cobro de pensiones y procedimiento de alimentos en el extranjero. El libro est\u00e1 debidamente actualizado con todas y cada una de las reformas introducidas por la Ley N\u00b021.264,\u00a021.400,\u00a021.430 y 21.484. 1RA\u00a0PARTE COMPETENCIA DE LOS JUZGADOS DE FAMILIA Las causas relativas al derecho de cuidado personal de los ni\u00f1os, ni\u00f1as o adolescentes Las causas relativas al derecho y el deber del padre o de la madre que no tenga el cuidado personal del hijo, a mantener con \u00e9ste una relaci\u00f3n directa y regular Las causas relativas al ejercicio, suspensi\u00f3n o p\u00e9rdida de la patria potestad; a la emancipaci\u00f3n y a las autorizaciones que se refieren los p\u00e1rrafos 2\u00b0 y 3\u00b0 del t\u00edtulo X del Libro I del C\u00f3digo Civil Las causas relativas al derecho de alimentos Los disensos para contraer matrimonio Las guardas, con excepci\u00f3n de aquellas relativas a pupilos mayores de edad, y aquellas de los que digan relaci\u00f3n con la curadur\u00eda de la herencia yacente y sin perjuicio de lo establecido en el inciso 2\u00b0 del art\u00edculo 494 del C\u00f3digo Civil Todos los asuntos en que aparezcan ni\u00f1os, ni\u00f1as, o adolescentes gravemente vulnerados o amenazados en sus derechos, respecto de los cuales se requiera adoptar una medida de protecci\u00f3n conforme al art\u00edculo 30 de la Ley de Menores Las acciones de filiaci\u00f3n y todas aquellas que digan relaci\u00f3n con la constituci\u00f3n o modificaci\u00f3n del estado civil de las personas Todos los asuntos en que se impute la comisi\u00f3n de cualquier falta a adolescentes mayores de catorce y menores de diecis\u00e9is a\u00f1os de edad, y que se imputen a adolescentes mayores de diecis\u00e9is y menores de dieciocho a\u00f1os, que se no se encuentren contemplados en el inciso tercero del art\u00edculo N\u00b01 de la ley N\u00b020.084 La autorizaci\u00f3n para la salida de ni\u00f1os, ni\u00f1as o adolescentes del pa\u00eds, en los casos en que corresponda de acuerdo con la ley Las causas relativas al maltrato de ni\u00f1os, ni\u00f1as o adolescentes de acuerdo a lo dispuesto en el inciso segundo del art\u00edculo 62 de la ley N\u00b016.618 Los procedimientos previos a la adopci\u00f3n, de que trata el T\u00edtulo II de la ley N\u00b0 19.620 El procedimiento de adopci\u00f3n a que se refiere el T\u00edtulo II de la ley N\u00b0 19.620 Los asuntos que se susciten entre c\u00f3nyuges, relativos al r\u00e9gimen patrimonial del matrimonio y los bienes familiares Las acciones de separaci\u00f3n, nulidad y divorcio, regulados en la Ley de Matrimonio Civil Los actos de violencia intrafamiliar Toda otra materia que la ley les encomiende 2DA PARTE PRINCIPIOS FORMATIVOS DE LOS JUZGADOS DE FAMILIA T\u00cdTULO I GENERALIDADES Principios que rigen los tribunales de familia 1) Oralidad 2) Concentraci\u00f3n 3) Inmediaci\u00f3n 4) Actuaci\u00f3n de oficio 5) Colaboraci\u00f3n 6) Publicidad 7) Inter\u00e9s superior del ni\u00f1o, ni\u00f1a o adolescente y derecho a ser o\u00eddo Precisiones al efecto Concepto Caracter\u00edsticas Clasificaci\u00f3n I.- Derechos de los hijos para con los padres II.- Derechos y deberes de los padres para con sus hijos 8) Preclusi\u00f3n 9) La adquisici\u00f3n procesal 10) La congruencia 11) La fundabilidad T\u00cdTULO II LA ACUMULACI\u00d3N NECESARIA Concepto Requisitos Caracter\u00edsticas Tramitaci\u00f3n Reglas aplicables T\u00cdTULO III COMPARECENCIA Y REPRESENTACI\u00d3N EN JUICIO I.- Comparecencia a) Comparecencia b) Patrocinio de la corporaci\u00f3n de asistencia judicial c) Renuncia del abogado patrocinante d) Excepci\u00f3n II.- Representaci\u00f3n de ni\u00f1os, ni\u00f1as, adolescentes o incapaces a) Representaci\u00f3n de ni\u00f1os, ni\u00f1as, adolescentes o incapaces b) Designaci\u00f3n del defensor c) Calidad de la designaci\u00f3n T\u00cdTULO IV LA SUSPENSI\u00d3N DE LA AUDIENCIA I.- Formalidades II.- Procedencia 1.- Reprogramaci\u00f3n de la audiencia 2.- Suspensi\u00f3n de la audiencia T\u00cdTULO V ABANDONO DEL PROCEDIMIENTO Concepto Requisitos Caracter\u00edsticas Tramitaci\u00f3n T\u00cdTULO VI MEDIDAS CAUTELARES Concepto Requisitos Caracter\u00edsticas Tramitaci\u00f3n i.- Oportunidad para solicitarlas ii.- Otorgamiento de las medidas cautelares iii.- Requisitos de procedencia iv.- Pueden llevarse a cabo antes de notificarse la demanda v.- Limitaci\u00f3n T\u00cdTULO VII NOTIFICACIONES Concepto Requisitos Notificaciones 1.- Primera notificaci\u00f3n 2.- Notificaci\u00f3n por el art.44 C.P.C 3.- Notificaci\u00f3n por otro medio id\u00f3neo 4.- Notificaciones por el estado diario electr\u00f3nico 5.- Forma de notificaci\u00f3n al abogado patrocinante 6.- Notificaci\u00f3n por carta certificada Efecto T\u00cdTULO VIII EXTENSI\u00d3N DE LA COMPETENCIA TERRITORIAL Generalidades Precisiones Jurisprudencia en la materia T\u00cdTULO IX NULIDAD PROCESAL Concepto Caracter\u00edsticas Clasificaci\u00f3n 1.- Nulidad procesal de oficio o a petici\u00f3n de parte 2.- Nulidad procesal expresa y t\u00e1cita 3.- Nulidad procesal total o parcial Principios que rigen la nulidad procesal 1.- Efecto extensivo de la nulidad procesal o de la extensi\u00f3n 2.- Especificidad y generalidad de la nulidad procesal 3.- Principio de trascendencia 4.- Principio de la convalidaci\u00f3n 5.- Principio de protecci\u00f3n Causales de procedencia I.- Por falta de concurrencia del juez a las audiencias y diligencias de prueba II.- Por declaraci\u00f3n de oficio III.- Causales del c\u00f3digo de procedimiento civil Requisitos para interponer la nulidad procesal Limitaciones para impetrar la nulidad procesal 1.- No pueden solicitar la nulidad procesal 2.- Oportunidad para solicitar la nulidad procesal 3.- Validaci\u00f3n de la nulidad procesal 4.- El juez no puede declarar de oficio las nulidades convalidadas T\u00cdTULO X LOS INCIDENTES Concepto Caracter\u00edsticas Tramitaci\u00f3n I.- Incidentes promovidos en audiencia II.- Incidentes promovidos fuera de audiencia T\u00cdTULO XI FACULTADES DEL JUEZ EN AUDIENCIA Y SANCIONES I.- Facultades de direcci\u00f3n II.- Facultades de disciplina T\u00cdTULO XII NORMAS SUPLETORIAS 1.- C\u00f3digo de procedimiento civil 2.- C\u00f3digo org\u00e1nico de tribunales 3.- C\u00f3digo procesal penal 4.- Constituci\u00f3n pol\u00edtica de la rep\u00fablica 5.- Tratados y convenciones internacionales 3RA PARTE PROCEDIMIENTO ORDINARIO ANTE LOS JUZGADOS DE FAMILIA T\u00cdTULO I GENERALIDADES Concepto Caracter\u00edsticas<\/p>\n","protected":false},"featured_media":4210,"comment_status":"open","ping_status":"closed","template":"","meta":{"inline_featured_image":false,"_joinchat":[]},"product_brand":[],"product_cat":[59,29],"product_tag":[],"class_list":{"0":"post-4180","1":"product","2":"type-product","3":"status-publish","4":"has-post-thumbnail","6":"product_cat-editorial-tofulex-ediciones-juridicas","7":"product_cat-familia-y-del-menor","8":"product_shipping_class-a-convenir","10":"first","11":"instock","12":"shipping-taxable","13":"purchasable","14":"product-type-simple"},"_links":{"self":[{"href":"https:\/\/bibliotecajuridicavirtual.cl\/index.php\/wp-json\/wp\/v2\/product\/4180","targetHints":{"allow":["GET"]}}],"collection":[{"href":"https:\/\/bibliotecajuridicavirtual.cl\/index.php\/wp-json\/wp\/v2\/product"}],"about":[{"href":"https:\/\/bibliotecajuridicavirtual.cl\/index.php\/wp-json\/wp\/v2\/types\/product"}],"replies":[{"embeddable":true,"href":"https:\/\/bibliotecajuridicavirtual.cl\/index.php\/wp-json\/wp\/v2\/comments?post=4180"}],"wp:featuredmedia":[{"embeddable":true,"href":"https:\/\/bibliotecajuridicavirtual.cl\/index.php\/wp-json\/wp\/v2\/media\/4210"}],"wp:attachment":[{"href":"https:\/\/bibliotecajuridicavirtual.cl\/index.php\/wp-json\/wp\/v2\/media?parent=4180"}],"wp:term":[{"taxonomy":"product_brand","embeddable":true,"href":"https:\/\/bibliotecajuridicavirtual.cl\/index.php\/wp-json\/wp\/v2\/product_brand?post=4180"},{"taxonomy":"product_cat","embeddable":true,"href":"https:\/\/bibliotecajuridicavirtual.cl\/index.php\/wp-json\/wp\/v2\/product_cat?post=4180"},{"taxonomy":"product_tag","embeddable":true,"href":"https:\/\/bibliotecajuridicavirtual.cl\/index.php\/wp-json\/wp\/v2\/product_tag?post=4180"}],"curies":[{"name":"wp","href":"https:\/\/api.w.org\/{rel}","templated":true}]}}