{"id":4228,"date":"2026-02-28T01:24:03","date_gmt":"2026-02-28T04:24:03","guid":{"rendered":"https:\/\/bibliotecajuridicavirtual.cl\/?post_type=product&#038;p=4228"},"modified":"2026-02-28T01:24:20","modified_gmt":"2026-02-28T04:24:20","slug":"codigo-de-justicia-militar-vigesima-tercera-edicion-ano-2023-486-pag-autor-equipo-editorial-legalpublishing","status":"publish","type":"product","link":"https:\/\/bibliotecajuridicavirtual.cl\/index.php\/product\/codigo-de-justicia-militar-vigesima-tercera-edicion-ano-2023-486-pag-autor-equipo-editorial-legalpublishing\/","title":{"rendered":"C\u00f3digo de Justicia Militar &#8211; Vig\u00e9sima Tercera Edici\u00f3n. A\u00f1o 2023\/486 P\u00e1g. Autor Equipo Editorial Legalpublishing"},"content":{"rendered":"<p>ACTUALIZACI\u00d3N Y PERFECCIONAMIENTO CONFIABLE, REALIZADA POR EXPERTOS<br \/>\nNuestro equipo editorial lleva d\u00e9cadas realizando este trabajo de actualizaci\u00f3n, con un nivel de excelencia dif\u00edcil de igualar y ampliamente reconocido por los profesionales del derecho.<br \/>\nTodo el valor diferencial de la edici\u00f3n impresa tambi\u00e9n la tienes en su versi\u00f3n digital, a trav\u00e9s de Proview.<br \/>\nFijamos el standard en cuanto a valor agregado, con:<br \/>\n<b>\u2714 Respaldo de un Director<\/b><br \/>\nCada c\u00f3digo cuenta con la supervisi\u00f3n de un abogado destacado en la materia, encargado de revisar anualmente las normas que componen el ap\u00e9ndice, concordancias, t\u00edtulos de art\u00edculos e \u00edndice tem\u00e1tico.<\/p>\n<p><b>\u2714 Ap\u00e9ndice normativo<\/b><br \/>\nCompilaci\u00f3n y sistematizaci\u00f3n de normas complementarias al c\u00f3digo, indispensables para el ejercicio profesional.<\/p>\n<p><b>\u2714 T\u00edtulos en art\u00edculos del c\u00f3digo y del ap\u00e9ndice<\/b><br \/>\nEn cada art\u00edculo del c\u00f3digo y en las normas del ap\u00e9ndice, se presenta una breve descripci\u00f3n de su contenido.<\/p>\n<p><b>\u2714 Concordancias<\/b><br \/>\nMuestra la relaci\u00f3n entre art\u00edculos del mismo c\u00f3digo o con otras normas, cuando tratan sobre materias similares.<\/p>\n<p><b>\u2714 \u00cdndice tem\u00e1tico<\/b><br \/>\nEsta secci\u00f3n, ubicada al final de cada c\u00f3digo, incluye diversos t\u00e9rminos jur\u00eddicos, contenidos en el mismo cuerpo legal, con referencia al n\u00famero del art\u00edculo en que se encuentra tratado el concepto.<\/p>\n<p><b>\u2714 Articulado y ap\u00e9ndice actualizados<\/b><br \/>\nTodos los art\u00edculos est\u00e1n actualizados hasta la fecha de cierre de la edici\u00f3n de este c\u00f3digo.<br \/>\nLas modificaciones han sido incorporadas en los art\u00edculos y el sentido de estas, se explican en detalle en las notas de actualizaci\u00f3n (al pie de p\u00e1gina).<br \/>\nEn los casos de modificaciones que tienen una vigencia diferida, el nuevo texto se incluye en la nota del art\u00edculo correspondiente, de forma tal que el lector pueda contar con la versi\u00f3n actual y con la futura.<\/p>\n<p><b>\u2714 Listado de modificaciones actualizado al 4 de enero de 2023<\/b><br \/>\nEn este listado, se presentan todos los cambios normativos que se han incorporado en este c\u00f3digo, detallando la norma modificatoria, la norma modificada, y los art\u00edculos.<br \/>\nContempla las modificaciones introducidas desde el 1 de febrero del 2002.<\/p>\n","protected":false},"excerpt":{"rendered":"<p>ACTUALIZACI\u00d3N Y PERFECCIONAMIENTO CONFIABLE, REALIZADA POR EXPERTOS Nuestro equipo editorial lleva d\u00e9cadas realizando este trabajo de actualizaci\u00f3n, con un nivel de excelencia dif\u00edcil de igualar y ampliamente reconocido por los profesionales del derecho. Todo el valor diferencial de la edici\u00f3n impresa tambi\u00e9n la tienes en su versi\u00f3n digital, a trav\u00e9s de Proview. Fijamos el standard en cuanto a valor agregado, con: \u2714 Respaldo de un Director Cada c\u00f3digo cuenta con la supervisi\u00f3n de un abogado destacado en la materia, encargado de revisar anualmente las normas que componen el ap\u00e9ndice, concordancias, t\u00edtulos de art\u00edculos e \u00edndice tem\u00e1tico. \u2714 Ap\u00e9ndice normativo Compilaci\u00f3n y sistematizaci\u00f3n de normas complementarias al c\u00f3digo, indispensables para el ejercicio profesional. \u2714 T\u00edtulos en art\u00edculos del c\u00f3digo y del ap\u00e9ndice En cada art\u00edculo del c\u00f3digo y en las normas del ap\u00e9ndice, se presenta una breve descripci\u00f3n de su contenido. \u2714 Concordancias Muestra la relaci\u00f3n entre art\u00edculos del mismo c\u00f3digo o con otras normas, cuando tratan sobre materias similares. \u2714 \u00cdndice tem\u00e1tico Esta secci\u00f3n, ubicada al final de cada c\u00f3digo, incluye diversos t\u00e9rminos jur\u00eddicos, contenidos en el mismo cuerpo legal, con referencia al n\u00famero del art\u00edculo en que se encuentra tratado el concepto. \u2714 Articulado y ap\u00e9ndice actualizados Todos los art\u00edculos est\u00e1n actualizados hasta la fecha de cierre de la edici\u00f3n de este c\u00f3digo. Las modificaciones han sido incorporadas en los art\u00edculos y el sentido de estas, se explican en detalle en las notas de actualizaci\u00f3n (al pie de p\u00e1gina). En los casos de modificaciones que tienen una vigencia diferida, el nuevo texto se incluye en la nota del art\u00edculo correspondiente, de forma tal que el lector pueda contar con la versi\u00f3n actual y con la futura. \u2714 Listado de modificaciones actualizado al 4 de enero de 2023 En este listado, se presentan todos los cambios normativos que se han incorporado en este c\u00f3digo, detallando la norma modificatoria, la norma modificada, y los art\u00edculos. Contempla las modificaciones introducidas desde el 1 de febrero del 2002.<\/p>\n","protected":false},"featured_media":4258,"comment_status":"open","ping_status":"closed","template":"","meta":{"inline_featured_image":false,"_joinchat":[]},"product_brand":[],"product_cat":[61,42],"product_tag":[],"class_list":{"0":"post-4228","1":"product","2":"type-product","3":"status-publish","4":"has-post-thumbnail","6":"product_cat-codigos-de-la-republica-de-chile-ano-2024","7":"product_cat-thomson-reuters","8":"product_shipping_class-a-convenir","10":"first","11":"instock","12":"shipping-taxable","13":"purchasable","14":"product-type-simple"},"_links":{"self":[{"href":"https:\/\/bibliotecajuridicavirtual.cl\/index.php\/wp-json\/wp\/v2\/product\/4228","targetHints":{"allow":["GET"]}}],"collection":[{"href":"https:\/\/bibliotecajuridicavirtual.cl\/index.php\/wp-json\/wp\/v2\/product"}],"about":[{"href":"https:\/\/bibliotecajuridicavirtual.cl\/index.php\/wp-json\/wp\/v2\/types\/product"}],"replies":[{"embeddable":true,"href":"https:\/\/bibliotecajuridicavirtual.cl\/index.php\/wp-json\/wp\/v2\/comments?post=4228"}],"wp:featuredmedia":[{"embeddable":true,"href":"https:\/\/bibliotecajuridicavirtual.cl\/index.php\/wp-json\/wp\/v2\/media\/4258"}],"wp:attachment":[{"href":"https:\/\/bibliotecajuridicavirtual.cl\/index.php\/wp-json\/wp\/v2\/media?parent=4228"}],"wp:term":[{"taxonomy":"product_brand","embeddable":true,"href":"https:\/\/bibliotecajuridicavirtual.cl\/index.php\/wp-json\/wp\/v2\/product_brand?post=4228"},{"taxonomy":"product_cat","embeddable":true,"href":"https:\/\/bibliotecajuridicavirtual.cl\/index.php\/wp-json\/wp\/v2\/product_cat?post=4228"},{"taxonomy":"product_tag","embeddable":true,"href":"https:\/\/bibliotecajuridicavirtual.cl\/index.php\/wp-json\/wp\/v2\/product_tag?post=4228"}],"curies":[{"name":"wp","href":"https:\/\/api.w.org\/{rel}","templated":true}]}}