{"id":4239,"date":"2026-02-28T01:24:04","date_gmt":"2026-02-28T04:24:04","guid":{"rendered":"https:\/\/bibliotecajuridicavirtual.cl\/?post_type=product&#038;p=4239"},"modified":"2026-02-28T01:24:32","modified_gmt":"2026-02-28T04:24:32","slug":"hecho-de-pena-y-proceso-ano-2017-180-pag-autor-jonatan-valenzuela-s","status":"publish","type":"product","link":"https:\/\/bibliotecajuridicavirtual.cl\/index.php\/product\/hecho-de-pena-y-proceso-ano-2017-180-pag-autor-jonatan-valenzuela-s\/","title":{"rendered":"Hecho de Pena y Proceso. A\u00f1o 2017\/180 P\u00e1g. Autor Jonatan Valenzuela S."},"content":{"rendered":"<p>\u201cHechos, pena y proceso\u201d es la primera obra en la que se analizan instituciones del proceso penal con una clara vocaci\u00f3n te\u00f3rica. La teor\u00eda racional de la prueba es el escenario en el cual se despliega el an\u00e1lisis de varias instituciones clave del proceso penal chileno: las reglas de disoluci\u00f3n de incertidumbre, el razonamiento cautelar, la presunci\u00f3n de inocencia, entre otras.<\/p>\n","protected":false},"excerpt":{"rendered":"<p>\u201cHechos, pena y proceso\u201d es la primera obra en la que se analizan instituciones del proceso penal con una clara vocaci\u00f3n te\u00f3rica. La teor\u00eda racional de la prueba es el escenario en el cual se despliega el an\u00e1lisis de varias instituciones clave del proceso penal chileno: las reglas de disoluci\u00f3n de incertidumbre, el razonamiento cautelar, la presunci\u00f3n de inocencia, entre otras.<\/p>\n","protected":false},"featured_media":4291,"comment_status":"open","ping_status":"closed","template":"","meta":{"inline_featured_image":false,"_joinchat":[]},"product_brand":[],"product_cat":[58,30],"product_tag":[],"class_list":{"0":"post-4239","1":"product","2":"type-product","3":"status-publish","4":"has-post-thumbnail","6":"product_cat-editorial-rubicon","7":"product_cat-penal","8":"product_shipping_class-a-convenir","10":"first","11":"instock","12":"shipping-taxable","13":"purchasable","14":"product-type-simple"},"_links":{"self":[{"href":"https:\/\/bibliotecajuridicavirtual.cl\/index.php\/wp-json\/wp\/v2\/product\/4239","targetHints":{"allow":["GET"]}}],"collection":[{"href":"https:\/\/bibliotecajuridicavirtual.cl\/index.php\/wp-json\/wp\/v2\/product"}],"about":[{"href":"https:\/\/bibliotecajuridicavirtual.cl\/index.php\/wp-json\/wp\/v2\/types\/product"}],"replies":[{"embeddable":true,"href":"https:\/\/bibliotecajuridicavirtual.cl\/index.php\/wp-json\/wp\/v2\/comments?post=4239"}],"wp:featuredmedia":[{"embeddable":true,"href":"https:\/\/bibliotecajuridicavirtual.cl\/index.php\/wp-json\/wp\/v2\/media\/4291"}],"wp:attachment":[{"href":"https:\/\/bibliotecajuridicavirtual.cl\/index.php\/wp-json\/wp\/v2\/media?parent=4239"}],"wp:term":[{"taxonomy":"product_brand","embeddable":true,"href":"https:\/\/bibliotecajuridicavirtual.cl\/index.php\/wp-json\/wp\/v2\/product_brand?post=4239"},{"taxonomy":"product_cat","embeddable":true,"href":"https:\/\/bibliotecajuridicavirtual.cl\/index.php\/wp-json\/wp\/v2\/product_cat?post=4239"},{"taxonomy":"product_tag","embeddable":true,"href":"https:\/\/bibliotecajuridicavirtual.cl\/index.php\/wp-json\/wp\/v2\/product_tag?post=4239"}],"curies":[{"name":"wp","href":"https:\/\/api.w.org\/{rel}","templated":true}]}}