{"id":4266,"date":"2026-02-28T01:24:26","date_gmt":"2026-02-28T04:24:26","guid":{"rendered":"https:\/\/bibliotecajuridicavirtual.cl\/?post_type=product&#038;p=4266"},"modified":"2026-02-28T01:24:36","modified_gmt":"2026-02-28T04:24:36","slug":"divorcio-y-responsabilidad-civil-ano-2018-132-pag-autor-mauricio-tapia-r","status":"publish","type":"product","link":"https:\/\/bibliotecajuridicavirtual.cl\/index.php\/product\/divorcio-y-responsabilidad-civil-ano-2018-132-pag-autor-mauricio-tapia-r\/","title":{"rendered":"Divorcio y Responsabilidad Civil. A\u00f1o 2018\/132 P\u00e1g. Autor Mauricio Tapia R."},"content":{"rendered":"<p>La obra efect\u00faa un an\u00e1lisis cr\u00edtico sobre la eventual procedencia de la indemnizaci\u00f3n de perjuicios por el incumplimiento de deberes conyugales que da lugar al divorcio. Para este efecto, examina:<\/p>\n<p><b>I.\u00a0<\/b>Los principios, reglas y sanciones del derecho de las familias, y su comparaci\u00f3n con aquellos que gobiernan el derecho civil patrimonial.<\/p>\n<p><b>II.<\/b>\u00a0La forma en que la jurisprudencia chilena los aplica para declarar improcedente la indemnizaci\u00f3n de perjuicios por el mero incumplimiento de deberes conyugales luego del divorcio, poniendo acento en la m\u00e1s importante sentencia sobre la materia (Corte Suprema, 30 de diciembre de 2014).<\/p>\n<p><b>III.\u00a0<\/b>La opini\u00f3n de la doctrina chilena sobre la posibilidad de demandar indemnizaci\u00f3n de perjuicios con motivo del divorcio.<\/p>\n<p><b>IV.\u00a0<\/b>Una revisi\u00f3n cr\u00edtica de la pretendida aplicabilidad de las reglas de responsabilidad civil extracontractual a la infracci\u00f3n de deberes conyugales que da lugar al divorcio.<\/p>\n<p><b>V.\u00a0<\/b>Finalmente, se efect\u00faa un an\u00e1lisis de esta materia en el derecho franc\u00e9s contempor\u00e1neo, compar\u00e1ndolo con el derecho chileno<\/p>\n","protected":false},"excerpt":{"rendered":"<p>La obra efect\u00faa un an\u00e1lisis cr\u00edtico sobre la eventual procedencia de la indemnizaci\u00f3n de perjuicios por el incumplimiento de deberes conyugales que da lugar al divorcio. Para este efecto, examina: I.\u00a0Los principios, reglas y sanciones del derecho de las familias, y su comparaci\u00f3n con aquellos que gobiernan el derecho civil patrimonial. II.\u00a0La forma en que la jurisprudencia chilena los aplica para declarar improcedente la indemnizaci\u00f3n de perjuicios por el mero incumplimiento de deberes conyugales luego del divorcio, poniendo acento en la m\u00e1s importante sentencia sobre la materia (Corte Suprema, 30 de diciembre de 2014). III.\u00a0La opini\u00f3n de la doctrina chilena sobre la posibilidad de demandar indemnizaci\u00f3n de perjuicios con motivo del divorcio. IV.\u00a0Una revisi\u00f3n cr\u00edtica de la pretendida aplicabilidad de las reglas de responsabilidad civil extracontractual a la infracci\u00f3n de deberes conyugales que da lugar al divorcio. V.\u00a0Finalmente, se efect\u00faa un an\u00e1lisis de esta materia en el derecho franc\u00e9s contempor\u00e1neo, compar\u00e1ndolo con el derecho chileno<\/p>\n","protected":false},"featured_media":4296,"comment_status":"open","ping_status":"closed","template":"","meta":{"inline_featured_image":false,"_joinchat":[]},"product_brand":[],"product_cat":[27,58],"product_tag":[],"class_list":{"0":"post-4266","1":"product","2":"type-product","3":"status-publish","4":"has-post-thumbnail","6":"product_cat-civil","7":"product_cat-editorial-rubicon","8":"product_shipping_class-a-convenir","10":"first","11":"instock","12":"shipping-taxable","13":"purchasable","14":"product-type-simple"},"_links":{"self":[{"href":"https:\/\/bibliotecajuridicavirtual.cl\/index.php\/wp-json\/wp\/v2\/product\/4266","targetHints":{"allow":["GET"]}}],"collection":[{"href":"https:\/\/bibliotecajuridicavirtual.cl\/index.php\/wp-json\/wp\/v2\/product"}],"about":[{"href":"https:\/\/bibliotecajuridicavirtual.cl\/index.php\/wp-json\/wp\/v2\/types\/product"}],"replies":[{"embeddable":true,"href":"https:\/\/bibliotecajuridicavirtual.cl\/index.php\/wp-json\/wp\/v2\/comments?post=4266"}],"wp:featuredmedia":[{"embeddable":true,"href":"https:\/\/bibliotecajuridicavirtual.cl\/index.php\/wp-json\/wp\/v2\/media\/4296"}],"wp:attachment":[{"href":"https:\/\/bibliotecajuridicavirtual.cl\/index.php\/wp-json\/wp\/v2\/media?parent=4266"}],"wp:term":[{"taxonomy":"product_brand","embeddable":true,"href":"https:\/\/bibliotecajuridicavirtual.cl\/index.php\/wp-json\/wp\/v2\/product_brand?post=4266"},{"taxonomy":"product_cat","embeddable":true,"href":"https:\/\/bibliotecajuridicavirtual.cl\/index.php\/wp-json\/wp\/v2\/product_cat?post=4266"},{"taxonomy":"product_tag","embeddable":true,"href":"https:\/\/bibliotecajuridicavirtual.cl\/index.php\/wp-json\/wp\/v2\/product_tag?post=4266"}],"curies":[{"name":"wp","href":"https:\/\/api.w.org\/{rel}","templated":true}]}}