{"id":4272,"date":"2026-02-28T01:24:26","date_gmt":"2026-02-28T04:24:26","guid":{"rendered":"https:\/\/bibliotecajuridicavirtual.cl\/?post_type=product&#038;p=4272"},"modified":"2026-02-28T01:24:41","modified_gmt":"2026-02-28T04:24:41","slug":"el-juez-de-familia-y-sus-facultades-ano-2019-114-pag-autor-carlos-sanchez-grez","status":"publish","type":"product","link":"https:\/\/bibliotecajuridicavirtual.cl\/index.php\/product\/el-juez-de-familia-y-sus-facultades-ano-2019-114-pag-autor-carlos-sanchez-grez\/","title":{"rendered":"El Juez de Familia y sus Facultades. A\u00f1o 2019\/114 P\u00e1g. Autor Carlos S\u00e1nchez Grez"},"content":{"rendered":"<p>El presente trabajo de investigaci\u00f3n busca aportar con conocimientos nuevos al estudio del derecho procesal de familia, analizando la observancia del derecho fundamental al debido proceso en el ejercicio de las facultades de oficio de car\u00e1cter probatorio y cautelar del juez de familia, al identificar las garant\u00edas procesales que estar\u00edan siendo vulneradas por su empleo y los remedios o atenuantes a tales limitaciones.<\/p>\n<p>Teniendo presente que el estudio de las facultades o potestades oficiosas del juez de familia, se ha centrado principalmente en establecer si las de car\u00e1cter probatorio atentan o vulneran el derecho fundamental a un debido proceso, en espec\u00edfico a la garant\u00eda del juez imparcial, y que en cuanto a la potestad cautelar del juez de familia, los trabajos en doctrina se han enfocado en mayor medida en analizar, en t\u00e9rminos sustantivos y procesales, el objeto de esta potestad, que son las medidas cautelares.<\/p>\n","protected":false},"excerpt":{"rendered":"<p>El presente trabajo de investigaci\u00f3n busca aportar con conocimientos nuevos al estudio del derecho procesal de familia, analizando la observancia del derecho fundamental al debido proceso en el ejercicio de las facultades de oficio de car\u00e1cter probatorio y cautelar del juez de familia, al identificar las garant\u00edas procesales que estar\u00edan siendo vulneradas por su empleo y los remedios o atenuantes a tales limitaciones. Teniendo presente que el estudio de las facultades o potestades oficiosas del juez de familia, se ha centrado principalmente en establecer si las de car\u00e1cter probatorio atentan o vulneran el derecho fundamental a un debido proceso, en espec\u00edfico a la garant\u00eda del juez imparcial, y que en cuanto a la potestad cautelar del juez de familia, los trabajos en doctrina se han enfocado en mayor medida en analizar, en t\u00e9rminos sustantivos y procesales, el objeto de esta potestad, que son las medidas cautelares.<\/p>\n","protected":false},"featured_media":4302,"comment_status":"open","ping_status":"closed","template":"","meta":{"inline_featured_image":false,"_joinchat":[]},"product_brand":[],"product_cat":[27,58],"product_tag":[],"class_list":{"0":"post-4272","1":"product","2":"type-product","3":"status-publish","4":"has-post-thumbnail","6":"product_cat-civil","7":"product_cat-editorial-rubicon","8":"product_shipping_class-a-convenir","10":"first","11":"instock","12":"shipping-taxable","13":"purchasable","14":"product-type-simple"},"_links":{"self":[{"href":"https:\/\/bibliotecajuridicavirtual.cl\/index.php\/wp-json\/wp\/v2\/product\/4272","targetHints":{"allow":["GET"]}}],"collection":[{"href":"https:\/\/bibliotecajuridicavirtual.cl\/index.php\/wp-json\/wp\/v2\/product"}],"about":[{"href":"https:\/\/bibliotecajuridicavirtual.cl\/index.php\/wp-json\/wp\/v2\/types\/product"}],"replies":[{"embeddable":true,"href":"https:\/\/bibliotecajuridicavirtual.cl\/index.php\/wp-json\/wp\/v2\/comments?post=4272"}],"wp:featuredmedia":[{"embeddable":true,"href":"https:\/\/bibliotecajuridicavirtual.cl\/index.php\/wp-json\/wp\/v2\/media\/4302"}],"wp:attachment":[{"href":"https:\/\/bibliotecajuridicavirtual.cl\/index.php\/wp-json\/wp\/v2\/media?parent=4272"}],"wp:term":[{"taxonomy":"product_brand","embeddable":true,"href":"https:\/\/bibliotecajuridicavirtual.cl\/index.php\/wp-json\/wp\/v2\/product_brand?post=4272"},{"taxonomy":"product_cat","embeddable":true,"href":"https:\/\/bibliotecajuridicavirtual.cl\/index.php\/wp-json\/wp\/v2\/product_cat?post=4272"},{"taxonomy":"product_tag","embeddable":true,"href":"https:\/\/bibliotecajuridicavirtual.cl\/index.php\/wp-json\/wp\/v2\/product_tag?post=4272"}],"curies":[{"name":"wp","href":"https:\/\/api.w.org\/{rel}","templated":true}]}}