{"id":4275,"date":"2026-02-28T01:24:26","date_gmt":"2026-02-28T04:24:26","guid":{"rendered":"https:\/\/bibliotecajuridicavirtual.cl\/?post_type=product&#038;p=4275"},"modified":"2026-02-28T01:24:44","modified_gmt":"2026-02-28T04:24:44","slug":"divorcio-ano-2019-170-pag-autor-belen-lama-y-cristian-lepin","status":"publish","type":"product","link":"https:\/\/bibliotecajuridicavirtual.cl\/index.php\/product\/divorcio-ano-2019-170-pag-autor-belen-lama-y-cristian-lepin\/","title":{"rendered":"Divorcio. A\u00f1o 2019\/170 P\u00e1g. Autor Bel\u00e9n Lama y Cristi\u00e1n Lepin"},"content":{"rendered":"<p>En este libro realizamos un estudio exeg\u00e9tico, doctrinal y jurisprudencial sobre el divorcio en la legislaci\u00f3n chilena, que integra un novedoso estudio sobre los distintos criterios jurisprudenciales que ha generado la labor de nuestros tribunales superiores de justicia desde la entrada en vigencia de la Nueva Ley de Matrimonio Civil.<br \/>\nPara elaborar este estudio jurisprudencial se revisaron un total de 940 sentencias dictadas por la Corte Suprema de Justicia y por las distintas Cortes de Apelaciones de todo el pa\u00eds, entre el a\u00f1o 2004 y 2018, en donde se lograron determinar 199 doctrinas jurisprudenciales.<br \/>\nEl libro se encuentra dividido en dos partes, la primera parte est\u00e1 dedicada a los aspectos legislativos y dogm\u00e1ticos, para entregar al lector un panorama completo y actualizado de la instituci\u00f3n objeto de estudio; en la segunda parte, se analizan y sistematizan la totalidad de los criterios jurisprudenciales establecidos por nuestros tribunales de justicia.<br \/>\nEstamos convencidos que este trabajo representa un aporte al estudio del Derecho Familiar, en especial, al desarrollo de la instituci\u00f3n matrimonial, permitiendo a los lectores conocer el verdadero derecho, que es el que resulta de la aplicaci\u00f3n de las normas, superando el mero an\u00e1lisis dogm\u00e1tico que tanto abunda en la tradici\u00f3n jur\u00eddica nacional. Esperamos que sirva de herramienta para el trabajo de jueces, abogados, acad\u00e9micos, y estudiantes, y por qu\u00e9 no decirlo, para poder enfrentar el trabajo parlamentario que hace necesaria una modificaci\u00f3n de las normas imperantes, de manera que se ajuste a los nuevos principios que gobiernan la disciplina, siguiendo la tendencia del derecho comparado que respete la libertad de las personas y elimine las barreras que solo sirven para agudizar el conflicto familiar<\/p>\n","protected":false},"excerpt":{"rendered":"<p>En este libro realizamos un estudio exeg\u00e9tico, doctrinal y jurisprudencial sobre el divorcio en la legislaci\u00f3n chilena, que integra un novedoso estudio sobre los distintos criterios jurisprudenciales que ha generado la labor de nuestros tribunales superiores de justicia desde la entrada en vigencia de la Nueva Ley de Matrimonio Civil. Para elaborar este estudio jurisprudencial se revisaron un total de 940 sentencias dictadas por la Corte Suprema de Justicia y por las distintas Cortes de Apelaciones de todo el pa\u00eds, entre el a\u00f1o 2004 y 2018, en donde se lograron determinar 199 doctrinas jurisprudenciales. El libro se encuentra dividido en dos partes, la primera parte est\u00e1 dedicada a los aspectos legislativos y dogm\u00e1ticos, para entregar al lector un panorama completo y actualizado de la instituci\u00f3n objeto de estudio; en la segunda parte, se analizan y sistematizan la totalidad de los criterios jurisprudenciales establecidos por nuestros tribunales de justicia. Estamos convencidos que este trabajo representa un aporte al estudio del Derecho Familiar, en especial, al desarrollo de la instituci\u00f3n matrimonial, permitiendo a los lectores conocer el verdadero derecho, que es el que resulta de la aplicaci\u00f3n de las normas, superando el mero an\u00e1lisis dogm\u00e1tico que tanto abunda en la tradici\u00f3n jur\u00eddica nacional. Esperamos que sirva de herramienta para el trabajo de jueces, abogados, acad\u00e9micos, y estudiantes, y por qu\u00e9 no decirlo, para poder enfrentar el trabajo parlamentario que hace necesaria una modificaci\u00f3n de las normas imperantes, de manera que se ajuste a los nuevos principios que gobiernan la disciplina, siguiendo la tendencia del derecho comparado que respete la libertad de las personas y elimine las barreras que solo sirven para agudizar el conflicto familiar<\/p>\n","protected":false},"featured_media":4305,"comment_status":"open","ping_status":"closed","template":"","meta":{"inline_featured_image":false,"_joinchat":[]},"product_brand":[],"product_cat":[27,58],"product_tag":[],"class_list":{"0":"post-4275","1":"product","2":"type-product","3":"status-publish","4":"has-post-thumbnail","6":"product_cat-civil","7":"product_cat-editorial-rubicon","8":"product_shipping_class-a-convenir","10":"first","11":"instock","12":"shipping-taxable","13":"purchasable","14":"product-type-simple"},"_links":{"self":[{"href":"https:\/\/bibliotecajuridicavirtual.cl\/index.php\/wp-json\/wp\/v2\/product\/4275","targetHints":{"allow":["GET"]}}],"collection":[{"href":"https:\/\/bibliotecajuridicavirtual.cl\/index.php\/wp-json\/wp\/v2\/product"}],"about":[{"href":"https:\/\/bibliotecajuridicavirtual.cl\/index.php\/wp-json\/wp\/v2\/types\/product"}],"replies":[{"embeddable":true,"href":"https:\/\/bibliotecajuridicavirtual.cl\/index.php\/wp-json\/wp\/v2\/comments?post=4275"}],"wp:featuredmedia":[{"embeddable":true,"href":"https:\/\/bibliotecajuridicavirtual.cl\/index.php\/wp-json\/wp\/v2\/media\/4305"}],"wp:attachment":[{"href":"https:\/\/bibliotecajuridicavirtual.cl\/index.php\/wp-json\/wp\/v2\/media?parent=4275"}],"wp:term":[{"taxonomy":"product_brand","embeddable":true,"href":"https:\/\/bibliotecajuridicavirtual.cl\/index.php\/wp-json\/wp\/v2\/product_brand?post=4275"},{"taxonomy":"product_cat","embeddable":true,"href":"https:\/\/bibliotecajuridicavirtual.cl\/index.php\/wp-json\/wp\/v2\/product_cat?post=4275"},{"taxonomy":"product_tag","embeddable":true,"href":"https:\/\/bibliotecajuridicavirtual.cl\/index.php\/wp-json\/wp\/v2\/product_tag?post=4275"}],"curies":[{"name":"wp","href":"https:\/\/api.w.org\/{rel}","templated":true}]}}