{"id":4276,"date":"2026-02-28T01:24:26","date_gmt":"2026-02-28T04:24:26","guid":{"rendered":"https:\/\/bibliotecajuridicavirtual.cl\/?post_type=product&#038;p=4276"},"modified":"2026-02-28T01:24:45","modified_gmt":"2026-02-28T04:24:45","slug":"ficciones-juridicas-ano-2019-606-pag-autor-emilia-jocelyn-holt","status":"publish","type":"product","link":"https:\/\/bibliotecajuridicavirtual.cl\/index.php\/product\/ficciones-juridicas-ano-2019-606-pag-autor-emilia-jocelyn-holt\/","title":{"rendered":"Ficciones Jur\u00eddicas. A\u00f1o  2019\/606 P\u00e1g. Autor Emilia Jocelyn-Holt"},"content":{"rendered":"<p>Ficciones jur\u00eddicas es el primer libro que muestra el estado del Derecho y Literatura en Chile, tanto en su relaci\u00f3n de derecho en la literatura y derecho como literatura, disciplina que se ha desarrollado exitosamente en la academia legal norteamericana, pero cuyos temas se remontan a las grandes piezas del canon literario occidental, como Ant\u00edgona, El mercader de Venecia, Michael Kohlhaas, Billy Budd o El proceso.<\/p>\n<p>En Ficciones jur\u00eddicas, treinta autores chilenos, vinculados en su mayor parte a la ense\u00f1anza del Derecho o al ejercicio de la profesi\u00f3n de abogado, ofrecen un ampl\u00edsimo mural jur\u00eddico y literario, que va desde el derecho en el relato del g\u00e9nesis hasta en la po\u00e9tica feminista actual, pasando por cl\u00e1sicos como los hermanos Grimm, Fedor Dostoievski, Charles Dickens o Heinrich von Kleist, adem\u00e1s de reflexionar sobre las compatibilidades y diferencias entre el fen\u00f3meno jur\u00eddico y el literario. Una lectura apasionante, de proporciones ampl\u00edsimas, obligatoria para abogados.<\/p>\n","protected":false},"excerpt":{"rendered":"<p>Ficciones jur\u00eddicas es el primer libro que muestra el estado del Derecho y Literatura en Chile, tanto en su relaci\u00f3n de derecho en la literatura y derecho como literatura, disciplina que se ha desarrollado exitosamente en la academia legal norteamericana, pero cuyos temas se remontan a las grandes piezas del canon literario occidental, como Ant\u00edgona, El mercader de Venecia, Michael Kohlhaas, Billy Budd o El proceso. En Ficciones jur\u00eddicas, treinta autores chilenos, vinculados en su mayor parte a la ense\u00f1anza del Derecho o al ejercicio de la profesi\u00f3n de abogado, ofrecen un ampl\u00edsimo mural jur\u00eddico y literario, que va desde el derecho en el relato del g\u00e9nesis hasta en la po\u00e9tica feminista actual, pasando por cl\u00e1sicos como los hermanos Grimm, Fedor Dostoievski, Charles Dickens o Heinrich von Kleist, adem\u00e1s de reflexionar sobre las compatibilidades y diferencias entre el fen\u00f3meno jur\u00eddico y el literario. Una lectura apasionante, de proporciones ampl\u00edsimas, obligatoria para abogados.<\/p>\n","protected":false},"featured_media":4306,"comment_status":"open","ping_status":"closed","template":"","meta":{"inline_featured_image":false,"_joinchat":[]},"product_brand":[],"product_cat":[27,58],"product_tag":[],"class_list":{"0":"post-4276","1":"product","2":"type-product","3":"status-publish","4":"has-post-thumbnail","6":"product_cat-civil","7":"product_cat-editorial-rubicon","8":"product_shipping_class-a-convenir","10":"first","11":"instock","12":"shipping-taxable","13":"purchasable","14":"product-type-simple"},"_links":{"self":[{"href":"https:\/\/bibliotecajuridicavirtual.cl\/index.php\/wp-json\/wp\/v2\/product\/4276","targetHints":{"allow":["GET"]}}],"collection":[{"href":"https:\/\/bibliotecajuridicavirtual.cl\/index.php\/wp-json\/wp\/v2\/product"}],"about":[{"href":"https:\/\/bibliotecajuridicavirtual.cl\/index.php\/wp-json\/wp\/v2\/types\/product"}],"replies":[{"embeddable":true,"href":"https:\/\/bibliotecajuridicavirtual.cl\/index.php\/wp-json\/wp\/v2\/comments?post=4276"}],"wp:featuredmedia":[{"embeddable":true,"href":"https:\/\/bibliotecajuridicavirtual.cl\/index.php\/wp-json\/wp\/v2\/media\/4306"}],"wp:attachment":[{"href":"https:\/\/bibliotecajuridicavirtual.cl\/index.php\/wp-json\/wp\/v2\/media?parent=4276"}],"wp:term":[{"taxonomy":"product_brand","embeddable":true,"href":"https:\/\/bibliotecajuridicavirtual.cl\/index.php\/wp-json\/wp\/v2\/product_brand?post=4276"},{"taxonomy":"product_cat","embeddable":true,"href":"https:\/\/bibliotecajuridicavirtual.cl\/index.php\/wp-json\/wp\/v2\/product_cat?post=4276"},{"taxonomy":"product_tag","embeddable":true,"href":"https:\/\/bibliotecajuridicavirtual.cl\/index.php\/wp-json\/wp\/v2\/product_tag?post=4276"}],"curies":[{"name":"wp","href":"https:\/\/api.w.org\/{rel}","templated":true}]}}