{"id":4319,"date":"2026-02-28T01:24:49","date_gmt":"2026-02-28T04:24:49","guid":{"rendered":"https:\/\/bibliotecajuridicavirtual.cl\/?post_type=product&#038;p=4319"},"modified":"2026-02-28T01:25:04","modified_gmt":"2026-02-28T04:25:04","slug":"manual-de-derecho-procesal-civil-el-juicio-ordinario-de-mayor-cuantia-ano-2023-730-pag-autor-rene-luis-nunez-avila","status":"publish","type":"product","link":"https:\/\/bibliotecajuridicavirtual.cl\/index.php\/product\/manual-de-derecho-procesal-civil-el-juicio-ordinario-de-mayor-cuantia-ano-2023-730-pag-autor-rene-luis-nunez-avila\/","title":{"rendered":"Manual de Derecho Procesal Civil- El Juicio Ordinario de Mayor cuant\u00eda. A\u00f1o 2023\/730 P\u00e1g. Autor Ren\u00e9 Luis N\u00fa\u00f1ez \u00c1vila"},"content":{"rendered":"<p style=\"font-weight: 400;\">En esta obra se aborda el desarrollo completo del juicio ordinario de mayor cuant\u00eda bajo un nuevo paradigma, m\u00e1s estrat\u00e9gico, moderno y pr\u00e1ctico (con primac\u00eda de la realidad), incorporando doctrina y jurisprudencia relevantes.<\/p>\n<p style=\"font-weight: 400;\">La visi\u00f3n que el autor estampa en este trabajo es la de realizar un giro en el tratamiento y ense\u00f1anza del Derecho Procesal, incorporando en su estudio las distintas reformas procesales de los \u00faltimos veinte a\u00f1os, y dando especial importancia a la teor\u00eda de los derechos fundamentales, el control de convencionalidad, el principio pro homine, la teor\u00eda de juegos, el an\u00e1lisis econ\u00f3mico del Derecho, entre otros temas.<\/p>\n<p style=\"font-weight: 400;\">La obra expone una visi\u00f3n estrat\u00e9gica del juicio ordinario, en sus distintas etapas de discusi\u00f3n, prueba, sentencia, recursos, el rol estrat\u00e9gico del Tribunal Constitucional y la ejecuci\u00f3n, analizando la teor\u00eda del conflicto, los ADR (alternative dispute resolution o resoluci\u00f3n alternativa de disputas), el an\u00e1lisis FODA, la aplicaci\u00f3n del \u201cScott Schedule\u201d o Lista Scott. Estudia el rol estrat\u00e9gico de los tribunales en la etapa de conciliaci\u00f3n y fallo, los medios de prueba, la motivaci\u00f3n de la sentencia, la segunda instancia, la casaci\u00f3n, el requerimiento de inaplicabilidad por inconstitucionalidad y, finalmente, la etapa de cumplimiento del fallo.<\/p>\n<p style=\"font-weight: 400;\">No existe a la fecha otra publicaci\u00f3n con similares caracter\u00edsticas, ya que las facultades de Derecho del pa\u00eds ense\u00f1an la materia de manera fraccionada y no como en la realidad se desarrolla un juicio.<\/p>\n<p style=\"font-weight: 400;\"><b><strong>Para revisar su \u00edndice completo, descargue el siguiente archivo:\u00a0<\/strong><\/b><a href=\"https:\/\/libromar.cl\/index.php?controller=attachment&amp;id_attachment=10\">MANUAL DE DERECHO PROCESAL CIVIL<\/a><\/p>\n<p style=\"font-weight: 400;\"><b><strong>INTRODUCCI\u00d3N<\/strong><\/b><\/p>\n<ol>\n<li style=\"font-weight: 400;\">El cambio de paradigma<br \/>\n2. origen del libro<br \/>\n3. Derecho procesal din\u00e1mico<br \/>\n4. La teor\u00eda de juegos y el an\u00e1lisis econ\u00f3mico en los juicios<br \/>\n5. La retardada nueva justicia civil<br \/>\n6. El abogado del ma\u00f1ana<\/li>\n<\/ol>\n<p style=\"font-weight: 400;\"><b><strong>CAP\u00cdTULO I<\/strong><\/b><br \/>\n<b><strong>BASES DEL NUEVO PROCESO CIVIL. LA TEOR\u00cdA DE LOS DERECHOS FUNDAMENTALES. CONTROL DE CONVENCIONALIDAD Y EL PRINCIPIO \u201cFAVOR PERSONA O PRO HOMINE\u201d. PRINCIPIO \u201cPRO ACTIONE\u201d<\/strong><\/b><\/p>\n<ol>\n<li style=\"font-weight: 400;\">Bases del nuevo proceso civil. la teor\u00eda de los derechos fundamentales<br \/>\n2. El control de convencionalidad<br \/>\n3. Principio favor persona o \u201cpro homine\u201d. principio \u201cpro actione\u201d<\/li>\n<\/ol>\n<p style=\"font-weight: 400;\"><b><strong>CAP\u00cdTULO II<\/strong><\/b><br \/>\n<b><strong>LA TEOR\u00cdA DEL CONFLICTO, LA TEOR\u00cdA DE JUEGOS, EL AN\u00c1LISIS ECON\u00d3MICO DEL DERECHO EN EL DERECHO PROCESAL. LA NEGOCIACI\u00d3N. \u201cMULTI-TIERED DISPUTE RESOLUTION CLAUSES\u201d Y LOS \u201cDISPUTE BOARDS\u201d. CR\u00cdTICAS AL \u201cPRETRIAL\u201d<\/strong><\/b><\/p>\n<ol>\n<li style=\"font-weight: 400;\">La teor\u00eda del conflicto. nace el conflicto jur\u00eddico<br \/>\n2. La teor\u00eda de juegos<br \/>\n3. Factores que inciden en la decisi\u00f3n de iniciar un juicio<br \/>\n4. El \u201cAn\u00e1lisis SWOT\u201d, FODA o DOFA<br \/>\n5. El an\u00e1lisis econ\u00f3mico del derecho en el derecho procesal<br \/>\n6. la negociaci\u00f3n<br \/>\n7. Lista scott o \u201cscott schedule\u201d<br \/>\n8. \u201cMulti-tiered dispute resolution clauses\u201d y los \u201cdispute boards\u201d<br \/>\n9. Cr\u00edticas al \u201cpretrial\u201d<\/li>\n<\/ol>\n<p style=\"font-weight: 400;\"><b><strong>CAP\u00cdTULO III<\/strong><\/b><br \/>\n<b><strong>IMPORTANCIA Y VISI\u00d3N ESTRAT\u00c9GICA DEL JUICIO ORDINARIO DE MAYOR CUANT\u00cdA<\/strong><\/b><\/p>\n<ol>\n<li style=\"font-weight: 400;\">La estructura del procedimiento<br \/>\n2. La conversi\u00f3n de procedimiento o sustituci\u00f3n del procedimiento<br \/>\n3. Las fases del juicio ordinario<br \/>\n4. La ley N\u00ba 21.394, que \u201cintroduce reformas al sistema de justicia para enfrentar la situaci\u00f3n luego del estado de excepci\u00f3n constitucional de cat\u00e1strofe por calamidad p\u00fablica\u201d<br \/>\n5. La presi\u00f3n de implementar f\u00e1cticamente los principios y las instituciones de la reforma procesal civil<br \/>\n6. Los poderes y deberes del juez en la conducci\u00f3n del proceso<\/li>\n<\/ol>\n<p style=\"font-weight: 400;\"><b><strong>CAP\u00cdTULO IV<\/strong><\/b><br \/>\n<b><strong>LA ETAPA DE DISCUSI\u00d3N O DE ALEGACIONES. VISI\u00d3N ESTRAT\u00c9GICA DE LA DEMANDA Y DE LA DEFENSA<\/strong><\/b><\/p>\n<ol>\n<li style=\"font-weight: 400;\">La demanda como la manifestaci\u00f3n m\u00e1s evidente de la necesidad de b\u00fasqueda de tutela efectiva de los ciudadanos<br \/>\n2. Sobre la demanda<\/li>\n<li style=\"font-weight: 400;\">La ley de tramitaci\u00f3n electr\u00f3nica<br \/>\n4. \u201cIura novit curia\u201d<br \/>\n5. Pluralidad de pretensiones<br \/>\n6. La legitimaci\u00f3n procesal<br \/>\n7. Posibilidades de modificaci\u00f3n o transformaci\u00f3n de la demanda<br \/>\n8. No existe el poder del juez para rechazar \u201cin limine\u201d la demanda<br \/>\n9. Resoluci\u00f3n que da curso a la demanda<br \/>\n10. Documentos fundantes<br \/>\n11. Buscando el discovery \u201ca la chilena\u201d<br \/>\n12. Forma de acompa\u00f1ar los documentos electr\u00f3nicos<br \/>\n13. El emplazamiento<br \/>\n14. Visi\u00f3n estrat\u00e9gica de la defensa.<br \/>\n15. Introducci\u00f3n<br \/>\n16. El demandado que no hace nada. La incomparecencia del demandado y un cambio de paradigma. La \u201cficta confessio\u201d<br \/>\n17. El demandado no contradice los hechos (parte no controvertida de la demanda)<br \/>\n18. El allanamiento<br \/>\n19. La petici\u00f3n conjunta de que se falle el pleito sin m\u00e1s tr\u00e1mite<br \/>\n20. Hay oposici\u00f3n: defenderse<br \/>\n21. Excepciones dilatorias<br \/>\n22. Contestaci\u00f3n de la demanda<br \/>\n23. La demanda reconvencional (la demanda del demandado)<br \/>\n24. Los escritos de r\u00e9plica y d\u00faplica<\/li>\n<\/ol>\n<p style=\"font-weight: 400;\"><b><strong>CAP\u00cdTULO V<br \/>\nROL ESTRAT\u00c9GICO DEL TRIBUNAL EN LA ETAPA DE CONCILIACI\u00d3N. PROPUESTA PARA UN CAMBIO DE PARADIGMA<\/strong><\/b><\/p>\n<p style=\"font-weight: 400;\"><b><strong>CAP\u00cdTULO VI<\/strong><\/b><br \/>\n<b><strong>LA ETAPA DE PRUEBA<\/strong><\/b><\/p>\n<ol>\n<li style=\"font-weight: 400;\">La teor\u00eda general de la prueba<br \/>\n2. Sobre la protodisciplina del derecho probatorio<br \/>\n3. Concepto de la prueba procesal o prueba judicial<br \/>\n4. Concepto de \u201cverdad\u201d en relaci\u00f3n con la prueba<br \/>\n5. Derecho a la prueba<br \/>\n6. Finalidad de la prueba<br \/>\n7. El objeto de la prueba<br \/>\n8. La prueba del derecho<br \/>\n9. Los hechos que requieren prueba<br \/>\n10. Los hechos que no requieren de prueba<br \/>\n11. Pruebas obtenidas con infracci\u00f3n a las garant\u00edas fundamentales. la prueba il\u00edcita<br \/>\n12. La teor\u00eda del fruto del \u00e1rbol envenenado<br \/>\n13. La carga de la prueba, la valoraci\u00f3n de la prueba, los est\u00e1ndares de prueba y la motivaci\u00f3n de la sentencia<br \/>\n14. Procedimiento probatorio<br \/>\n15. Los hechos que requieren prueba<br \/>\n16. \u201cThema decidendum\u201d (el asunto a decidir) y \u201cthema probandum\u201d (el asunto a probar)<br \/>\n17. Inicio del t\u00e9rmino probatorio<br \/>\n18. Sobre los medios de prueba en particular<br \/>\n19. La prueba instrumental<br \/>\n20. Sobre el instrumento p\u00fablico<br \/>\n21. El delito de simulaci\u00f3n y otras figuras penales<br \/>\n22. V\u00edas de impugnaci\u00f3n<br \/>\n23. Sobre el instrumento privado<br \/>\n24. Modernos instrumentos privados<br \/>\n25. El reconocimiento e impugnaci\u00f3n de instrumentos privados<br \/>\n26. Iniciativa de la prueba instrumental<br \/>\n27. La frustraci\u00f3n y la reticencia a la prueba<br \/>\n28. Oportunidad para rendir la prueba instrumental<br \/>\n29. Forma de acompa\u00f1ar los instrumentos al juicio<br \/>\n30. La audiencia de percepci\u00f3n documental<br \/>\n31. Audiencia de percepci\u00f3n en segunda instancia<br \/>\n32. Valor probatorio de los instrumentos<br \/>\n33. Leyes reguladoras de la prueba<br \/>\n34. El valor probatorio de los documentos electr\u00f3nicos seg\u00fan la ley N\u00ba 19.799<br \/>\n35. Sistemas de microcopia o micrograbaci\u00f3n de documentos<br \/>\n36. La interpretaci\u00f3n de documentos no impugnados. la semi\u00f3tica textual<br \/>\n37. El informe de peritos<br \/>\n38. La buena ciencia. \u201cCaso Daubert\u201d<br \/>\n39. Los cuatro tipos o especies de peritajes seg\u00fan Melvin Lewis<br \/>\n40. Peritos de confianza de parte<br \/>\n41. \u201cAmicus curiae\u201d o amigo del tribunal<br \/>\n42. Caracter\u00edsticas de la prueba pericial<br \/>\n43. Procedimiento para el nombramiento de peritos<br \/>\n44. Los costos del peritaje y sanci\u00f3n procesal<br \/>\n45. Requisitos especiales para ser nombrado perito<br \/>\n46. Nuevas normas sobre nombramiento de peritos por parte del tribunal. Perito de confianza del tribunal<br \/>\n47. Posibles delitos cometidos por los peritos (aplicable tambi\u00e9n a testigos)<br \/>\n48. El procedimiento del peritaje<br \/>\n49. Falta de norma que regule c\u00f3mo se incorpora el informe de peritos al expediente y propuesta de audiencia especial<br \/>\n50. Careo de peritos o discusiones entre expertos<br \/>\n51. Valor probatorio<br \/>\n52. La inspecci\u00f3n personal del tribunal<br \/>\n53. La prueba testimonial<br \/>\n53.1. Concepto<br \/>\n54. La prueba confesional<br \/>\n55. De los procedimientos posteriores a la prueba<\/li>\n<\/ol>\n<p style=\"font-weight: 400;\"><b><strong>CAP\u00cdTULO VII<\/strong><\/b><br \/>\n<b><strong>ROL ESTRAT\u00c9GICO DEL TRIBUNAL EN LA ETAPA DE FALLO. EL GRAN DESAF\u00cdO DE LA CORRECTA MOTIVACI\u00d3N DE LA SENTENCIA DEFINITIVA DE PRIMERA INSTANCIA<\/strong><\/b><\/p>\n<ol>\n<li style=\"font-weight: 400;\">La etapa de sentencia<br \/>\n2. Medidas para mejor resolver<br \/>\n3. La sentencia definitiva de primera instancia<\/li>\n<\/ol>\n<p style=\"font-weight: 400;\"><b><strong>CAP\u00cdTULO VIII<\/strong><\/b><br \/>\n<b><strong>RECURSOS PROCESALES CONTRA LA SENTENCIA DEFINITIVA DE PRIMERA INSTANCIA<\/strong><\/b><\/p>\n<ol>\n<li style=\"font-weight: 400;\">El desasimiento del tribunal<br \/>\n2. La teor\u00eda de juegos en la utilizaci\u00f3n de los recursos procesales disponibles<br \/>\n3. Recurso de aclaraci\u00f3n, interpretaci\u00f3n, de rectificaci\u00f3n o enmienda (aire)<br \/>\n4. Recurso de apelaci\u00f3n<br \/>\n5. Recurso de casaci\u00f3n en la forma<\/li>\n<\/ol>\n<p style=\"font-weight: 400;\"><b><strong>CAP\u00cdTULO IX<\/strong><\/b><br \/>\n<b><strong>RECURSOS PROCESALES CONTRA LA SENTENCIA DEFINITIVA DE SEGUNDA INSTANCIA<\/strong><\/b><\/p>\n<ol>\n<li style=\"font-weight: 400;\">La teor\u00eda de juegos en la utilizaci\u00f3n de los recursos procesales disponibles<br \/>\n2. El Recurso de casaci\u00f3n en el fondo<\/li>\n<\/ol>\n<p style=\"font-weight: 400;\"><b><strong>CAP\u00cdTULO X<\/strong><\/b><br \/>\n<b><strong>ROL ESTRAT\u00c9GICO DEL TRIBUNAL CONSTITUCIONAL<\/strong><\/b><\/p>\n<ol>\n<li style=\"font-weight: 400;\">La acci\u00f3n de inaplicabilidad por inconstitucionalidad ante el Tribunal Constitucional<\/li>\n<\/ol>\n<p style=\"font-weight: 400;\"><b><strong>CAP\u00cdTULO XI<\/strong><\/b><br \/>\n<b><strong>EL CUMPLIMIENTO DE LA SENTENCIA DEFINITIVA QIE CAUSA EJECUTORIA Y DE LA SENTENCIA DEFINITIVA FIRME O EJECUTORIADA DICTADA POR TRIBUNALES CHILENOS<\/strong><\/b><\/p>\n<ol>\n<li style=\"font-weight: 400;\">Generalidades<br \/>\n2. La teor\u00eda de los juegos en la utilizaci\u00f3n de los recursos procesales disponibles<br \/>\n3. Sobre el cumplimiento incidental de la sentencia<br \/>\n4. Procedimientos ejecutivos supletorios<\/li>\n<\/ol>\n","protected":false},"excerpt":{"rendered":"<p>En esta obra se aborda el desarrollo completo del juicio ordinario de mayor cuant\u00eda bajo un nuevo paradigma, m\u00e1s estrat\u00e9gico, moderno y pr\u00e1ctico (con primac\u00eda de la realidad), incorporando doctrina y jurisprudencia relevantes. La visi\u00f3n que el autor estampa en este trabajo es la de realizar un giro en el tratamiento y ense\u00f1anza del Derecho Procesal, incorporando en su estudio las distintas reformas procesales de los \u00faltimos veinte a\u00f1os, y dando especial importancia a la teor\u00eda de los derechos fundamentales, el control de convencionalidad, el principio pro homine, la teor\u00eda de juegos, el an\u00e1lisis econ\u00f3mico del Derecho, entre otros temas. La obra expone una visi\u00f3n estrat\u00e9gica del juicio ordinario, en sus distintas etapas de discusi\u00f3n, prueba, sentencia, recursos, el rol estrat\u00e9gico del Tribunal Constitucional y la ejecuci\u00f3n, analizando la teor\u00eda del conflicto, los ADR (alternative dispute resolution o resoluci\u00f3n alternativa de disputas), el an\u00e1lisis FODA, la aplicaci\u00f3n del \u201cScott Schedule\u201d o Lista Scott. Estudia el rol estrat\u00e9gico de los tribunales en la etapa de conciliaci\u00f3n y fallo, los medios de prueba, la motivaci\u00f3n de la sentencia, la segunda instancia, la casaci\u00f3n, el requerimiento de inaplicabilidad por inconstitucionalidad y, finalmente, la etapa de cumplimiento del fallo. No existe a la fecha otra publicaci\u00f3n con similares caracter\u00edsticas, ya que las facultades de Derecho del pa\u00eds ense\u00f1an la materia de manera fraccionada y no como en la realidad se desarrolla un juicio. Para revisar su \u00edndice completo, descargue el siguiente archivo:\u00a0MANUAL DE DERECHO PROCESAL CIVIL INTRODUCCI\u00d3N El cambio de paradigma 2. origen del libro 3. Derecho procesal din\u00e1mico 4. La teor\u00eda de juegos y el an\u00e1lisis econ\u00f3mico en los juicios 5. La retardada nueva justicia civil 6. El abogado del ma\u00f1ana CAP\u00cdTULO I BASES DEL NUEVO PROCESO CIVIL. LA TEOR\u00cdA DE LOS DERECHOS FUNDAMENTALES. CONTROL DE CONVENCIONALIDAD Y EL PRINCIPIO \u201cFAVOR PERSONA O PRO HOMINE\u201d. PRINCIPIO \u201cPRO ACTIONE\u201d Bases del nuevo proceso civil. la teor\u00eda de los derechos fundamentales 2. El control de convencionalidad 3. Principio favor persona o \u201cpro homine\u201d. principio \u201cpro actione\u201d CAP\u00cdTULO II LA TEOR\u00cdA DEL CONFLICTO, LA TEOR\u00cdA DE JUEGOS, EL AN\u00c1LISIS ECON\u00d3MICO DEL DERECHO EN EL DERECHO PROCESAL. LA NEGOCIACI\u00d3N. \u201cMULTI-TIERED DISPUTE RESOLUTION CLAUSES\u201d Y LOS \u201cDISPUTE BOARDS\u201d. CR\u00cdTICAS AL \u201cPRETRIAL\u201d La teor\u00eda del conflicto. nace el conflicto jur\u00eddico 2. La teor\u00eda de juegos 3. Factores que inciden en la decisi\u00f3n de iniciar un juicio 4. El \u201cAn\u00e1lisis SWOT\u201d, FODA o DOFA 5. El an\u00e1lisis econ\u00f3mico del derecho en el derecho procesal 6. la negociaci\u00f3n 7. Lista scott o \u201cscott schedule\u201d 8. \u201cMulti-tiered dispute resolution clauses\u201d y los \u201cdispute boards\u201d 9. Cr\u00edticas al \u201cpretrial\u201d CAP\u00cdTULO III IMPORTANCIA Y VISI\u00d3N ESTRAT\u00c9GICA DEL JUICIO ORDINARIO DE MAYOR CUANT\u00cdA La estructura del procedimiento 2. La conversi\u00f3n de procedimiento o sustituci\u00f3n del procedimiento 3. Las fases del juicio ordinario 4. La ley N\u00ba 21.394, que \u201cintroduce reformas al sistema de justicia para enfrentar la situaci\u00f3n luego del estado de excepci\u00f3n constitucional de cat\u00e1strofe por calamidad p\u00fablica\u201d 5. La presi\u00f3n de implementar f\u00e1cticamente los principios y las instituciones de la reforma procesal civil 6. Los poderes y deberes del juez en la conducci\u00f3n del proceso CAP\u00cdTULO IV LA ETAPA DE DISCUSI\u00d3N O DE ALEGACIONES. VISI\u00d3N ESTRAT\u00c9GICA DE LA DEMANDA Y DE LA DEFENSA La demanda como la manifestaci\u00f3n m\u00e1s evidente de la necesidad de b\u00fasqueda de tutela efectiva de los ciudadanos 2. Sobre la demanda La ley de tramitaci\u00f3n electr\u00f3nica 4. \u201cIura novit curia\u201d 5. Pluralidad de pretensiones 6. La legitimaci\u00f3n procesal 7. Posibilidades de modificaci\u00f3n o transformaci\u00f3n de la demanda 8. No existe el poder del juez para rechazar \u201cin limine\u201d la demanda 9. Resoluci\u00f3n que da curso a la demanda 10. Documentos fundantes 11. Buscando el discovery \u201ca la chilena\u201d 12. Forma de acompa\u00f1ar los documentos electr\u00f3nicos 13. El emplazamiento 14. Visi\u00f3n estrat\u00e9gica de la defensa. 15. Introducci\u00f3n 16. El demandado que no hace nada. La incomparecencia del demandado y un cambio de paradigma. La \u201cficta confessio\u201d 17. El demandado no contradice los hechos (parte no controvertida de la demanda) 18. El allanamiento 19. La petici\u00f3n conjunta de que se falle el pleito sin m\u00e1s tr\u00e1mite 20. Hay oposici\u00f3n: defenderse 21. Excepciones dilatorias 22. Contestaci\u00f3n de la demanda 23. La demanda reconvencional (la demanda del demandado) 24. Los escritos de r\u00e9plica y d\u00faplica CAP\u00cdTULO V ROL ESTRAT\u00c9GICO DEL TRIBUNAL EN LA ETAPA DE CONCILIACI\u00d3N. PROPUESTA PARA UN CAMBIO DE PARADIGMA CAP\u00cdTULO VI LA ETAPA DE PRUEBA La teor\u00eda general de la prueba 2. Sobre la protodisciplina del derecho probatorio 3. Concepto de la prueba procesal o prueba judicial 4. Concepto de \u201cverdad\u201d en relaci\u00f3n con la prueba 5. Derecho a la prueba 6. Finalidad de la prueba 7. El objeto de la prueba 8. La prueba del derecho 9. Los hechos que requieren prueba 10. Los hechos que no requieren de prueba 11. Pruebas obtenidas con infracci\u00f3n a las garant\u00edas fundamentales. la prueba il\u00edcita 12. La teor\u00eda del fruto del \u00e1rbol envenenado 13. La carga de la prueba, la valoraci\u00f3n de la prueba, los est\u00e1ndares de prueba y la motivaci\u00f3n de la sentencia 14. Procedimiento probatorio 15. Los hechos que requieren prueba 16. \u201cThema decidendum\u201d (el asunto a decidir) y \u201cthema probandum\u201d (el asunto a probar) 17. Inicio del t\u00e9rmino probatorio 18. Sobre los medios de prueba en particular 19. La prueba instrumental 20. Sobre el instrumento p\u00fablico 21. El delito de simulaci\u00f3n y otras figuras penales 22. V\u00edas de impugnaci\u00f3n 23. Sobre el instrumento privado 24. Modernos instrumentos privados 25. El reconocimiento e impugnaci\u00f3n de instrumentos privados 26. Iniciativa de la prueba instrumental 27. La frustraci\u00f3n y la reticencia a la prueba 28. Oportunidad para rendir la prueba instrumental 29. Forma de acompa\u00f1ar los instrumentos al juicio 30. La audiencia de percepci\u00f3n documental 31. Audiencia de percepci\u00f3n en segunda instancia 32. Valor probatorio de los instrumentos 33. Leyes reguladoras de la prueba 34. El valor probatorio de los documentos electr\u00f3nicos seg\u00fan la ley N\u00ba 19.799 35. Sistemas de microcopia o micrograbaci\u00f3n de documentos 36. La interpretaci\u00f3n de documentos no impugnados. la semi\u00f3tica textual 37. El informe de peritos 38.<\/p>\n","protected":false},"featured_media":4349,"comment_status":"open","ping_status":"closed","template":"","meta":{"inline_featured_image":false,"_joinchat":[]},"product_brand":[],"product_cat":[27,39],"product_tag":[],"class_list":{"0":"post-4319","1":"product","2":"type-product","3":"status-publish","4":"has-post-thumbnail","6":"product_cat-civil","7":"product_cat-procesal-civil","8":"product_shipping_class-a-convenir","10":"first","11":"instock","12":"shipping-taxable","13":"purchasable","14":"product-type-simple"},"_links":{"self":[{"href":"https:\/\/bibliotecajuridicavirtual.cl\/index.php\/wp-json\/wp\/v2\/product\/4319","targetHints":{"allow":["GET"]}}],"collection":[{"href":"https:\/\/bibliotecajuridicavirtual.cl\/index.php\/wp-json\/wp\/v2\/product"}],"about":[{"href":"https:\/\/bibliotecajuridicavirtual.cl\/index.php\/wp-json\/wp\/v2\/types\/product"}],"replies":[{"embeddable":true,"href":"https:\/\/bibliotecajuridicavirtual.cl\/index.php\/wp-json\/wp\/v2\/comments?post=4319"}],"wp:featuredmedia":[{"embeddable":true,"href":"https:\/\/bibliotecajuridicavirtual.cl\/index.php\/wp-json\/wp\/v2\/media\/4349"}],"wp:attachment":[{"href":"https:\/\/bibliotecajuridicavirtual.cl\/index.php\/wp-json\/wp\/v2\/media?parent=4319"}],"wp:term":[{"taxonomy":"product_brand","embeddable":true,"href":"https:\/\/bibliotecajuridicavirtual.cl\/index.php\/wp-json\/wp\/v2\/product_brand?post=4319"},{"taxonomy":"product_cat","embeddable":true,"href":"https:\/\/bibliotecajuridicavirtual.cl\/index.php\/wp-json\/wp\/v2\/product_cat?post=4319"},{"taxonomy":"product_tag","embeddable":true,"href":"https:\/\/bibliotecajuridicavirtual.cl\/index.php\/wp-json\/wp\/v2\/product_tag?post=4319"}],"curies":[{"name":"wp","href":"https:\/\/api.w.org\/{rel}","templated":true}]}}