{"id":4320,"date":"2026-02-28T01:24:49","date_gmt":"2026-02-28T04:24:49","guid":{"rendered":"https:\/\/bibliotecajuridicavirtual.cl\/?post_type=product&#038;p=4320"},"modified":"2026-02-28T01:25:05","modified_gmt":"2026-02-28T04:25:05","slug":"derecho-procesal-civil-parte-especial-2a-edicion-ano-2023-666-pag-autor-vicente-gimeno-sendra-manuel-diaz-martinez-y-sonia-calaza-lopez","status":"publish","type":"product","link":"https:\/\/bibliotecajuridicavirtual.cl\/index.php\/product\/derecho-procesal-civil-parte-especial-2a-edicion-ano-2023-666-pag-autor-vicente-gimeno-sendra-manuel-diaz-martinez-y-sonia-calaza-lopez\/","title":{"rendered":"Derecho Procesal Civil. Parte Especial 2\u00aa Edici\u00f3n. A\u00f1o 2023 \/ 666 P\u00e1g. Autor Vicente Gimeno Sendra, Manuel D\u00edaz Mart\u00ednez y Sonia Calaza L\u00f3pez"},"content":{"rendered":"<p>Derecho Procesal Civil. Parte Especial 2\u00aa Edici\u00f3n<\/p>\n<p>\u00cdNDICE<br \/>\nPrimera Parte<br \/>\nEl sistema procedimental<br \/>\nLecci\u00f3n 1<br \/>\nEl sistema procedimental\u00a0\u00a0 \u00a0\u00a0\u00a0 \u00a013<br \/>\nSonia Calaza L\u00f3pez<br \/>\nSegunda Parte<br \/>\nLOS PROCESOS ESPECIALES<br \/>\nSecci\u00f3n 1\u00aa<br \/>\nLOS PROCESOS ESPECIALES T\u00cdPICOS<br \/>\nLecci\u00f3n 2<br \/>\nExpedientes y proceso sobre adopci\u00f3n de medidas judiciales de apoyo a personas con discapacidad\u00a0\u00a0 \u00a0\u00a0\u00a0 \u00a025<br \/>\nSonia Calaza L\u00f3pez<br \/>\nLecci\u00f3n 3<br \/>\nLos procesos matrimoniales y de menores\u00a0\u00a0 \u00a0\u00a0\u00a0 \u00a043<br \/>\nSonia Calaza L\u00f3pez<br \/>\nLecci\u00f3n 4<br \/>\nProcesos sobre filiaci\u00f3n, paternidad y maternidad\u00a0\u00a0 \u00a0\u00a0\u00a0 \u00a077<br \/>\nManuel D\u00edaz Mart\u00ednez<br \/>\nLecci\u00f3n 5<br \/>\nLa divisi\u00f3n de patrimonios: la divisi\u00f3n, la intervenci\u00f3n y la administraci\u00f3n judicial de la herencia\u00a0\u00a0 \u00a0\u00a0\u00a0 \u00a089<br \/>\nSonia Calaza L\u00f3pez<br \/>\nSecci\u00f3n 2\u00aa<br \/>\nLos juicios ordinarios con especialidades por raz\u00f3n de la materia<br \/>\nLecci\u00f3n 6<br \/>\nLa tutela procesal civil de los derechos fundamentales\u00a0\u00a0 \u00a0\u00a0\u00a0 \u00a0137<br \/>\nVicente Gimeno Sendra<br \/>\nLecci\u00f3n 7<br \/>\nEl proceso de impugnaci\u00f3n de acuerdos de las sociedades de capital\u00a0\u00a0 \u00a0\u00a0\u00a0 \u00a0161<br \/>\nSonia Calaza L\u00f3pez<br \/>\nLecci\u00f3n 8<br \/>\nProcedimientos de propiedad industrial y de secretos empresariales\u00a0\u00a0 \u00a0\u00a0\u00a0 \u00a0193<br \/>\nVicente Gimeno Sendra<br \/>\nLecci\u00f3n 9<br \/>\nProcesos de propiedad intelectual, competencia desleal y publicidad\u00a0\u00a0 \u00a0\u00a0\u00a0 \u00a0229<br \/>\nSonia Calaza L\u00f3pez<br \/>\nLecci\u00f3n 10<br \/>\nEl proceso para la impugnaci\u00f3n de las condiciones generales de contrataci\u00f3n\u00a0\u00a0 \u00a0\u00a0\u00a0 \u00a0249<br \/>\nSonia Calaza L\u00f3pez<br \/>\nLecci\u00f3n 11<br \/>\nEl juicio de retracto\u00a0\u00a0 \u00a0\u00a0\u00a0 \u00a0263<br \/>\nVicente Gimeno Sendra<br \/>\nLecci\u00f3n 12<br \/>\nLos procedimientos de la Ley de Propiedad Horizontal\u00a0\u00a0 \u00a0\u00a0\u00a0 \u00a0273<br \/>\nVicente Gimeno Sendra<br \/>\nSecci\u00f3n 3\u00aa<br \/>\nLos juicios ordinarios con especialidades por raz\u00f3n de su cuant\u00eda<br \/>\nLecci\u00f3n 13<br \/>\nLa responsabilidad civil de Jueces y Magistrados\u00a0\u00a0 \u00a0\u00a0\u00a0 \u00a0309<br \/>\nVicente Gimeno Sendra<br \/>\nLecci\u00f3n 14<br \/>\nProcedimiento para la declaraci\u00f3n de nulidad de pr\u00e9stamos usurarios\u00a0\u00a0 \u00a0\u00a0\u00a0 \u00a0313<br \/>\nVicente Gimeno Sendra<br \/>\nSecci\u00f3n 4\u00aa<br \/>\nLos juicios verbales con especialidades por raz\u00f3n de la materia<br \/>\nLecci\u00f3n 15<br \/>\nEl proceso sobre alimentos\u00a0\u00a0 \u00a0\u00a0\u00a0 \u00a0323<br \/>\nVicente Gimeno Sendra<br \/>\nLecci\u00f3n 16<br \/>\nEl proceso en defensa de los intereses de consumidores y usuarios\u00a0\u00a0 \u00a0\u00a0\u00a0 \u00a0333<br \/>\nSonia Calaza L\u00f3pez<br \/>\nTercera Parte<br \/>\nLOS PROCESOS SUMARIOS<br \/>\nLecci\u00f3n 17<br \/>\nLos juicios posesorios\u00a0\u00a0 \u00a0\u00a0\u00a0 \u00a0347<br \/>\nVicente Gimeno Sendra<br \/>\nLecci\u00f3n 18<br \/>\nEl \u00abinterdicto de adquirir la posesi\u00f3n\u00bb\u00a0\u00a0 \u00a0\u00a0\u00a0 \u00a0389<br \/>\nVicente Gimeno Sendra<br \/>\nLecci\u00f3n 19<br \/>\nEl juicio de desahucio\u00a0\u00a0 \u00a0\u00a0\u00a0 \u00a0395<br \/>\nManuel D\u00edaz Mart\u00ednez<br \/>\nLecci\u00f3n 20<br \/>\nProcedimiento para la protecci\u00f3n registral de los derechos reales\u00a0\u00a0 \u00a0\u00a0\u00a0 \u00a0407<br \/>\nVicente Gimeno Sendra<br \/>\nLecci\u00f3n 21<br \/>\nEl juicio ejecutivo\u00a0\u00a0 \u00a0\u00a0\u00a0 \u00a0423<br \/>\nManuel D\u00edaz Mart\u00ednez<br \/>\nLecci\u00f3n 22<br \/>\nJuicio cambiario\u00a0\u00a0 \u00a0\u00a0\u00a0 \u00a0451<br \/>\nManuel D\u00edaz Mart\u00ednez<br \/>\nLecci\u00f3n 23<br \/>\nProcesos para la tutela del derecho de cr\u00e9dito dimanante de los contratos de venta de bienes muebles a plazos y de arrendamiento financiero\u00a0\u00a0 \u00a0\u00a0\u00a0 \u00a0467<br \/>\nSonia Calaza L\u00f3pez<br \/>\nCuarta Parte<br \/>\nEL PROCEDIMIENTO MONITORIO<br \/>\nLecci\u00f3n 24<br \/>\nProcedimiento monitorio\u00a0\u00a0 \u00a0\u00a0\u00a0 \u00a0479<br \/>\nManuel D\u00edaz Mart\u00ednez<br \/>\nQuinta Parte<br \/>\nEL PROCESO DE EJECUCI\u00d3N SINGULAR<br \/>\nLecci\u00f3n 25<br \/>\nEjecuci\u00f3n dineraria: procedimiento de apremio\u00a0\u00a0 \u00a0\u00a0\u00a0 \u00a0495<br \/>\nSonia Calaza L\u00f3pez<br \/>\nLecci\u00f3n 26<br \/>\nEjecuci\u00f3n no dineraria\u00a0\u00a0 \u00a0\u00a0\u00a0 \u00a0523<br \/>\nSonia Calaza L\u00f3pez<br \/>\nSexta Parte<br \/>\nEL PROCESO CONCURSAL<br \/>\nLecci\u00f3n 27<br \/>\nEl proceso concursal (I)\u00a0\u00a0 \u00a0\u00a0\u00a0 \u00a0539<br \/>\nManuel D\u00edaz Mart\u00ednez<br \/>\nLecci\u00f3n 28<br \/>\nEl proceso concursal (II)\u00a0\u00a0 \u00a0\u00a0\u00a0 \u00a0571<br \/>\nManuel D\u00edaz Mart\u00ednez<br \/>\nLecci\u00f3n 29<br \/>\nEl proceso concursal (III)\u00a0\u00a0 \u00a0\u00a0\u00a0 \u00a0601<br \/>\nManuel D\u00edaz Mart\u00ednez<br \/>\nLecci\u00f3n 30<br \/>\nProcedimiento especial para insolvencia de microempresas\u00a0\u00a0 \u00a0\u00a0\u00a0 \u00a0629<br \/>\nManuel D\u00edaz Mart\u00ednez<br \/>\nS\u00e9ptima Parte<br \/>\nLA JURISDICCI\u00d3N VOLUNTARIA<br \/>\nLecci\u00f3n 31<br \/>\nJurisdicci\u00f3n voluntaria\u00a0\u00a0 \u00a0\u00a0\u00a0 \u00a0639<br \/>\nSonia Calaza L\u00f3pez<\/p>\n","protected":false},"excerpt":{"rendered":"<h5 style=\"text-align: center;\"><span style=\"color: #ff6600;\">( LIBRO ESPA\u00d1OL HAZ TU RESERVA)\u00a0<\/span><\/h5>\n","protected":false},"featured_media":4350,"comment_status":"open","ping_status":"closed","template":"","meta":{"inline_featured_image":false,"_joinchat":[]},"product_brand":[],"product_cat":[27,39],"product_tag":[],"class_list":{"0":"post-4320","1":"product","2":"type-product","3":"status-publish","4":"has-post-thumbnail","6":"product_cat-civil","7":"product_cat-procesal-civil","8":"product_shipping_class-a-convenir","10":"first","11":"instock","12":"shipping-taxable","13":"purchasable","14":"product-type-simple"},"_links":{"self":[{"href":"https:\/\/bibliotecajuridicavirtual.cl\/index.php\/wp-json\/wp\/v2\/product\/4320","targetHints":{"allow":["GET"]}}],"collection":[{"href":"https:\/\/bibliotecajuridicavirtual.cl\/index.php\/wp-json\/wp\/v2\/product"}],"about":[{"href":"https:\/\/bibliotecajuridicavirtual.cl\/index.php\/wp-json\/wp\/v2\/types\/product"}],"replies":[{"embeddable":true,"href":"https:\/\/bibliotecajuridicavirtual.cl\/index.php\/wp-json\/wp\/v2\/comments?post=4320"}],"wp:featuredmedia":[{"embeddable":true,"href":"https:\/\/bibliotecajuridicavirtual.cl\/index.php\/wp-json\/wp\/v2\/media\/4350"}],"wp:attachment":[{"href":"https:\/\/bibliotecajuridicavirtual.cl\/index.php\/wp-json\/wp\/v2\/media?parent=4320"}],"wp:term":[{"taxonomy":"product_brand","embeddable":true,"href":"https:\/\/bibliotecajuridicavirtual.cl\/index.php\/wp-json\/wp\/v2\/product_brand?post=4320"},{"taxonomy":"product_cat","embeddable":true,"href":"https:\/\/bibliotecajuridicavirtual.cl\/index.php\/wp-json\/wp\/v2\/product_cat?post=4320"},{"taxonomy":"product_tag","embeddable":true,"href":"https:\/\/bibliotecajuridicavirtual.cl\/index.php\/wp-json\/wp\/v2\/product_tag?post=4320"}],"curies":[{"name":"wp","href":"https:\/\/api.w.org\/{rel}","templated":true}]}}