{"id":4363,"date":"2026-02-28T01:25:10","date_gmt":"2026-02-28T04:25:10","guid":{"rendered":"https:\/\/bibliotecajuridicavirtual.cl\/?post_type=product&#038;p=4363"},"modified":"2026-02-28T01:25:17","modified_gmt":"2026-02-28T04:25:17","slug":"los-delitos-de-cultivo-y-trafico-de-drogas-ofensividad-y-dolo-ano-2023-64-pag-autor-carlos-kunsemuller-nicolas-oxman-y-tatiana-vargas","status":"publish","type":"product","link":"https:\/\/bibliotecajuridicavirtual.cl\/index.php\/product\/los-delitos-de-cultivo-y-trafico-de-drogas-ofensividad-y-dolo-ano-2023-64-pag-autor-carlos-kunsemuller-nicolas-oxman-y-tatiana-vargas\/","title":{"rendered":"Los Delitos de Cultivo y Tr\u00e1fico de Drogas: Ofensividad y Dolo. A\u00f1o 2023\/ 64 P\u00e1g. Autor Carlos K\u00fcnsem\u00fcller, Nicol\u00e1s Oxman y Tatiana Vargas"},"content":{"rendered":"<p>Esta peque\u00f1a monograf\u00eda aborda, desde un punto de vista te\u00f3rico y pr\u00e1ctico, el contenido conceptual del delito de cultivo y el aspecto subjetivo de los il\u00edcitos de tr\u00e1fico de drogas. En tal sentido, se hace cargo del debate sobre la prueba de la antijuridicidad material del comportamiento y la exigencia de un peligro abstracto-concreto para afirmar, en el proceso penal, la prueba de un injusto penal tanto del delito de cultivo como de todas las formas de tr\u00e1fico de drogas. Los trabajos ofrecen una interpretaci\u00f3n objetivada del contenido del dolo y del denominado &#8220;\u00e1nimo de tr\u00e1fico&#8221;, como tambi\u00e9n, un an\u00e1lisis coherente con el principio de culpabilidad y el respeto a la presunci\u00f3n de inocencia, en particular, con el alcance que puede d\u00e1rsele a la presunci\u00f3n de tr\u00e1fico contenida en la legislaci\u00f3n. Finalmente, las propuestas elaboradas por los tres autores enlazan el aspecto objetivo y subjetivo de la imputaci\u00f3n penal de los delitos de tr\u00e1fico de drogas con un proyecto de explicaci\u00f3n sistem\u00e1ticamente respetuoso de los principios y garant\u00edas constitucionales.<\/p>\n<p>\u00cdndice<br \/>\nPresentaci\u00f3n\u00a0\u00a0 \u00a0\u00a0\u00a0 \u00a09<br \/>\nART\u00cdCULO 8\u00ba DE LA LEY 20.000\u00a0\u00a0 \u00a0\u00a0\u00a0 \u00a011<br \/>\nCarlos K\u00fcnsem\u00fcller Loebenfelder<br \/>\n1.\u00a0\u00a0 \u00a0Consideraciones generales introductorias\u00a0\u00a0 \u00a0\u00a0\u00a0 \u00a011<br \/>\n2.\u00a0\u00a0 \u00a0Consideraciones para el an\u00e1lisis t\u00e9cnico-penal\u00a0\u00a0 \u00a0\u00a0\u00a0 \u00a012<br \/>\n3.\u00a0\u00a0 \u00a0Objeto jur\u00eddico de los il\u00edcitos penales (vinculados al tr\u00e1fico ilegal), previstos en la Ley 20.000\u00a0\u00a0 \u00a0\u00a0\u00a0 \u00a016<br \/>\n4.\u00a0\u00a0 \u00a0Algunas reflexiones, a la luz de la teor\u00eda del delito, sobre el tipo penal objeto de an\u00e1lisis\u00a0\u00a0 \u00a0\u00a0\u00a0 \u00a019<br \/>\n4.1.\u00a0\u00a0 \u00a0Delito de peligro (\u00bfabstracto o concreto?)\u00a0\u00a0 \u00a0\u00a0\u00a0 \u00a019<br \/>\n4.2.\u00a0\u00a0 \u00a0Delito de peligro abstracto\u00a0\u00a0 \u00a0\u00a0\u00a0 \u00a020<br \/>\n4.3.\u00a0\u00a0 \u00a0Ausencia de peligro concreto para la salud p\u00fablica. \u00bfImpunidad de la conducta tipificada en el art. 8\u00ba de la Ley 20.000?\u00a0\u00a0 \u00a0\u00a0\u00a0 \u00a022<br \/>\na)\u00a0\u00a0 \u00a0Uso terap\u00e9utico de las sustancias (cannabis)\u00a0\u00a0 \u00a0\u00a0\u00a0 \u00a025<br \/>\nb)\u00a0\u00a0 \u00a0Peligro abstracto y principio de culpabilidad\u00a0\u00a0 \u00a0\u00a0\u00a0 \u00a026<br \/>\nc)\u00a0\u00a0 \u00a0El art\u00edculo 8\u00ba como delito de preparaci\u00f3n\u00a0\u00a0 \u00a0\u00a0\u00a0 \u00a028<br \/>\n5.\u00a0\u00a0 \u00a0Conclusiones\u00a0\u00a0 \u00a0\u00a0\u00a0 \u00a029<br \/>\nEL PROP\u00d3SITO O DOLO DE TRAFICAR EN EL ART\u00cdCULO 3\u00ba DE LA LEY 20.000\u00a0\u00a0 \u00a0\u00a0\u00a0 \u00a033<br \/>\nNicol\u00e1s Oxman<br \/>\n1.\u00a0\u00a0 \u00a0Los elementos subjetivos del tipo penal\u00a0\u00a0 \u00a0\u00a0\u00a0 \u00a033<br \/>\n2.\u00a0\u00a0 \u00a0Contenido conceptual y prueba del elemento subjetivo \u00ab\u00e1nimo de tr\u00e1fico\u00bb\u00a0\u00a0 \u00a0\u00a0\u00a0 \u00a036<br \/>\n3.\u00a0\u00a0 \u00a0La presunci\u00f3n de tr\u00e1fico y el control de constitucionalidad del dolo\u00a0\u00a0 \u00a0\u00a0\u00a0 \u00a041<br \/>\n4.\u00a0\u00a0 \u00a0Conclusiones\u00a0\u00a0 \u00a0\u00a0\u00a0 \u00a045<br \/>\nEL PELIGRO COMO RESULTADO Y COMO OBJETO DE CONOCIMIENTO. UN PUENTE NECESARIO ENTRE IMPUTACIONES OBJETIVAS Y SUBJETIVAS COMPLEJAS\u00a0\u00a0 \u00a0\u00a0\u00a0 \u00a049<br \/>\nTatiana Vargas Pinto<br \/>\n1.\u00a0\u00a0 \u00a0Introducci\u00f3n de la relaci\u00f3n\u00a0\u00a0 \u00a0\u00a0\u00a0 \u00a049<br \/>\n2.\u00a0\u00a0 \u00a0La plantaci\u00f3n y el consumo de drogas en la determinaci\u00f3n de injusto penal\u00a0\u00a0 \u00a0\u00a0\u00a0 \u00a051<br \/>\n3.\u00a0\u00a0 \u00a0Intenci\u00f3n de traficar\u00a0\u00a0 \u00a0\u00a0\u00a0 \u00a055<br \/>\n4.\u00a0\u00a0 \u00a0Una conclusi\u00f3n sobre lazos entre resultado de peligro y dolo de peligro\u00a0\u00a0 \u00a0\u00a0\u00a0 \u00a057<br \/>\n\u00cdNDICE DE SENTENCIAS DE LA CORTE SUPREMA\u00a0\u00a0 \u00a0\u00a0\u00a0 \u00a061<br \/>\nA)\u00a0\u00a0 \u00a0Cannabis (pureza)\u00a0\u00a0 \u00a0\u00a0\u00a0 \u00a061<br \/>\nB)\u00a0\u00a0 \u00a0Cannabis (uso terap\u00e9utico)\u00a0\u00a0 \u00a0\u00a0\u00a0 \u00a061<br \/>\nC)\u00a0\u00a0 \u00a0Cannabis (autocultivo)\u00a0\u00a0 \u00a0\u00a0\u00a0 \u00a061<br \/>\nD)\u00a0\u00a0 \u00a0Intenci\u00f3n o prop\u00f3sito de traficar\u00a0\u00a0 \u00a0\u00a0\u00a0 \u00a061<br \/>\nE)\u00a0\u00a0 \u00a0Inferencia del peligro de difusi\u00f3n de la droga\u00a0\u00a0 \u00a0\u00a0\u00a0 \u00a062<br \/>\nF)\u00a0\u00a0 \u00a0Pureza de droga (coca\u00edna)\u00a0\u00a0 \u00a0\u00a0\u00a0 \u00a062<br \/>\nG)\u00a0\u00a0 \u00a0Sobre el dolo en general (inferencia)\u00a0\u00a0 \u00a0\u00a0\u00a0 \u00a062<\/p>\n","protected":false},"excerpt":{"rendered":"<p>Esta peque\u00f1a monograf\u00eda aborda, desde un punto de vista te\u00f3rico y pr\u00e1ctico, el contenido conceptual del delito de cultivo y el aspecto subjetivo de los il\u00edcitos de tr\u00e1fico de drogas. En tal sentido, se hace cargo del debate sobre la prueba de la antijuridicidad material del comportamiento y la exigencia de un peligro abstracto-concreto para afirmar, en el proceso penal, la prueba de un injusto penal tanto del delito de cultivo como de todas las formas de tr\u00e1fico de drogas. Los trabajos ofrecen una interpretaci\u00f3n objetivada del contenido del dolo y del denominado &#8220;\u00e1nimo de tr\u00e1fico&#8221;, como tambi\u00e9n, un an\u00e1lisis coherente con el principio de culpabilidad y el respeto a la presunci\u00f3n de inocencia, en particular, con el alcance que puede d\u00e1rsele a la presunci\u00f3n de tr\u00e1fico contenida en la legislaci\u00f3n. Finalmente, las propuestas elaboradas por los tres autores enlazan el aspecto objetivo y subjetivo de la imputaci\u00f3n penal de los delitos de tr\u00e1fico de drogas con un proyecto de explicaci\u00f3n sistem\u00e1ticamente respetuoso de los principios y garant\u00edas constitucionales. \u00cdndice Presentaci\u00f3n\u00a0\u00a0 \u00a0\u00a0\u00a0 \u00a09 ART\u00cdCULO 8\u00ba DE LA LEY 20.000\u00a0\u00a0 \u00a0\u00a0\u00a0 \u00a011 Carlos K\u00fcnsem\u00fcller Loebenfelder 1.\u00a0\u00a0 \u00a0Consideraciones generales introductorias\u00a0\u00a0 \u00a0\u00a0\u00a0 \u00a011 2.\u00a0\u00a0 \u00a0Consideraciones para el an\u00e1lisis t\u00e9cnico-penal\u00a0\u00a0 \u00a0\u00a0\u00a0 \u00a012 3.\u00a0\u00a0 \u00a0Objeto jur\u00eddico de los il\u00edcitos penales (vinculados al tr\u00e1fico ilegal), previstos en la Ley 20.000\u00a0\u00a0 \u00a0\u00a0\u00a0 \u00a016 4.\u00a0\u00a0 \u00a0Algunas reflexiones, a la luz de la teor\u00eda del delito, sobre el tipo penal objeto de an\u00e1lisis\u00a0\u00a0 \u00a0\u00a0\u00a0 \u00a019 4.1.\u00a0\u00a0 \u00a0Delito de peligro (\u00bfabstracto o concreto?)\u00a0\u00a0 \u00a0\u00a0\u00a0 \u00a019 4.2.\u00a0\u00a0 \u00a0Delito de peligro abstracto\u00a0\u00a0 \u00a0\u00a0\u00a0 \u00a020 4.3.\u00a0\u00a0 \u00a0Ausencia de peligro concreto para la salud p\u00fablica. \u00bfImpunidad de la conducta tipificada en el art. 8\u00ba de la Ley 20.000?\u00a0\u00a0 \u00a0\u00a0\u00a0 \u00a022 a)\u00a0\u00a0 \u00a0Uso terap\u00e9utico de las sustancias (cannabis)\u00a0\u00a0 \u00a0\u00a0\u00a0 \u00a025 b)\u00a0\u00a0 \u00a0Peligro abstracto y principio de culpabilidad\u00a0\u00a0 \u00a0\u00a0\u00a0 \u00a026 c)\u00a0\u00a0 \u00a0El art\u00edculo 8\u00ba como delito de preparaci\u00f3n\u00a0\u00a0 \u00a0\u00a0\u00a0 \u00a028 5.\u00a0\u00a0 \u00a0Conclusiones\u00a0\u00a0 \u00a0\u00a0\u00a0 \u00a029 EL PROP\u00d3SITO O DOLO DE TRAFICAR EN EL ART\u00cdCULO 3\u00ba DE LA LEY 20.000\u00a0\u00a0 \u00a0\u00a0\u00a0 \u00a033 Nicol\u00e1s Oxman 1.\u00a0\u00a0 \u00a0Los elementos subjetivos del tipo penal\u00a0\u00a0 \u00a0\u00a0\u00a0 \u00a033 2.\u00a0\u00a0 \u00a0Contenido conceptual y prueba del elemento subjetivo \u00ab\u00e1nimo de tr\u00e1fico\u00bb\u00a0\u00a0 \u00a0\u00a0\u00a0 \u00a036 3.\u00a0\u00a0 \u00a0La presunci\u00f3n de tr\u00e1fico y el control de constitucionalidad del dolo\u00a0\u00a0 \u00a0\u00a0\u00a0 \u00a041 4.\u00a0\u00a0 \u00a0Conclusiones\u00a0\u00a0 \u00a0\u00a0\u00a0 \u00a045 EL PELIGRO COMO RESULTADO Y COMO OBJETO DE CONOCIMIENTO. UN PUENTE NECESARIO ENTRE IMPUTACIONES OBJETIVAS Y SUBJETIVAS COMPLEJAS\u00a0\u00a0 \u00a0\u00a0\u00a0 \u00a049 Tatiana Vargas Pinto 1.\u00a0\u00a0 \u00a0Introducci\u00f3n de la relaci\u00f3n\u00a0\u00a0 \u00a0\u00a0\u00a0 \u00a049 2.\u00a0\u00a0 \u00a0La plantaci\u00f3n y el consumo de drogas en la determinaci\u00f3n de injusto penal\u00a0\u00a0 \u00a0\u00a0\u00a0 \u00a051 3.\u00a0\u00a0 \u00a0Intenci\u00f3n de traficar\u00a0\u00a0 \u00a0\u00a0\u00a0 \u00a055 4.\u00a0\u00a0 \u00a0Una conclusi\u00f3n sobre lazos entre resultado de peligro y dolo de peligro\u00a0\u00a0 \u00a0\u00a0\u00a0 \u00a057 \u00cdNDICE DE SENTENCIAS DE LA CORTE SUPREMA\u00a0\u00a0 \u00a0\u00a0\u00a0 \u00a061 A)\u00a0\u00a0 \u00a0Cannabis (pureza)\u00a0\u00a0 \u00a0\u00a0\u00a0 \u00a061 B)\u00a0\u00a0 \u00a0Cannabis (uso terap\u00e9utico)\u00a0\u00a0 \u00a0\u00a0\u00a0 \u00a061 C)\u00a0\u00a0 \u00a0Cannabis (autocultivo)\u00a0\u00a0 \u00a0\u00a0\u00a0 \u00a061 D)\u00a0\u00a0 \u00a0Intenci\u00f3n o prop\u00f3sito de traficar\u00a0\u00a0 \u00a0\u00a0\u00a0 \u00a061 E)\u00a0\u00a0 \u00a0Inferencia del peligro de difusi\u00f3n de la droga\u00a0\u00a0 \u00a0\u00a0\u00a0 \u00a062 F)\u00a0\u00a0 \u00a0Pureza de droga (coca\u00edna)\u00a0\u00a0 \u00a0\u00a0\u00a0 \u00a062 G)\u00a0\u00a0 \u00a0Sobre el dolo en general (inferencia)\u00a0\u00a0 \u00a0\u00a0\u00a0 \u00a062<\/p>\n","protected":false},"featured_media":4393,"comment_status":"open","ping_status":"closed","template":"","meta":{"inline_featured_image":false,"_joinchat":[]},"product_brand":[],"product_cat":[30],"product_tag":[],"class_list":{"0":"post-4363","1":"product","2":"type-product","3":"status-publish","4":"has-post-thumbnail","6":"product_cat-penal","7":"product_shipping_class-a-convenir","9":"first","10":"instock","11":"shipping-taxable","12":"purchasable","13":"product-type-simple"},"_links":{"self":[{"href":"https:\/\/bibliotecajuridicavirtual.cl\/index.php\/wp-json\/wp\/v2\/product\/4363","targetHints":{"allow":["GET"]}}],"collection":[{"href":"https:\/\/bibliotecajuridicavirtual.cl\/index.php\/wp-json\/wp\/v2\/product"}],"about":[{"href":"https:\/\/bibliotecajuridicavirtual.cl\/index.php\/wp-json\/wp\/v2\/types\/product"}],"replies":[{"embeddable":true,"href":"https:\/\/bibliotecajuridicavirtual.cl\/index.php\/wp-json\/wp\/v2\/comments?post=4363"}],"wp:featuredmedia":[{"embeddable":true,"href":"https:\/\/bibliotecajuridicavirtual.cl\/index.php\/wp-json\/wp\/v2\/media\/4393"}],"wp:attachment":[{"href":"https:\/\/bibliotecajuridicavirtual.cl\/index.php\/wp-json\/wp\/v2\/media?parent=4363"}],"wp:term":[{"taxonomy":"product_brand","embeddable":true,"href":"https:\/\/bibliotecajuridicavirtual.cl\/index.php\/wp-json\/wp\/v2\/product_brand?post=4363"},{"taxonomy":"product_cat","embeddable":true,"href":"https:\/\/bibliotecajuridicavirtual.cl\/index.php\/wp-json\/wp\/v2\/product_cat?post=4363"},{"taxonomy":"product_tag","embeddable":true,"href":"https:\/\/bibliotecajuridicavirtual.cl\/index.php\/wp-json\/wp\/v2\/product_tag?post=4363"}],"curies":[{"name":"wp","href":"https:\/\/api.w.org\/{rel}","templated":true}]}}