{"id":4365,"date":"2026-02-28T01:25:10","date_gmt":"2026-02-28T04:25:10","guid":{"rendered":"https:\/\/bibliotecajuridicavirtual.cl\/?post_type=product&#038;p=4365"},"modified":"2026-02-28T01:25:19","modified_gmt":"2026-02-28T04:25:19","slug":"responsabilidad-civil-extracontractual-instrumentos-de-derecho-comparado-proyectos-de-reforma-y-derecho-chileno-ano-2023-528-pag-autor-carlos-cespedes-munoz","status":"publish","type":"product","link":"https:\/\/bibliotecajuridicavirtual.cl\/index.php\/product\/responsabilidad-civil-extracontractual-instrumentos-de-derecho-comparado-proyectos-de-reforma-y-derecho-chileno-ano-2023-528-pag-autor-carlos-cespedes-munoz\/","title":{"rendered":"Responsabilidad Civil Extracontractual: Instrumentos de Derecho Comparado, Proyectos de Reforma y Derecho Chileno. A\u00f1o 2023\/ 528 P\u00e1g. Autor Carlos C\u00e9spedes Mu\u00f1oz"},"content":{"rendered":"<p>Todo el Derecho<br \/>\nLa responsabilidad civil extracontractual constituye una parcela del Derecho civil en constante evoluci\u00f3n. Frecuentemente, la regulaci\u00f3n normativa se ve enfrentada a dar respuesta a numerosos problemas que no estaban necesariamente en la mente del legislador que la consagr\u00f3, como acontece con las normas del T\u00edtulo XXXV del Libro IV del C\u00f3digo civil chileno de 1855, dictadas para otra \u00e9poca y para otra gama de controversias que las que hoy tienen lugar. En tal escenario se enmarca el presente libro, que tiene por objeto dar cuenta del estado actual del derecho de la responsabilidad civil extracontractual chileno, analizado bajo el prisma de los diversos instrumentos comparados que se han ocupado de ella y de los proyectos de reforma que se est\u00e1n tramitando en otras latitudes, recurriendo a la doctrina y jurisprudencia especializada. Asimismo, se busca que los operadores del Derecho encuentren en esta obra las principales coordenadas que les permitan obtener la soluci\u00f3n a los problemas cotidianos del foro<br \/>\n\u00cdndice<br \/>\nPresentaci\u00f3n\u00a0\u00a0 \u00a0\u00a0\u00a0 \u00a09<br \/>\nEl perjuicio indemnizable. Notas sobre el da\u00f1o en la responsabilidad extracontractual\u00a0\u00a0 \u00a0\u00a0\u00a0 \u00a011<br \/>\nDar\u00edo Parra Sep\u00falveda<br \/>\nAlgunas consideraciones en torno a la opci\u00f3n o concurso de responsabilidades\u00a0\u00a0 \u00a0\u00a0\u00a0 \u00a029<br \/>\nGonzalo Montory Barriga<br \/>\nRegulaci\u00f3n general de la responsabilidad civil por culpa. Instrumentos comparados, proyectos de reforma y derecho chileno\u00a0\u00a0 \u00a0\u00a0\u00a0 \u00a051<br \/>\nCristian Aedo Barrena<br \/>\nCausas de justificaci\u00f3n de la responsabilidad civil extracontractual. Perspectiva comparada y de Derecho nacional\u00a0\u00a0 \u00a0\u00a0\u00a0 \u00a0107<br \/>\nCarlos C\u00e9spedes Mu\u00f1oz<br \/>\nLa responsabilidad por el hecho de los incapaces\u00a0\u00a0 \u00a0\u00a0\u00a0 \u00a0155<br \/>\nAlexis Mondaca Miranda<br \/>\nResponsabilidad civil de las empresas por el hecho ajeno\u00a0\u00a0 \u00a0\u00a0\u00a0 \u00a0181<br \/>\nYasna Ot\u00e1rola Espinoza<br \/>\nLa responsabilidad por productos defectuosos\u00a0\u00a0 \u00a0\u00a0\u00a0 \u00a0213<br \/>\n\u00c9rika Isler Soto<br \/>\nPluralidad de responsables del da\u00f1o extracontractual\u00a0\u00a0 \u00a0\u00a0\u00a0 \u00a0255<br \/>\nPamela Mendoza Alonzo<br \/>\nCausalidad: requisito, aproximaciones y problemas\u00a0\u00a0 \u00a0\u00a0\u00a0 \u00a0271<br \/>\nRenzo Munita Marambio<br \/>\nNexo causal y alcance de la responsabilidad civil\u00a0\u00a0 \u00a0\u00a0\u00a0 \u00a0341<br \/>\nRodrigo Fuentes Gu\u00ed\u00f1ez<br \/>\nReparaci\u00f3n del da\u00f1o emergente extracontractual en derecho extranjero y chileno\u00a0\u00a0 \u00a0\u00a0\u00a0 \u00a0359<br \/>\nCristi\u00e1n Banfi del R\u00edo<br \/>\nLa p\u00e9rdida de una chance\u00a0\u00a0 \u00a0\u00a0\u00a0 \u00a0485<br \/>\nClaudia Mej\u00edas Alonzo<br \/>\nResponsabilidad civil extracontractual e inteligencia artificial\u00a0\u00a0 \u00a0\u00a0\u00a0 \u00a0513<br \/>\nCarlos Amun\u00e1tegui Perell\u00f3<\/p>\n","protected":false},"excerpt":{"rendered":"<p>Todo el Derecho La responsabilidad civil extracontractual constituye una parcela del Derecho civil en constante evoluci\u00f3n. Frecuentemente, la regulaci\u00f3n normativa se ve enfrentada a dar respuesta a numerosos problemas que no estaban necesariamente en la mente del legislador que la consagr\u00f3, como acontece con las normas del T\u00edtulo XXXV del Libro IV del C\u00f3digo civil chileno de 1855, dictadas para otra \u00e9poca y para otra gama de controversias que las que hoy tienen lugar. En tal escenario se enmarca el presente libro, que tiene por objeto dar cuenta del estado actual del derecho de la responsabilidad civil extracontractual chileno, analizado bajo el prisma de los diversos instrumentos comparados que se han ocupado de ella y de los proyectos de reforma que se est\u00e1n tramitando en otras latitudes, recurriendo a la doctrina y jurisprudencia especializada. Asimismo, se busca que los operadores del Derecho encuentren en esta obra las principales coordenadas que les permitan obtener la soluci\u00f3n a los problemas cotidianos del foro \u00cdndice Presentaci\u00f3n\u00a0\u00a0 \u00a0\u00a0\u00a0 \u00a09 El perjuicio indemnizable. Notas sobre el da\u00f1o en la responsabilidad extracontractual\u00a0\u00a0 \u00a0\u00a0\u00a0 \u00a011 Dar\u00edo Parra Sep\u00falveda Algunas consideraciones en torno a la opci\u00f3n o concurso de responsabilidades\u00a0\u00a0 \u00a0\u00a0\u00a0 \u00a029 Gonzalo Montory Barriga Regulaci\u00f3n general de la responsabilidad civil por culpa. Instrumentos comparados, proyectos de reforma y derecho chileno\u00a0\u00a0 \u00a0\u00a0\u00a0 \u00a051 Cristian Aedo Barrena Causas de justificaci\u00f3n de la responsabilidad civil extracontractual. Perspectiva comparada y de Derecho nacional\u00a0\u00a0 \u00a0\u00a0\u00a0 \u00a0107 Carlos C\u00e9spedes Mu\u00f1oz La responsabilidad por el hecho de los incapaces\u00a0\u00a0 \u00a0\u00a0\u00a0 \u00a0155 Alexis Mondaca Miranda Responsabilidad civil de las empresas por el hecho ajeno\u00a0\u00a0 \u00a0\u00a0\u00a0 \u00a0181 Yasna Ot\u00e1rola Espinoza La responsabilidad por productos defectuosos\u00a0\u00a0 \u00a0\u00a0\u00a0 \u00a0213 \u00c9rika Isler Soto Pluralidad de responsables del da\u00f1o extracontractual\u00a0\u00a0 \u00a0\u00a0\u00a0 \u00a0255 Pamela Mendoza Alonzo Causalidad: requisito, aproximaciones y problemas\u00a0\u00a0 \u00a0\u00a0\u00a0 \u00a0271 Renzo Munita Marambio Nexo causal y alcance de la responsabilidad civil\u00a0\u00a0 \u00a0\u00a0\u00a0 \u00a0341 Rodrigo Fuentes Gu\u00ed\u00f1ez Reparaci\u00f3n del da\u00f1o emergente extracontractual en derecho extranjero y chileno\u00a0\u00a0 \u00a0\u00a0\u00a0 \u00a0359 Cristi\u00e1n Banfi del R\u00edo La p\u00e9rdida de una chance\u00a0\u00a0 \u00a0\u00a0\u00a0 \u00a0485 Claudia Mej\u00edas Alonzo Responsabilidad civil extracontractual e inteligencia artificial\u00a0\u00a0 \u00a0\u00a0\u00a0 \u00a0513 Carlos Amun\u00e1tegui Perell\u00f3<\/p>\n","protected":false},"featured_media":4395,"comment_status":"open","ping_status":"closed","template":"","meta":{"inline_featured_image":false,"_joinchat":[]},"product_brand":[],"product_cat":[27],"product_tag":[],"class_list":{"0":"post-4365","1":"product","2":"type-product","3":"status-publish","4":"has-post-thumbnail","6":"product_cat-civil","7":"product_shipping_class-a-convenir","9":"first","10":"instock","11":"shipping-taxable","12":"purchasable","13":"product-type-simple"},"_links":{"self":[{"href":"https:\/\/bibliotecajuridicavirtual.cl\/index.php\/wp-json\/wp\/v2\/product\/4365","targetHints":{"allow":["GET"]}}],"collection":[{"href":"https:\/\/bibliotecajuridicavirtual.cl\/index.php\/wp-json\/wp\/v2\/product"}],"about":[{"href":"https:\/\/bibliotecajuridicavirtual.cl\/index.php\/wp-json\/wp\/v2\/types\/product"}],"replies":[{"embeddable":true,"href":"https:\/\/bibliotecajuridicavirtual.cl\/index.php\/wp-json\/wp\/v2\/comments?post=4365"}],"wp:featuredmedia":[{"embeddable":true,"href":"https:\/\/bibliotecajuridicavirtual.cl\/index.php\/wp-json\/wp\/v2\/media\/4395"}],"wp:attachment":[{"href":"https:\/\/bibliotecajuridicavirtual.cl\/index.php\/wp-json\/wp\/v2\/media?parent=4365"}],"wp:term":[{"taxonomy":"product_brand","embeddable":true,"href":"https:\/\/bibliotecajuridicavirtual.cl\/index.php\/wp-json\/wp\/v2\/product_brand?post=4365"},{"taxonomy":"product_cat","embeddable":true,"href":"https:\/\/bibliotecajuridicavirtual.cl\/index.php\/wp-json\/wp\/v2\/product_cat?post=4365"},{"taxonomy":"product_tag","embeddable":true,"href":"https:\/\/bibliotecajuridicavirtual.cl\/index.php\/wp-json\/wp\/v2\/product_tag?post=4365"}],"curies":[{"name":"wp","href":"https:\/\/api.w.org\/{rel}","templated":true}]}}