{"id":4426,"date":"2026-02-28T01:25:32","date_gmt":"2026-02-28T04:25:32","guid":{"rendered":"https:\/\/bibliotecajuridicavirtual.cl\/?post_type=product&#038;p=4426"},"modified":"2026-02-28T01:25:50","modified_gmt":"2026-02-28T04:25:50","slug":"circunstancias-atenuantes-y-agravantes-en-el-codigo-penal-chileno-ano-2020-509-pag-autor-manuel-angel-gonzalez-jara","status":"publish","type":"product","link":"https:\/\/bibliotecajuridicavirtual.cl\/index.php\/product\/circunstancias-atenuantes-y-agravantes-en-el-codigo-penal-chileno-ano-2020-509-pag-autor-manuel-angel-gonzalez-jara\/","title":{"rendered":"Circunstancias Atenuantes y Agravantes en el C\u00f3digo Penal Chileno. A\u00f1o 2020\/ 509 P\u00e1g. Autor  Manuel \u00c1ngel Gonz\u00e1lez Jara"},"content":{"rendered":"<p style=\"font-weight: 400;\">El texto aborda una de las materias m\u00e1s delicadas de la praxis penal. En efecto, las circunstancias modificatorias de responsabilidad penal penal cobran vida en el momento cr\u00edtico del quehacer forense representado por la dictaci\u00f3n de la sentencia condenatoria, una vez finalizado el juicio.<\/p>\n<p style=\"font-weight: 400;\">Estos accidentes del delito, del delincuente y su conducta representan herramientas al servicio del juzgador, llegada la hora de concretizar la m\u00e1s delicada de las funciones que corresponde al tribunal penal: la de aplicar \u201cla pena justa\u201d.<\/p>\n<p style=\"font-weight: 400;\">Esta obra se aboca al estudio de las circunstancias modificatorias gen\u00e9ricas de la responsabilidad recogidas, en un sistema de numerus clausus, por el C\u00f3digo Penal.<\/p>\n<p style=\"font-weight: 400;\">El texto, escrito por un heterog\u00e9neo grupo de especialistas, est\u00e1 concebido para el uso de los operadores del foro, esto es, abogados defensores y querellantes, fiscales del Ministerio P\u00fablico y jueces. Por lo mismo, y con la finalidad de facilitar su uso, las distintas disposiciones del cuerpo jur\u00eddico penal b\u00e1sico, son abordadas en el mismo orden en que las recoge el c\u00f3digo, prescindiendo de las agrupaciones sistem\u00e1ticas de las mismas, que se hacen en los diversos tratados y manuales en uso en el medio nacional.<\/p>\n<p style=\"font-weight: 400;\">Lo anterior no es obst\u00e1culo para el acabado desarrollo, que, de los preceptos correspondientes, hacen la pl\u00e9yade de acad\u00e9micas y acad\u00e9micos que colaboran en este libro, quienes desarrollan a fondo el estado de la discusi\u00f3n doctrinaria respecto de cada una de las circunstancias legisladas, y lo refuerzan con fallos de nuestros tribunales de justicia.<\/p>\n<p style=\"font-weight: 400;\">Art. 11 N\u00ba 1 del C\u00f3digo Penal: \u201cEximentes Incompletas\u201d<br \/>\n<em>Roberto N\u00e1quira Baz\u00e1n\u00a0<\/em><\/p>\n<p style=\"font-weight: 400;\">Circunstancias atenuantes 3\u00aa y 4\u00aa<br \/>\n<em>Carlos K\u00fcnsem\u00fcller L.<\/em><\/p>\n<p style=\"font-weight: 400;\">Arrebato u obcecaci\u00f3n<br \/>\n<em>Agustina Alvarado Ur\u00edzar\u00a0<\/em><\/p>\n<p style=\"font-weight: 400;\">La irreprochable conducta anterior del delincuente<br \/>\n<em>Manuel \u00c1ngel Gonz\u00e1lez Jara\u00a0<\/em><\/p>\n<p style=\"font-weight: 400;\">La circunstancia atenuante contenida en el art\u00edculo 11 numeral 7\u00ba del c\u00f3digo penal consistente en el intento celoso de remediar el perjuicio causado por el delito o de obstruir sus consecuencias da\u00f1osas posteriores<br \/>\n<em>Eugenio Ben\u00edtez Ram\u00edrez\u00a0<\/em><\/p>\n<p style=\"font-weight: 400;\">Atenuante de omisi\u00f3n de fuga u ocultaci\u00f3n y confesi\u00f3n del delito<br \/>\n<em>Germ\u00e1n Ovalle<\/em><\/p>\n<p style=\"font-weight: 400;\">Colaboraci\u00f3n sustancial en el esclarecimiento de los hechos<br \/>\n<em>Roberto Contreras Puelles\u00a0<\/em><\/p>\n<p style=\"font-weight: 400;\">Obrar por celo de la justicia<br \/>\n<em>Hugo Rivera Villalobos\u00a0<\/em><\/p>\n<p style=\"font-weight: 400;\">1) Alevos\u00eda<br \/>\n<em>Mar\u00eda Cecilia Ram\u00edrez Guzm\u00e1n &#8211; Jean Pierre Matus Acu\u00f1a\u00a0<\/em><\/p>\n<p style=\"font-weight: 400;\">2) Precio, recompensa o promesa<br \/>\n<em>Mar\u00eda Cecilia Ram\u00edrez Guzm\u00e1n &#8211; Jean Pierre Matus Acu\u00f1a<\/em><\/p>\n<p style=\"font-weight: 400;\">3) Medios que puedan ocasionar grandes estragos<br \/>\n<em>Mar\u00eda Cecilia Ram\u00edrez Guzm\u00e1n &#8211; Jean Pierre Matus Acu\u00f1a\u00a0<\/em><\/p>\n<p style=\"font-weight: 400;\">4) Ensa\u00f1amiento<br \/>\n<em>Mar\u00eda Cecilia Ram\u00edrez Guzm\u00e1n &#8211; Jean Pierre Matus Acu\u00f1a<\/em><\/p>\n<p style=\"font-weight: 400;\">5) Premeditaci\u00f3n conocida, astucia, fraude o disfraz<br \/>\n<em>Mar\u00eda Cecilia Ram\u00edrez Guzm\u00e1n &#8211; Jean Pierre Matus Acu\u00f1a<\/em><\/p>\n<p style=\"font-weight: 400;\">6) Abuso de superioridad<br \/>\n<em>Luis Rodr\u00edguez Collao<\/em><\/p>\n<p style=\"font-weight: 400;\">7) Agravante de abuso de confianza<br \/>\n<em>Laura Mayer Lux &#8211; Jaime Vera Vega\u00a0<\/em><\/p>\n<p style=\"font-weight: 400;\">8) Prevalimiento del car\u00e1cter p\u00fablico<br \/>\n<em>Mar\u00eda Cecilia Ram\u00edrez Guzm\u00e1n &#8211; Jean Pierre Matus Acu\u00f1a<\/em><\/p>\n<p style=\"font-weight: 400;\">9) A\u00f1adir la ignominia<br \/>\n<em>Mar\u00eda Cecilia Ram\u00edrez Guzm\u00e1n &#8211; Jean Pierre Matus Acu\u00f1a<\/em><\/p>\n<p style=\"font-weight: 400;\">10) La circunstancia agravante de cometer un delito con ocasi\u00f3n de calamidad o desgracia<br \/>\n<em>Jos\u00e9 Luis Guzm\u00e1n D\u00e1lbora<\/em><\/p>\n<p style=\"font-weight: 400;\">11) Auxilio de gente armada o que asegure la impunidad<br \/>\n<em>Mar\u00eda Cecilia Ram\u00edrez Guzm\u00e1n &#8211; Jean Pierre Matus Acu\u00f1a\u00a0<\/em><\/p>\n<p style=\"font-weight: 400;\">12) Ejecutar el delito de noche o en despoblado<br \/>\n<em>Crist\u00f3bal Bonacic Midane\u00a0<\/em><\/p>\n<p>13) Circunstancia agravante del art. 12 N\u00ba 13 del C\u00f3digo Penal Chileno: desprecio u ofensa a la autoridad p\u00fablica<br \/>\n<em>Christian Scheechler Corona\u00a0<\/em><\/p>\n<p style=\"font-weight: 400;\">14) Sobre la circunstancia agravante de reincidencia<br \/>\n<em>Enrique Aldunate Esquivel\u00a0<\/em><\/p>\n<p style=\"font-weight: 400;\">15) Cometer el delito en lugar destinado al ejercicio de un culto<br \/>\n<em>Roberto Salim-Hanna Sep\u00falveda\u00a0<\/em><\/p>\n<p style=\"font-weight: 400;\">16) Ofensa o desprecio de la calidad del ofendido o en su morada<br \/>\n<em>Gonzalo Agliati V\u00e1squez\u00a0<\/em><\/p>\n<p style=\"font-weight: 400;\">17) Fractura o escalamiento (Art. 12 N\u00ba 19 CP)<br \/>\n<em>Guillermo Oliver Calder\u00f3n\u00a0<\/em><\/p>\n<p style=\"font-weight: 400;\">18) Ejecutar el delito portando armas<br \/>\n<em>Ignacio E. Ackermann Hormaz\u00e1bal\u00a0<\/em><\/p>\n<p style=\"font-weight: 400;\">19) 12 N\u00ba 21, cometer el delito o participar en \u00e9l por motivos discriminatorios<br \/>\n<em>Dr. Mario Dur\u00e1n Migliardi\u00a0<\/em><\/p>\n<p style=\"font-weight: 400;\">20) La circunstancia mixta del parentesco<br \/>\n<em>Roc\u00edo S\u00e1nchez P\u00e9rez &#8211; Carlos Silva N\u00fa\u00f1ez<\/em><\/p>\n<p style=\"font-weight: 400;\">21) Prevalimiento de menores<br \/>\n<em>Andrea Pinto Bustos\u00a0<\/em><\/p>\n<p style=\"font-weight: 400;\">22) Prescripci\u00f3n gradual en el c\u00f3digo penal chileno. art\u00edculo<br \/>\n<em>Prof. Dr. Juan Carlos C\u00e1rcamo Olmos<\/em><\/p>\n","protected":false},"excerpt":{"rendered":"<p>El texto aborda una de las materias m\u00e1s delicadas de la praxis penal. En efecto, las circunstancias modificatorias de responsabilidad penal penal cobran vida en el momento cr\u00edtico del quehacer forense representado por la dictaci\u00f3n de la sentencia condenatoria, una vez finalizado el juicio. Estos accidentes del delito, del delincuente y su conducta representan herramientas al servicio del juzgador, llegada la hora de concretizar la m\u00e1s delicada de las funciones que corresponde al tribunal penal: la de aplicar \u201cla pena justa\u201d. Esta obra se aboca al estudio de las circunstancias modificatorias gen\u00e9ricas de la responsabilidad recogidas, en un sistema de numerus clausus, por el C\u00f3digo Penal. El texto, escrito por un heterog\u00e9neo grupo de especialistas, est\u00e1 concebido para el uso de los operadores del foro, esto es, abogados defensores y querellantes, fiscales del Ministerio P\u00fablico y jueces. Por lo mismo, y con la finalidad de facilitar su uso, las distintas disposiciones del cuerpo jur\u00eddico penal b\u00e1sico, son abordadas en el mismo orden en que las recoge el c\u00f3digo, prescindiendo de las agrupaciones sistem\u00e1ticas de las mismas, que se hacen en los diversos tratados y manuales en uso en el medio nacional. Lo anterior no es obst\u00e1culo para el acabado desarrollo, que, de los preceptos correspondientes, hacen la pl\u00e9yade de acad\u00e9micas y acad\u00e9micos que colaboran en este libro, quienes desarrollan a fondo el estado de la discusi\u00f3n doctrinaria respecto de cada una de las circunstancias legisladas, y lo refuerzan con fallos de nuestros tribunales de justicia. Art. 11 N\u00ba 1 del C\u00f3digo Penal: \u201cEximentes Incompletas\u201d Roberto N\u00e1quira Baz\u00e1n\u00a0 Circunstancias atenuantes 3\u00aa y 4\u00aa Carlos K\u00fcnsem\u00fcller L. Arrebato u obcecaci\u00f3n Agustina Alvarado Ur\u00edzar\u00a0 La irreprochable conducta anterior del delincuente Manuel \u00c1ngel Gonz\u00e1lez Jara\u00a0 La circunstancia atenuante contenida en el art\u00edculo 11 numeral 7\u00ba del c\u00f3digo penal consistente en el intento celoso de remediar el perjuicio causado por el delito o de obstruir sus consecuencias da\u00f1osas posteriores Eugenio Ben\u00edtez Ram\u00edrez\u00a0 Atenuante de omisi\u00f3n de fuga u ocultaci\u00f3n y confesi\u00f3n del delito Germ\u00e1n Ovalle Colaboraci\u00f3n sustancial en el esclarecimiento de los hechos Roberto Contreras Puelles\u00a0 Obrar por celo de la justicia Hugo Rivera Villalobos\u00a0 1) Alevos\u00eda Mar\u00eda Cecilia Ram\u00edrez Guzm\u00e1n &#8211; Jean Pierre Matus Acu\u00f1a\u00a0 2) Precio, recompensa o promesa Mar\u00eda Cecilia Ram\u00edrez Guzm\u00e1n &#8211; Jean Pierre Matus Acu\u00f1a 3) Medios que puedan ocasionar grandes estragos Mar\u00eda Cecilia Ram\u00edrez Guzm\u00e1n &#8211; Jean Pierre Matus Acu\u00f1a\u00a0 4) Ensa\u00f1amiento Mar\u00eda Cecilia Ram\u00edrez Guzm\u00e1n &#8211; Jean Pierre Matus Acu\u00f1a 5) Premeditaci\u00f3n conocida, astucia, fraude o disfraz Mar\u00eda Cecilia Ram\u00edrez Guzm\u00e1n &#8211; Jean Pierre Matus Acu\u00f1a 6) Abuso de superioridad Luis Rodr\u00edguez Collao 7) Agravante de abuso de confianza Laura Mayer Lux &#8211; Jaime Vera Vega\u00a0 8) Prevalimiento del car\u00e1cter p\u00fablico Mar\u00eda Cecilia Ram\u00edrez Guzm\u00e1n &#8211; Jean Pierre Matus Acu\u00f1a 9) A\u00f1adir la ignominia Mar\u00eda Cecilia Ram\u00edrez Guzm\u00e1n &#8211; Jean Pierre Matus Acu\u00f1a 10) La circunstancia agravante de cometer un delito con ocasi\u00f3n de calamidad o desgracia Jos\u00e9 Luis Guzm\u00e1n D\u00e1lbora 11) Auxilio de gente armada o que asegure la impunidad Mar\u00eda Cecilia Ram\u00edrez Guzm\u00e1n &#8211; Jean Pierre Matus Acu\u00f1a\u00a0 12) Ejecutar el delito de noche o en despoblado Crist\u00f3bal Bonacic Midane\u00a0 13) Circunstancia agravante del art. 12 N\u00ba 13 del C\u00f3digo Penal Chileno: desprecio u ofensa a la autoridad p\u00fablica Christian Scheechler Corona\u00a0 14) Sobre la circunstancia agravante de reincidencia Enrique Aldunate Esquivel\u00a0 15) Cometer el delito en lugar destinado al ejercicio de un culto Roberto Salim-Hanna Sep\u00falveda\u00a0 16) Ofensa o desprecio de la calidad del ofendido o en su morada Gonzalo Agliati V\u00e1squez\u00a0 17) Fractura o escalamiento (Art. 12 N\u00ba 19 CP) Guillermo Oliver Calder\u00f3n\u00a0 18) Ejecutar el delito portando armas Ignacio E. Ackermann Hormaz\u00e1bal\u00a0 19) 12 N\u00ba 21, cometer el delito o participar en \u00e9l por motivos discriminatorios Dr. Mario Dur\u00e1n Migliardi\u00a0 20) La circunstancia mixta del parentesco Roc\u00edo S\u00e1nchez P\u00e9rez &#8211; Carlos Silva N\u00fa\u00f1ez 21) Prevalimiento de menores Andrea Pinto Bustos\u00a0 22) Prescripci\u00f3n gradual en el c\u00f3digo penal chileno. art\u00edculo Prof. Dr. Juan Carlos C\u00e1rcamo Olmos<\/p>\n","protected":false},"featured_media":4456,"comment_status":"open","ping_status":"closed","template":"","meta":{"inline_featured_image":false,"_joinchat":[]},"product_brand":[],"product_cat":[40,30],"product_tag":[],"class_list":{"0":"post-4426","1":"product","2":"type-product","3":"status-publish","4":"has-post-thumbnail","6":"product_cat-ediciones-juridica-de-santiago","7":"product_cat-penal","8":"product_shipping_class-a-convenir","10":"first","11":"instock","12":"shipping-taxable","13":"purchasable","14":"product-type-simple"},"_links":{"self":[{"href":"https:\/\/bibliotecajuridicavirtual.cl\/index.php\/wp-json\/wp\/v2\/product\/4426","targetHints":{"allow":["GET"]}}],"collection":[{"href":"https:\/\/bibliotecajuridicavirtual.cl\/index.php\/wp-json\/wp\/v2\/product"}],"about":[{"href":"https:\/\/bibliotecajuridicavirtual.cl\/index.php\/wp-json\/wp\/v2\/types\/product"}],"replies":[{"embeddable":true,"href":"https:\/\/bibliotecajuridicavirtual.cl\/index.php\/wp-json\/wp\/v2\/comments?post=4426"}],"wp:featuredmedia":[{"embeddable":true,"href":"https:\/\/bibliotecajuridicavirtual.cl\/index.php\/wp-json\/wp\/v2\/media\/4456"}],"wp:attachment":[{"href":"https:\/\/bibliotecajuridicavirtual.cl\/index.php\/wp-json\/wp\/v2\/media?parent=4426"}],"wp:term":[{"taxonomy":"product_brand","embeddable":true,"href":"https:\/\/bibliotecajuridicavirtual.cl\/index.php\/wp-json\/wp\/v2\/product_brand?post=4426"},{"taxonomy":"product_cat","embeddable":true,"href":"https:\/\/bibliotecajuridicavirtual.cl\/index.php\/wp-json\/wp\/v2\/product_cat?post=4426"},{"taxonomy":"product_tag","embeddable":true,"href":"https:\/\/bibliotecajuridicavirtual.cl\/index.php\/wp-json\/wp\/v2\/product_tag?post=4426"}],"curies":[{"name":"wp","href":"https:\/\/api.w.org\/{rel}","templated":true}]}}