{"id":4430,"date":"2026-02-28T01:25:33","date_gmt":"2026-02-28T04:25:33","guid":{"rendered":"https:\/\/bibliotecajuridicavirtual.cl\/?post_type=product&#038;p=4430"},"modified":"2026-02-28T01:25:53","modified_gmt":"2026-02-28T04:25:53","slug":"interpretacion-de-contratos-y-la-buena-fe-como-criterio-de-interpretacion-e-integracion-contractual-ano-2023-94-pag-autor-maria-magdalena-bustos-diaz","status":"publish","type":"product","link":"https:\/\/bibliotecajuridicavirtual.cl\/index.php\/product\/interpretacion-de-contratos-y-la-buena-fe-como-criterio-de-interpretacion-e-integracion-contractual-ano-2023-94-pag-autor-maria-magdalena-bustos-diaz\/","title":{"rendered":"Interpretaci\u00f3n de Contratos. Y la buena fe como criterio de interpretaci\u00f3n e integraci\u00f3n contractual. A\u00f1o 2023\/94 P\u00e1g. Autor Mar\u00eda Magdalena Bustos D\u00edaz"},"content":{"rendered":"<p>El presente libro constituye parte de la colecci\u00f3n de manuales elaborados por profesoras y profesores del Departamento de Derecho Privado de la Facultad de Derecho de la Universidad de Chile, y su prop\u00f3sito es ofrecer los lineamientos generales que permiten comprender el funcionamiento de las reglas y criterios de interpretaci\u00f3n e integraci\u00f3n contractual, con especial \u00e9nfasis en la buena fe; de una manera sencilla y sistem\u00e1tica, utilizando para ello ejemplos reales e hipot\u00e9ticos, as\u00ed como tambi\u00e9n referencias doctrinarias nacionales y extranjeras que permiten una mejor comprensi\u00f3n de la materia.<br \/>\nEl contenido de esta obra se ha estructurado en dos partes. La primera dice relaci\u00f3n con la interpretaci\u00f3n contractual en general y con las reglas de interpretaci\u00f3n contractual contenidas en el T\u00edtulo XIII del Libro IV del C\u00f3digo Civil. La segunda parte trata de la buena fe en general y de esta como criterio de interpretaci\u00f3n e integraci\u00f3n de deberes contractuales espec\u00edficos de conducta que se integran como parte del contenido impl\u00edcito del contrato.<br \/>\n\u00cdndice<br \/>\nABREVIATURAS\u00a0\u00a0 \u00a0\u00a0\u00a0 \u00a011<br \/>\nPREFACIO\u00a0\u00a0 \u00a0\u00a0\u00a0 \u00a013<br \/>\n1.\u2002INTERPRETACI\u00d3N CONTRACTUAL.<br \/>\nCONCEPTO, OBJETO, SISTEMAS Y REGLAS DE INTEPRETACI\u00d3N<br \/>\nCONTRACTUAL<br \/>\nI.\u00a0\u00a0 \u00a0CONCEPTO\u00a0\u00a0 \u00a0\u00a0\u00a0 \u00a015<br \/>\n1.\u00a0\u00a0 \u00a0Interpretaci\u00f3n contractual en sentido estricto\u00a0\u00a0 \u00a0\u00a0\u00a0 \u00a015<br \/>\n2.\u00a0\u00a0 \u00a0Interpretaci\u00f3n contractual en sentido amplio\u00a0\u00a0 \u00a0\u00a0\u00a0 \u00a016<br \/>\nA.\u00a0\u00a0 \u00a0Primera fase: Precisi\u00f3n del contenido y alcance de la declaraci\u00f3n de voluntad manifestada en el texto contractual\u00a0\u00a0 \u00a0\u00a0\u00a0 \u00a016<br \/>\nB.\u00a0\u00a0 \u00a0Segunda fase: Determinaci\u00f3n de los efectos jur\u00eddicos del contrato\u00a0\u00a0 \u00a0\u00a0\u00a0 \u00a020<br \/>\nII.\u00a0\u00a0 \u00a0OBJETO DE LA INTERPRETACI\u00d3N CONTRACTUAL\u00a0\u00a0 \u00a0\u00a0\u00a0 \u00a022<br \/>\n1.\u00a0\u00a0 \u00a0La voluntad com\u00fan como objeto de la interpretaci\u00f3n contractual\u00a0\u00a0 \u00a0\u00a0\u00a0 \u00a022<br \/>\n2.\u00a0\u00a0 \u00a0La voluntad com\u00fan contractual que es objeto de la interpretaci\u00f3n contractual debe exteriorizarse\u00a0\u00a0 \u00a0\u00a0\u00a0 \u00a024<br \/>\n3.\u00a0\u00a0 \u00a0El conocimiento y precisi\u00f3n de la voluntad com\u00fan contractual: \u00bfcuesti\u00f3n de hecho o de derecho?\u00a0\u00a0 \u00a0\u00a0\u00a0 \u00a024<br \/>\nIII.\u00a0\u00a0 \u00a0SISTEMAS DE INTERPRETACI\u00d3N CONTRACTUAL\u00a0\u00a0 \u00a0\u00a0\u00a0 \u00a026<br \/>\n1.\u00a0\u00a0 \u00a0Sistema de interpretaci\u00f3n contractual objetivo\u00a0\u00a0 \u00a0\u00a0\u00a0 \u00a026<br \/>\n2.\u00a0\u00a0 \u00a0Sistema de interpretaci\u00f3n contractual subjetivo\u00a0\u00a0 \u00a0\u00a0\u00a0 \u00a027<br \/>\nIV.\u00a0\u00a0 \u00a0REGLAS DE INTERPRETACI\u00d3N CONTRACTUAL\u00a0\u00a0 \u00a0\u00a0\u00a0 \u00a029<br \/>\n1.\u00a0\u00a0 \u00a0Art\u00edculo 1560 del C\u00f3digo Civil: \u201cconocida claramente la intenci\u00f3n de los contratantes, debe estarse a ella m\u00e1s que a lo literal de las palabras\u201d\u00a0\u00a0 \u00a0\u00a0\u00a0 \u00a030<br \/>\n2.\u00a0\u00a0 \u00a0Art\u00edculo 1561 del C\u00f3digo Civil. Regla de la aplicaci\u00f3n restringida del texto contractual\u00a0\u00a0 \u00a0\u00a0\u00a0 \u00a034<br \/>\n3.\u00a0\u00a0 \u00a0Art\u00edculo 1562 del C\u00f3digo Civil. Regla de la utilidad de las cl\u00e1usulas\u00a0\u00a0 \u00a0\u00a0\u00a0 \u00a036<br \/>\n4.\u00a0\u00a0 \u00a0Art\u00edculo 1563 inc.\u00a01\u00ba del C\u00f3digo Civil. Regla del sentido natural del contrato\u00a0\u00a0 \u00a0\u00a0\u00a0 \u00a037<br \/>\n5.\u00a0\u00a0 \u00a0Art\u00edculo 1563 inc.\u00a02\u00ba del C\u00f3digo Civil. Regla de integraci\u00f3n de las cl\u00e1usulas de uso com\u00fan\u00a0\u00a0 \u00a0\u00a0\u00a0 \u00a038<br \/>\n6.\u00a0\u00a0 \u00a0Art\u00edculo 1564 inc.\u00a01\u00ba del C\u00f3digo Civil. Regla de la armon\u00eda de las cl\u00e1usulas\u00a0\u00a0 \u00a0\u00a0\u00a0 \u00a039<br \/>\n7.\u00a0\u00a0 \u00a0Art\u00edculo 1564 inc.\u00a02\u00ba del C\u00f3digo Civil. Regla de la analog\u00eda\u00a0\u00a0 \u00a0\u00a0\u00a0 \u00a040<br \/>\n8.\u00a0\u00a0 \u00a0Art\u00edculo 1564 inc.\u00a03\u00ba del C\u00f3digo Civil. Interpretaci\u00f3n autentica\u00a0\u00a0 \u00a0\u00a0\u00a0 \u00a041<br \/>\n9.\u00a0\u00a0 \u00a0Art\u00edculo 1565 del C\u00f3digo Civil. Regla de la natural extensi\u00f3n del contrato\u00a0\u00a0 \u00a0\u00a0\u00a0 \u00a044<br \/>\n10.\u00a0\u00a0 \u00a0Art\u00edculo 1566 inc.\u00a01\u00ba del C\u00f3digo Civil. Regla de la \u00faltima alternativa\u00a0\u00a0 \u00a0\u00a0\u00a0 \u00a045<br \/>\n11.\u00a0\u00a0 \u00a0Art\u00edculo 1566 inc.\u00a02\u00ba del C\u00f3digo Civil. Regla de las cl\u00e1usulas ambiguas\u00a0\u00a0 \u00a0\u00a0\u00a0 \u00a046<br \/>\n2.\u2002LA BUENA FE EN GENERAL Y COMO CRITERIO<br \/>\nDE INTERPRETACI\u00d3N E INTEGRACI\u00d3N CONTRACTUAL<br \/>\nI.\u00a0\u00a0 \u00a0LA BUENA FE\u00a0\u00a0 \u00a0\u00a0\u00a0 \u00a049<br \/>\n1.\u00a0\u00a0 \u00a0Concepto y referencias doctrinarias\u00a0\u00a0 \u00a0\u00a0\u00a0 \u00a050<br \/>\n2.\u00a0\u00a0 \u00a0Indeterminaci\u00f3n de la buena fe y sus ventajas\u00a0\u00a0 \u00a0\u00a0\u00a0 \u00a052<br \/>\n3.\u00a0\u00a0 \u00a0La buena fe. Un concepto indeterminado normativo objetivo\u00a0\u00a0 \u00a0\u00a0\u00a0 \u00a055<br \/>\n4.\u00a0\u00a0 \u00a0El origen romano de la buena fe\u00a0\u00a0 \u00a0\u00a0\u00a0 \u00a056<br \/>\n5.\u00a0\u00a0 \u00a0Casu\u00edstica jurisprudencial de la buena fe en Roma y su reflejo en la legislaci\u00f3n actual\u00a0\u00a0 \u00a0\u00a0\u00a0 \u00a059<br \/>\nA.\u00a0\u00a0 \u00a0Compensaci\u00f3n con base en la reciprocidad de las obligaciones\u00a0\u00a0 \u00a0\u00a0\u00a0 \u00a059<br \/>\nB.\u00a0\u00a0 \u00a0Excepciones impl\u00edcitas\u00a0\u00a0 \u00a0\u00a0\u00a0 \u00a059<br \/>\nC.\u00a0\u00a0 \u00a0Extensi\u00f3n de la obligaci\u00f3n\u00a0\u00a0 \u00a0\u00a0\u00a0 \u00a060<br \/>\nD.\u00a0\u00a0 \u00a0La culpa como conducta contraria a la buena fe\u00a0\u00a0 \u00a0\u00a0\u00a0 \u00a060<br \/>\nE.\u00a0\u00a0 \u00a0Posibilidad de enervar la acci\u00f3n con el pago\u00a0\u00a0 \u00a0\u00a0\u00a0 \u00a061<br \/>\nII.\u00a0\u00a0 \u00a0LA BUENA FE COMO CRITERIO DE INTERPRETACI\u00d3N CONTRACTUAL\u00a0\u00a0 \u00a0\u00a0\u00a0 \u00a063<br \/>\n1.\u00a0\u00a0 \u00a0Funcionamiento de la buena fe como criterio de interpretaci\u00f3n contractual\u00a0\u00a0 \u00a0\u00a0\u00a0 \u00a063<br \/>\n2.\u00a0\u00a0 \u00a0Manifestaciones de la buena fe como criterio de interpretaci\u00f3n contractual\u00a0\u00a0 \u00a0\u00a0\u00a0 \u00a066<br \/>\nA.\u00a0\u00a0 \u00a0La buena fe como criterio para precisar el sentido de las expresiones y disposiciones contractuales\u00a0\u00a0 \u00a0\u00a0\u00a0 \u00a066<br \/>\nB.\u00a0\u00a0 \u00a0La buena fe como criterio para determinar la forma en que debe cumplirse con la prestaci\u00f3n\u00a0\u00a0 \u00a0\u00a0\u00a0 \u00a067<br \/>\nC.\u00a0\u00a0 \u00a0La buena fe como criterio para determinar el cumplimiento o incumplimiento de obligaciones contractuales\u00a0\u00a0 \u00a0\u00a0\u00a0 \u00a068<br \/>\nD.\u00a0\u00a0 \u00a0La buena fe como correctora de la autonom\u00eda de la voluntad\u00a0\u00a0 \u00a0\u00a0\u00a0 \u00a069<br \/>\nIII.\u00a0\u00a0 \u00a0LA BUENA FE COMO CRITERIO DE INTEGRACI\u00d3N CONTRACTUAL\u00a0\u00a0 \u00a0\u00a0\u00a0 \u00a070<br \/>\n1.\u00a0\u00a0 \u00a0La buena fe integra deberes de conducta impl\u00edcitos\u00a0\u00a0 \u00a0\u00a0\u00a0 \u00a070<br \/>\n2.\u00a0\u00a0 \u00a0Alcance del art\u00edculo 1546 del C\u00f3digo Civil como criterio de integraci\u00f3n contractual\u00a0\u00a0 \u00a0\u00a0\u00a0 \u00a071<br \/>\n3.\u00a0\u00a0 \u00a0Lo que la buena fe exige integra el contenido del contrato. Examen de las fuentes hist\u00f3ricas del art\u00edculo 1546 del C\u00f3digo Civil\u00a0\u00a0 \u00a0\u00a0\u00a0 \u00a073<br \/>\n4.\u00a0\u00a0 \u00a0La buena fe exige integrar aquello que emana de la naturaleza de la obligaci\u00f3n y la costumbre, y no los elementos de la naturaleza del contrato\u00a0\u00a0 \u00a0\u00a0\u00a0 \u00a076<br \/>\nA.\u00a0\u00a0 \u00a0Razones para diferenciar los elementos de la naturaleza del contrato de aquellos que la buena fe exige integrar porque emanan de la naturaleza de la obligaci\u00f3n\u00a0\u00a0 \u00a0\u00a0\u00a0 \u00a076<br \/>\nB.\u00a0\u00a0 \u00a0La costumbre que por exigencia de la buena fe se integra al contrato debe entenderse en un sentido distinto de la costumbre a la que la ley se remite expresamente\u00a0\u00a0 \u00a0\u00a0\u00a0 \u00a079<br \/>\n5.\u00a0\u00a0 \u00a0Lo que por exigencia de la buena fe se integra\u00a0\u00a0 \u00a0\u00a0\u00a0 \u00a081<br \/>\n6.\u00a0\u00a0 \u00a0La buena fe permite justificar deberes de conducta exigidos por ley\u00a0\u00a0 \u00a0\u00a0\u00a0 \u00a084<br \/>\nBIBLIOGRAF\u00cdA\u00a0\u00a0 \u00a0\u00a0\u00a0 \u00a087<\/p>\n","protected":false},"excerpt":{"rendered":"<p>El presente libro constituye parte de la colecci\u00f3n de manuales elaborados por profesoras y profesores del Departamento de Derecho Privado de la Facultad de Derecho de la Universidad de Chile, y su prop\u00f3sito es ofrecer los lineamientos generales que permiten comprender el funcionamiento de las reglas y criterios de interpretaci\u00f3n e integraci\u00f3n contractual, con especial \u00e9nfasis en la buena fe; de una manera sencilla y sistem\u00e1tica, utilizando para ello ejemplos reales e hipot\u00e9ticos, as\u00ed como tambi\u00e9n referencias doctrinarias nacionales y extranjeras que permiten una mejor comprensi\u00f3n de la materia. El contenido de esta obra se ha estructurado en dos partes. La primera dice relaci\u00f3n con la interpretaci\u00f3n contractual en general y con las reglas de interpretaci\u00f3n contractual contenidas en el T\u00edtulo XIII del Libro IV del C\u00f3digo Civil. La segunda parte trata de la buena fe en general y de esta como criterio de interpretaci\u00f3n e integraci\u00f3n de deberes contractuales espec\u00edficos de conducta que se integran como parte del contenido impl\u00edcito del contrato. \u00cdndice ABREVIATURAS\u00a0\u00a0 \u00a0\u00a0\u00a0 \u00a011 PREFACIO\u00a0\u00a0 \u00a0\u00a0\u00a0 \u00a013 1.\u2002INTERPRETACI\u00d3N CONTRACTUAL. CONCEPTO, OBJETO, SISTEMAS Y REGLAS DE INTEPRETACI\u00d3N CONTRACTUAL I.\u00a0\u00a0 \u00a0CONCEPTO\u00a0\u00a0 \u00a0\u00a0\u00a0 \u00a015 1.\u00a0\u00a0 \u00a0Interpretaci\u00f3n contractual en sentido estricto\u00a0\u00a0 \u00a0\u00a0\u00a0 \u00a015 2.\u00a0\u00a0 \u00a0Interpretaci\u00f3n contractual en sentido amplio\u00a0\u00a0 \u00a0\u00a0\u00a0 \u00a016 A.\u00a0\u00a0 \u00a0Primera fase: Precisi\u00f3n del contenido y alcance de la declaraci\u00f3n de voluntad manifestada en el texto contractual\u00a0\u00a0 \u00a0\u00a0\u00a0 \u00a016 B.\u00a0\u00a0 \u00a0Segunda fase: Determinaci\u00f3n de los efectos jur\u00eddicos del contrato\u00a0\u00a0 \u00a0\u00a0\u00a0 \u00a020 II.\u00a0\u00a0 \u00a0OBJETO DE LA INTERPRETACI\u00d3N CONTRACTUAL\u00a0\u00a0 \u00a0\u00a0\u00a0 \u00a022 1.\u00a0\u00a0 \u00a0La voluntad com\u00fan como objeto de la interpretaci\u00f3n contractual\u00a0\u00a0 \u00a0\u00a0\u00a0 \u00a022 2.\u00a0\u00a0 \u00a0La voluntad com\u00fan contractual que es objeto de la interpretaci\u00f3n contractual debe exteriorizarse\u00a0\u00a0 \u00a0\u00a0\u00a0 \u00a024 3.\u00a0\u00a0 \u00a0El conocimiento y precisi\u00f3n de la voluntad com\u00fan contractual: \u00bfcuesti\u00f3n de hecho o de derecho?\u00a0\u00a0 \u00a0\u00a0\u00a0 \u00a024 III.\u00a0\u00a0 \u00a0SISTEMAS DE INTERPRETACI\u00d3N CONTRACTUAL\u00a0\u00a0 \u00a0\u00a0\u00a0 \u00a026 1.\u00a0\u00a0 \u00a0Sistema de interpretaci\u00f3n contractual objetivo\u00a0\u00a0 \u00a0\u00a0\u00a0 \u00a026 2.\u00a0\u00a0 \u00a0Sistema de interpretaci\u00f3n contractual subjetivo\u00a0\u00a0 \u00a0\u00a0\u00a0 \u00a027 IV.\u00a0\u00a0 \u00a0REGLAS DE INTERPRETACI\u00d3N CONTRACTUAL\u00a0\u00a0 \u00a0\u00a0\u00a0 \u00a029 1.\u00a0\u00a0 \u00a0Art\u00edculo 1560 del C\u00f3digo Civil: \u201cconocida claramente la intenci\u00f3n de los contratantes, debe estarse a ella m\u00e1s que a lo literal de las palabras\u201d\u00a0\u00a0 \u00a0\u00a0\u00a0 \u00a030 2.\u00a0\u00a0 \u00a0Art\u00edculo 1561 del C\u00f3digo Civil. Regla de la aplicaci\u00f3n restringida del texto contractual\u00a0\u00a0 \u00a0\u00a0\u00a0 \u00a034 3.\u00a0\u00a0 \u00a0Art\u00edculo 1562 del C\u00f3digo Civil. Regla de la utilidad de las cl\u00e1usulas\u00a0\u00a0 \u00a0\u00a0\u00a0 \u00a036 4.\u00a0\u00a0 \u00a0Art\u00edculo 1563 inc.\u00a01\u00ba del C\u00f3digo Civil. Regla del sentido natural del contrato\u00a0\u00a0 \u00a0\u00a0\u00a0 \u00a037 5.\u00a0\u00a0 \u00a0Art\u00edculo 1563 inc.\u00a02\u00ba del C\u00f3digo Civil. Regla de integraci\u00f3n de las cl\u00e1usulas de uso com\u00fan\u00a0\u00a0 \u00a0\u00a0\u00a0 \u00a038 6.\u00a0\u00a0 \u00a0Art\u00edculo 1564 inc.\u00a01\u00ba del C\u00f3digo Civil. Regla de la armon\u00eda de las cl\u00e1usulas\u00a0\u00a0 \u00a0\u00a0\u00a0 \u00a039 7.\u00a0\u00a0 \u00a0Art\u00edculo 1564 inc.\u00a02\u00ba del C\u00f3digo Civil. Regla de la analog\u00eda\u00a0\u00a0 \u00a0\u00a0\u00a0 \u00a040 8.\u00a0\u00a0 \u00a0Art\u00edculo 1564 inc.\u00a03\u00ba del C\u00f3digo Civil. Interpretaci\u00f3n autentica\u00a0\u00a0 \u00a0\u00a0\u00a0 \u00a041 9.\u00a0\u00a0 \u00a0Art\u00edculo 1565 del C\u00f3digo Civil. Regla de la natural extensi\u00f3n del contrato\u00a0\u00a0 \u00a0\u00a0\u00a0 \u00a044 10.\u00a0\u00a0 \u00a0Art\u00edculo 1566 inc.\u00a01\u00ba del C\u00f3digo Civil. Regla de la \u00faltima alternativa\u00a0\u00a0 \u00a0\u00a0\u00a0 \u00a045 11.\u00a0\u00a0 \u00a0Art\u00edculo 1566 inc.\u00a02\u00ba del C\u00f3digo Civil. Regla de las cl\u00e1usulas ambiguas\u00a0\u00a0 \u00a0\u00a0\u00a0 \u00a046 2.\u2002LA BUENA FE EN GENERAL Y COMO CRITERIO DE INTERPRETACI\u00d3N E INTEGRACI\u00d3N CONTRACTUAL I.\u00a0\u00a0 \u00a0LA BUENA FE\u00a0\u00a0 \u00a0\u00a0\u00a0 \u00a049 1.\u00a0\u00a0 \u00a0Concepto y referencias doctrinarias\u00a0\u00a0 \u00a0\u00a0\u00a0 \u00a050 2.\u00a0\u00a0 \u00a0Indeterminaci\u00f3n de la buena fe y sus ventajas\u00a0\u00a0 \u00a0\u00a0\u00a0 \u00a052 3.\u00a0\u00a0 \u00a0La buena fe. Un concepto indeterminado normativo objetivo\u00a0\u00a0 \u00a0\u00a0\u00a0 \u00a055 4.\u00a0\u00a0 \u00a0El origen romano de la buena fe\u00a0\u00a0 \u00a0\u00a0\u00a0 \u00a056 5.\u00a0\u00a0 \u00a0Casu\u00edstica jurisprudencial de la buena fe en Roma y su reflejo en la legislaci\u00f3n actual\u00a0\u00a0 \u00a0\u00a0\u00a0 \u00a059 A.\u00a0\u00a0 \u00a0Compensaci\u00f3n con base en la reciprocidad de las obligaciones\u00a0\u00a0 \u00a0\u00a0\u00a0 \u00a059 B.\u00a0\u00a0 \u00a0Excepciones impl\u00edcitas\u00a0\u00a0 \u00a0\u00a0\u00a0 \u00a059 C.\u00a0\u00a0 \u00a0Extensi\u00f3n de la obligaci\u00f3n\u00a0\u00a0 \u00a0\u00a0\u00a0 \u00a060 D.\u00a0\u00a0 \u00a0La culpa como conducta contraria a la buena fe\u00a0\u00a0 \u00a0\u00a0\u00a0 \u00a060 E.\u00a0\u00a0 \u00a0Posibilidad de enervar la acci\u00f3n con el pago\u00a0\u00a0 \u00a0\u00a0\u00a0 \u00a061 II.\u00a0\u00a0 \u00a0LA BUENA FE COMO CRITERIO DE INTERPRETACI\u00d3N CONTRACTUAL\u00a0\u00a0 \u00a0\u00a0\u00a0 \u00a063 1.\u00a0\u00a0 \u00a0Funcionamiento de la buena fe como criterio de interpretaci\u00f3n contractual\u00a0\u00a0 \u00a0\u00a0\u00a0 \u00a063 2.\u00a0\u00a0 \u00a0Manifestaciones de la buena fe como criterio de interpretaci\u00f3n contractual\u00a0\u00a0 \u00a0\u00a0\u00a0 \u00a066 A.\u00a0\u00a0 \u00a0La buena fe como criterio para precisar el sentido de las expresiones y disposiciones contractuales\u00a0\u00a0 \u00a0\u00a0\u00a0 \u00a066 B.\u00a0\u00a0 \u00a0La buena fe como criterio para determinar la forma en que debe cumplirse con la prestaci\u00f3n\u00a0\u00a0 \u00a0\u00a0\u00a0 \u00a067 C.\u00a0\u00a0 \u00a0La buena fe como criterio para determinar el cumplimiento o incumplimiento de obligaciones contractuales\u00a0\u00a0 \u00a0\u00a0\u00a0 \u00a068 D.\u00a0\u00a0 \u00a0La buena fe como correctora de la autonom\u00eda de la voluntad\u00a0\u00a0 \u00a0\u00a0\u00a0 \u00a069 III.\u00a0\u00a0 \u00a0LA BUENA FE COMO CRITERIO DE INTEGRACI\u00d3N CONTRACTUAL\u00a0\u00a0 \u00a0\u00a0\u00a0 \u00a070 1.\u00a0\u00a0 \u00a0La buena fe integra deberes de conducta impl\u00edcitos\u00a0\u00a0 \u00a0\u00a0\u00a0 \u00a070 2.\u00a0\u00a0 \u00a0Alcance del art\u00edculo 1546 del C\u00f3digo Civil como criterio de integraci\u00f3n contractual\u00a0\u00a0 \u00a0\u00a0\u00a0 \u00a071 3.\u00a0\u00a0 \u00a0Lo que la buena fe exige integra el contenido del contrato. Examen de las fuentes hist\u00f3ricas del art\u00edculo 1546 del C\u00f3digo Civil\u00a0\u00a0 \u00a0\u00a0\u00a0 \u00a073 4.\u00a0\u00a0 \u00a0La buena fe exige integrar aquello que emana de la naturaleza de la obligaci\u00f3n y la costumbre, y no los elementos de la naturaleza del contrato\u00a0\u00a0 \u00a0\u00a0\u00a0 \u00a076 A.\u00a0\u00a0 \u00a0Razones para diferenciar los elementos de la naturaleza del contrato de aquellos que la buena fe exige integrar porque emanan de la naturaleza de la obligaci\u00f3n\u00a0\u00a0 \u00a0\u00a0\u00a0 \u00a076 B.\u00a0\u00a0 \u00a0La costumbre que por exigencia de la buena fe se integra al contrato debe entenderse en un sentido distinto de la costumbre a la que la ley se remite expresamente\u00a0\u00a0 \u00a0\u00a0\u00a0 \u00a079 5.\u00a0\u00a0 \u00a0Lo que por exigencia de la buena fe se integra\u00a0\u00a0 \u00a0\u00a0\u00a0 \u00a081 6.\u00a0\u00a0 \u00a0La buena fe permite justificar deberes de conducta exigidos por ley\u00a0\u00a0 \u00a0\u00a0\u00a0 \u00a084 BIBLIOGRAF\u00cdA\u00a0\u00a0 \u00a0\u00a0\u00a0 \u00a087<\/p>\n","protected":false},"featured_media":4460,"comment_status":"open","ping_status":"closed","template":"","meta":{"inline_featured_image":false,"_joinchat":[]},"product_brand":[],"product_cat":[27],"product_tag":[],"class_list":{"0":"post-4430","1":"product","2":"type-product","3":"status-publish","4":"has-post-thumbnail","6":"product_cat-civil","7":"product_shipping_class-a-convenir","9":"first","10":"instock","11":"shipping-taxable","12":"purchasable","13":"product-type-simple"},"_links":{"self":[{"href":"https:\/\/bibliotecajuridicavirtual.cl\/index.php\/wp-json\/wp\/v2\/product\/4430","targetHints":{"allow":["GET"]}}],"collection":[{"href":"https:\/\/bibliotecajuridicavirtual.cl\/index.php\/wp-json\/wp\/v2\/product"}],"about":[{"href":"https:\/\/bibliotecajuridicavirtual.cl\/index.php\/wp-json\/wp\/v2\/types\/product"}],"replies":[{"embeddable":true,"href":"https:\/\/bibliotecajuridicavirtual.cl\/index.php\/wp-json\/wp\/v2\/comments?post=4430"}],"wp:featuredmedia":[{"embeddable":true,"href":"https:\/\/bibliotecajuridicavirtual.cl\/index.php\/wp-json\/wp\/v2\/media\/4460"}],"wp:attachment":[{"href":"https:\/\/bibliotecajuridicavirtual.cl\/index.php\/wp-json\/wp\/v2\/media?parent=4430"}],"wp:term":[{"taxonomy":"product_brand","embeddable":true,"href":"https:\/\/bibliotecajuridicavirtual.cl\/index.php\/wp-json\/wp\/v2\/product_brand?post=4430"},{"taxonomy":"product_cat","embeddable":true,"href":"https:\/\/bibliotecajuridicavirtual.cl\/index.php\/wp-json\/wp\/v2\/product_cat?post=4430"},{"taxonomy":"product_tag","embeddable":true,"href":"https:\/\/bibliotecajuridicavirtual.cl\/index.php\/wp-json\/wp\/v2\/product_tag?post=4430"}],"curies":[{"name":"wp","href":"https:\/\/api.w.org\/{rel}","templated":true}]}}