{"id":4466,"date":"2026-02-28T01:25:55","date_gmt":"2026-02-28T04:25:55","guid":{"rendered":"https:\/\/bibliotecajuridicavirtual.cl\/?post_type=product&#038;p=4466"},"modified":"2026-02-28T01:26:08","modified_gmt":"2026-02-28T04:26:08","slug":"practica-forense-procesal-civil-formularios-2-tomos-2da-edicion-ano-2021-792-pag-autor-eric-andres-chavez-chavez","status":"publish","type":"product","link":"https:\/\/bibliotecajuridicavirtual.cl\/index.php\/product\/practica-forense-procesal-civil-formularios-2-tomos-2da-edicion-ano-2021-792-pag-autor-eric-andres-chavez-chavez\/","title":{"rendered":"Pr\u00e1ctica Forense Procesal Civil (Formularios). 2 Tomos, 2da Edici\u00f3n. A\u00f1o 2021\/792 P\u00e1g. Autor  Eric Andr\u00e9s Ch\u00e1vez Ch\u00e1vez"},"content":{"rendered":"<div id=\"sinopsis\" class=\"tab-pane fade in active\" role=\"tabpanel\">\n<div class=\"row row-detalle-libro\">\n<div class=\"col-md-8 col-sm-8\">\n<div id=\"bookmiscSinopsisValoraciones\" class=\"book-misc tabcontainer\">\n<h5><em><strong>Tomo I (Demandas)<\/strong><\/em><\/h5>\n<h5><em><strong>Tomo II (Escritos de Mara Tramitaci\u00f3n y Recursos Procesales)<\/strong><\/em><\/h5>\n<p>La presente obra que comprende dos tomos, con las diferentes materias principales que se tramitan en los juzgados civiles, para dar una visi\u00f3n a la redacci\u00f3n de los diferentes libelos, que tienen por objeto dar al abogado que ejerce la profesi\u00f3n ante los tribunales y ejercicio libre, una actualizaci\u00f3n de los \u201cformularios\u201d, esto es, de los principales escritos, los cuales fueron actualizados, ampliados y revisados para un mejor desempe\u00f1o profesional de su labor diaria.<\/p>\n<\/div>\n<\/div>\n<\/div>\n<\/div>\n<p>Autor: Eric Andr\u00e9s Ch\u00e1vez Ch\u00e1vez<\/p>\n<h4><em><strong>Ediciones Jur\u00eddicas Tofulex<\/strong><\/em><\/h4>\n<hr \/>\n<p><b><strong>TOMO I<\/strong><\/b><\/p>\n<p><b><strong>CAP\u00cdTULO I<\/strong><\/b><b><strong><br \/>\nAMPARO DE AGUAS<\/strong><\/b><\/p>\n<p><b><strong>CAP\u00cdTULO II<\/strong><\/b><b><strong><br \/>\nGESTI\u00d3N PREPARATORIA<\/strong><\/b><\/p>\n<p><b><strong>CAP\u00cdTULO III<\/strong><\/b><b><strong><br \/>\nPROCEDIMIENTOS CONCURSALES<\/strong><\/b><\/p>\n<p><b><strong>CAP\u00cdTULO IV<\/strong><\/b><b><strong><br \/>\nPROCEDIMIENTOS DESPOSEIMIENTO<\/strong><\/b><\/p>\n<p><b><strong>CAP\u00cdTULO V<\/strong><\/b><b><strong><br \/>\nPROCEDIMIENTO ORDINARIO DE MENOR CUANT\u00cdA<\/strong><\/b><\/p>\n<p><b><strong>CAP\u00cdTULO VI<\/strong><\/b><b><strong><br \/>\nPROCEDIMIENTO ORDINARIO M\u00cdNIMA CUANT\u00cdA<\/strong><\/b><\/p>\n<p><b><strong>CAP\u00cdTULO VII<\/strong><\/b><b><strong><br \/>\nPROCEDIMIENTOS MINEROS<\/strong><\/b><\/p>\n<p><b><strong>CAP\u00cdTULO VIII<\/strong><\/b><b><strong><br \/>\nPROCEDIMIENTO ORDINARIO<\/strong><\/b><\/p>\n<ol>\n<li>Acci\u00f3n quanti minoris<\/li>\n<li>Acci\u00f3n de petici\u00f3n de herencia<\/li>\n<li>Acci\u00f3n pauliana o revocatoria<\/li>\n<li>Cobro de pesos<\/li>\n<li>Cumplimiento de contrato<\/li>\n<li>Enriquecimiento si causa o acci\u00f3n quanti minoris<\/li>\n<li>Hacienda<\/li>\n<li>Indemnizaci\u00f3n de perjuicios<\/li>\n<li>Interdicci\u00f3n por demencia<\/li>\n<li>Nulidad de contrato<\/li>\n<li>Prescripci\u00f3n<\/li>\n<li>Reivindicaci\u00f3n<\/li>\n<li>Resoluci\u00f3n contrato<\/li>\n<li>Vicios Redhibitorios<\/li>\n<\/ol>\n<p><b><strong>CAP\u00cdTULO IX<br \/>\nPROCEDIMIENTO PARTICULAR. AVER\u00cdA COM\u00daN<\/strong><\/b><\/p>\n<p><b><strong>CAP\u00cdTULO X<br \/>\nPROCEDIMIENTO PARTICULAR CITACI\u00d3N DE EVICCI\u00d3N<\/strong><\/b><\/p>\n<p><b><strong>CAP\u00cdTULO XI<br \/>\nPROCEDIMIENTO PARTICULAR. PAGO POR CONSIGNACI\u00d3N<\/strong><\/b><\/p>\n<p><b><strong>CAP\u00cdTULO XII<br \/>\nPROCEDIMIENTOS SUMARIOS<\/strong><\/b><\/p>\n<p><b><strong>CAP\u00cdTULO XIII<br \/>\nPROCEDIMIENTOS DE TERCER\u00cdAS<\/strong><\/b><\/p>\n<p><b><strong>CAP\u00cdTULO XIV<br \/>\nPROCEDIMIENTO EJECUTIVO<\/strong><\/b><\/p>\n<p><b><strong>CAP\u00cdTULO XV<br \/>\nQUERELLA. GIRO DOLOSO CHEQUES<\/strong><\/b><\/p>\n<p><em><b><strong>TOMO II<\/strong><\/b><\/em><\/p>\n<p><b><strong>PRIMERA PARTE<\/strong><\/b><b><strong><br \/>\nESCRITOS DE MERA TRAMITACI\u00d3N<\/strong><\/b><\/p>\n<p><b><strong>CAP\u00cdTULO I<\/strong><\/b><b><strong><br \/>\nALZAMIENTOS<\/strong><\/b><\/p>\n<p><b><strong>CAP\u00cdTULO II<\/strong><\/b><b><strong><br \/>\nABANDONO DE PROCEDIMIENTO<\/strong><\/b><\/p>\n<p><b><strong>CAP\u00cdTULO III<\/strong><\/b><b><strong><br \/>\nABSOLUCI\u00d3N POSICIONES<\/strong><\/b><\/p>\n<p><b><strong>CAP\u00cdTULO IV<\/strong><\/b><b><strong><br \/>\nACUMULACI\u00d3N DE AUTOS<\/strong><\/b><\/p>\n<p><b><strong>CAP\u00cdTULO V<\/strong><\/b><b><strong><br \/>\nAPERCIBIMIENTO<\/strong><\/b><\/p>\n<p><b><strong>CAP\u00cdTULO VI<\/strong><\/b><b><strong><br \/>\nARRESTO<\/strong><\/b><\/p>\n<p><b><strong>CAP\u00cdTULO VII<\/strong><\/b><b><strong><br \/>\nAUTORIZACI\u00d3N DE JUEZ EMBARGANTE<\/strong><\/b><\/p>\n<p><b><strong>CAP\u00cdTULO VIII<\/strong><\/b><b><strong><br \/>\nAVENIMIENTO<\/strong><\/b><\/p>\n<p><b><strong>CAP\u00cdTULO IX<\/strong><\/b><b><strong><br \/>\nCAUSA A PRUEBA<\/strong><\/b><\/p>\n<p><b><strong>CAP\u00cdTULO X<\/strong><\/b><b><strong><br \/>\nCERTIFICACI\u00d3N<\/strong><\/b><\/p>\n<p><b><strong>CAP\u00cdTULO XI<\/strong><\/b><b><strong><br \/>\nCHEQUE<\/strong><\/b><\/p>\n<p><b><strong>CAP\u00cdTULO XII<\/strong><\/b><b><strong><br \/>\nCITACI\u00d3N A O\u00cdR SENTENCIA<\/strong><\/b><\/p>\n<p><b><strong>CAP\u00cdTULO XIII<\/strong><\/b><b><strong><br \/>\nCITACI\u00d3N ACREEDORES HIPOTECARIOS<\/strong><\/b><\/p>\n<p><b><strong>CAP\u00cdTULO XIV<\/strong><\/b><b><strong><br \/>\nCOMPARECENCIA EN JUICIO<\/strong><\/b><\/p>\n<p>&nbsp;<\/p>\n<ol>\n<li>Comparecencia en segunda instancia<\/li>\n<li>Comparecencia en primera instancia<\/li>\n<\/ol>\n<p><b><strong>CAP\u00cdTULO XV<\/strong><\/b><b><strong><br \/>\nCONSIGNA<\/strong><\/b><\/p>\n<p><b><strong>CAP\u00cdTULO XVI<\/strong><\/b><b><strong><br \/>\nCONTESTA DEMANDA<\/strong><\/b><\/p>\n<p><b><strong>CAP\u00cdTULO XVII<\/strong><\/b><b><strong><br \/>\nCOTEJO DOCUMENTOS<\/strong><\/b><\/p>\n<p><b><strong>CAP\u00cdTULO XVIII<\/strong><\/b><b><strong><br \/>\nCUMPLE LO ORDENADO<\/strong><\/b><\/p>\n<p><b><strong>CAP\u00cdTULO XIX<\/strong><\/b><b><strong><br \/>\nCUESTI\u00d3N DE COMPETENCIA<\/strong><\/b><\/p>\n<p><b><strong>CAP\u00cdTULO XX<\/strong><\/b><b><strong><br \/>\nCUMPLIMIENTO SENTENCIA<\/strong><\/b><\/p>\n<p><b><strong>CAP\u00cdTULO XXI<\/strong><\/b><b><strong><br \/>\nDEFENSOR P\u00daBLICO<\/strong><\/b><\/p>\n<p><b><strong>CAP\u00cdTULO XXII<\/strong><\/b><b><strong><br \/>\nDESARCHIVO<\/strong><\/b><\/p>\n<p><b><strong>CAP\u00cdTULO XXIII<\/strong><\/b><b><strong><br \/>\nDESISTIMIENTO DEMANDA<\/strong><\/b><\/p>\n<p><b><strong>CAP\u00cdTULO XXIV<\/strong><\/b><b><strong><br \/>\nD\u00cdA Y HORA<\/strong><\/b><\/p>\n<p><b><strong>CAP\u00cdTULO XXV<\/strong><\/b><b><strong><br \/>\nDOCUMENTOS<\/strong><\/b><\/p>\n<p><b><strong>CAP\u00cdTULO XXVI<\/strong><\/b><b><strong><br \/>\nD\u00daPLICA<\/strong><\/b><\/p>\n<p><b><strong>CAP\u00cdTULO XXVII<\/strong><\/b><b><strong><br \/>\nEXEQU\u00c1TUR<\/strong><\/b><\/p>\n<p><b><strong>CAP\u00cdTULO XXVIII<br \/>\n<\/strong><\/b><b><strong>EXHORTOS<\/strong><\/b><\/p>\n<p><b><strong>CAP\u00cdTULO XXIX<\/strong><\/b><b><strong><br \/>\nEXPEDIENTE A LA VISTA<\/strong><\/b><\/p>\n<p><b><strong>CAP\u00cdTULO XXX<\/strong><\/b><b><strong><br \/>\nEXPENSA PARA LA LITIS<\/strong><\/b><\/p>\n<p><b><strong>CAP\u00cdTULO XXXI<\/strong><\/b><b><strong><br \/>\nFIANZA DE RATO<\/strong><\/b><\/p>\n<p><b><strong>CAP\u00cdTULO XXXII<\/strong><\/b><b><strong><br \/>\nFIJAR DOCUMENTO<\/strong><\/b><\/p>\n<p><b><strong>CAP\u00cdTULO XXXIII<\/strong><\/b><b><strong><br \/>\nFUERZA P\u00daBLICA PARA EMBARGAR<\/strong><\/b><\/p>\n<p><b><strong>CAP\u00cdTULO XXXIV<\/strong><\/b><b><strong><br \/>\nFUERZA P\u00daBLICA PARA RETIRO DE BIENES<\/strong><\/b><\/p>\n<p><b><strong>CAP\u00cdTULO XXXV<\/strong><\/b><b><strong><br \/>\nHABILITACI\u00d3N DE D\u00cdA Y HORA<\/strong><\/b><\/p>\n<p><b><strong>CAP\u00cdTULO XXXVI<\/strong><\/b><b><strong><br \/>\nHACE USO DE CITACI\u00d3N<\/strong><\/b><\/p>\n<p><b><strong>CAP\u00cdTULO XXXVII<\/strong><\/b><b><strong><br \/>\nIMPLICANCIA<\/strong><\/b><\/p>\n<p><b><strong>CAP\u00cdTULO XXXVIII<\/strong><\/b><b><strong><br \/>\nINCIDENTE<\/strong><\/b><\/p>\n<p><b><strong>CAP\u00cdTULO XXXIX<\/strong><\/b><b><strong><br \/>\nINFORME DE PERITOS<\/strong><\/b><\/p>\n<p><b><strong>CAP\u00cdTULO XL<\/strong><\/b><b><strong><br \/>\nINSPECCI\u00d3N PERSONAL DEL TRIBUNAL<\/strong><\/b><\/p>\n<p><b><strong>CAP\u00cdTULO XLI<\/strong><\/b><b><strong><br \/>\nLANZAMIENTO<\/strong><\/b><\/p>\n<p><b><strong>CAP\u00cdTULO XLII<\/strong><\/b><b><strong><br \/>\nLISTA DE TESTIGOS<\/strong><\/b><\/p>\n<p><b><strong>CAP\u00cdTULO XLIII<\/strong><\/b><b><strong><br \/>\nMEDIDAS PARA MEJOR RESOLVER<\/strong><\/b><\/p>\n<p><b><strong>CAP\u00cdTULO XLIV<\/strong><\/b><b><strong><br \/>\nMEDIDAS PRECAUTORIAS<\/strong><\/b><\/p>\n<p><b><strong>CAP\u00cdTULO XLV<\/strong><\/b><b><strong><br \/>\nMEDIDAS PREJUDICIALES<\/strong><\/b><\/p>\n<p><b><strong>CAP\u00cdTULO XLVI<\/strong><\/b><b><strong><br \/>\nNOTIFICACI\u00d3N<\/strong><\/b><\/p>\n<p><b><strong>CAP\u00cdTULO XLVII<\/strong><\/b><b><strong><br \/>\nNOTIFICACI\u00d3N ACREEDOR PRENDARIO<\/strong><\/b><\/p>\n<p><b><strong>CAP\u00cdTULO XLVIII<\/strong><\/b><b><strong><br \/>\nNULIDAD DE TODO LO OBRADO<\/strong><\/b><\/p>\n<p><b><strong>CAP\u00cdTULO XLIX<\/strong><\/b><b><strong><br \/>\nOBJECI\u00d3N COSTAS<\/strong><\/b><\/p>\n<p><b><strong>CAP\u00cdTULO L<\/strong><\/b><b><strong><br \/>\nOBSERVACI\u00d3N DE LA PRUEBA<\/strong><\/b><\/p>\n<p><b><strong>CAP\u00cdTULO LI<\/strong><\/b><b><strong><br \/>\nOPONE EXCEPCIONES<\/strong><\/b><\/p>\n<p><b><strong>CAP\u00cdTULO LII<\/strong><\/b><b><strong><br \/>\nOPONE TACHA DE FALSEDAD<\/strong><\/b><\/p>\n<p><b><strong>CAP\u00cdTULO LIII<\/strong><\/b><b><strong><br \/>\nPRENDA PRETORIA<\/strong><\/b><\/p>\n<p><b><strong>CAP\u00cdTULO LIV<\/strong><\/b><b><strong><br \/>\nREBELD\u00cdA<\/strong><\/b><\/p>\n<p><b><strong>CAP\u00cdTULO LV<\/strong><\/b><b><strong><br \/>\nRECEPCI\u00d3N JUDICIAL<\/strong><\/b><\/p>\n<p><b><strong>CAP\u00cdTULO LVI<\/strong><\/b><b><strong><br \/>\nSUSPENSI\u00d3N<\/strong><\/b><\/p>\n<p><b><strong>CAP\u00cdTULO LVII<\/strong><\/b><b><strong><br \/>\nT\u00c9ERMINO PROBATORIO<\/strong><\/b><\/p>\n<p><b><strong>CAP\u00cdTULO LVIII<\/strong><\/b><b><strong><br \/>\nTASACI\u00d3N<\/strong><\/b><\/p>\n<p><b><strong>CAP\u00cdTULO LIX<\/strong><\/b><b><strong><br \/>\nTRANSACCI\u00d3N<\/strong><\/b><\/p>\n<p><b><strong>SEGUNDA PARTE<\/strong><\/b><\/p>\n<p><b><strong>CAP\u00cdTULO I<\/strong><\/b><b><strong><br \/>\nRECURSO DE QUEJA DISCIPLINARIA<\/strong><\/b><\/p>\n<p><b><strong>CAP\u00cdTULO II<\/strong><\/b><b><strong><br \/>\nRECURSO DE ACLARACI\u00d3N<\/strong><\/b><\/p>\n<p><b><strong>CAP\u00cdTULO III<\/strong><\/b><b><strong><br \/>\nRECURSO DE REPOSICI\u00d3N<\/strong><\/b><\/p>\n<p><b><strong>CAP\u00cdTULO IV<\/strong><\/b><b><strong><br \/>\nRECURSO DE APELACI\u00d3N<\/strong><\/b><\/p>\n<p><b><strong>CAP\u00cdTULO V<\/strong><\/b><b><strong><br \/>\nRECURSO DE HECHO<\/strong><\/b><\/p>\n<p><b><strong>CAP\u00cdTULO VI<\/strong><\/b><b><strong><br \/>\nRECURSO DE REVISI\u00d3N<\/strong><\/b><\/p>\n<p><b><strong>CAP\u00cdTULO VII<\/strong><\/b><b><strong><br \/>\nRECURSO DE CASACI\u00d3N<\/strong><\/b><\/p>\n<p><b><strong>CAP\u00cdTULO VIII<\/strong><\/b><b><strong><br \/>\nRECURSO DE REVOCACI\u00d3N<\/strong><\/b><\/p>\n<p><b><strong>CAP\u00cdTULO IX<\/strong><\/b><b><strong><br \/>\nRECURSO DE QUEJA<\/strong><\/b><\/p>\n<p><b><strong>CAP\u00cdTULO X<\/strong><\/b><b><strong><br \/>\nRECURSO DE AMPARO<\/strong><\/b><\/p>\n<p><b><strong>CAP\u00cdTULO XI<\/strong><\/b><b><strong><br \/>\nRECURSO DE PROTECCI\u00d3N<\/strong><\/b><\/p>\n","protected":false},"excerpt":{"rendered":"<p>Tomo I (Demandas) Tomo II (Escritos de Mara Tramitaci\u00f3n y Recursos Procesales) La presente obra que comprende dos tomos, con las diferentes materias principales que se tramitan en los juzgados civiles, para dar una visi\u00f3n a la redacci\u00f3n de los diferentes libelos, que tienen por objeto dar al abogado que ejerce la profesi\u00f3n ante los tribunales y ejercicio libre, una actualizaci\u00f3n de los \u201cformularios\u201d, esto es, de los principales escritos, los cuales fueron actualizados, ampliados y revisados para un mejor desempe\u00f1o profesional de su labor diaria. Autor: Eric Andr\u00e9s Ch\u00e1vez Ch\u00e1vez Ediciones Jur\u00eddicas Tofulex TOMO I CAP\u00cdTULO I AMPARO DE AGUAS CAP\u00cdTULO II GESTI\u00d3N PREPARATORIA CAP\u00cdTULO III PROCEDIMIENTOS CONCURSALES CAP\u00cdTULO IV PROCEDIMIENTOS DESPOSEIMIENTO CAP\u00cdTULO V PROCEDIMIENTO ORDINARIO DE MENOR CUANT\u00cdA CAP\u00cdTULO VI PROCEDIMIENTO ORDINARIO M\u00cdNIMA CUANT\u00cdA CAP\u00cdTULO VII PROCEDIMIENTOS MINEROS CAP\u00cdTULO VIII PROCEDIMIENTO ORDINARIO Acci\u00f3n quanti minoris Acci\u00f3n de petici\u00f3n de herencia Acci\u00f3n pauliana o revocatoria Cobro de pesos Cumplimiento de contrato Enriquecimiento si causa o acci\u00f3n quanti minoris Hacienda Indemnizaci\u00f3n de perjuicios Interdicci\u00f3n por demencia Nulidad de contrato Prescripci\u00f3n Reivindicaci\u00f3n Resoluci\u00f3n contrato Vicios Redhibitorios CAP\u00cdTULO IX PROCEDIMIENTO PARTICULAR. AVER\u00cdA COM\u00daN CAP\u00cdTULO X PROCEDIMIENTO PARTICULAR CITACI\u00d3N DE EVICCI\u00d3N CAP\u00cdTULO XI PROCEDIMIENTO PARTICULAR. PAGO POR CONSIGNACI\u00d3N CAP\u00cdTULO XII PROCEDIMIENTOS SUMARIOS CAP\u00cdTULO XIII PROCEDIMIENTOS DE TERCER\u00cdAS CAP\u00cdTULO XIV PROCEDIMIENTO EJECUTIVO CAP\u00cdTULO XV QUERELLA. GIRO DOLOSO CHEQUES TOMO II PRIMERA PARTE ESCRITOS DE MERA TRAMITACI\u00d3N CAP\u00cdTULO I ALZAMIENTOS CAP\u00cdTULO II ABANDONO DE PROCEDIMIENTO CAP\u00cdTULO III ABSOLUCI\u00d3N POSICIONES CAP\u00cdTULO IV ACUMULACI\u00d3N DE AUTOS CAP\u00cdTULO V APERCIBIMIENTO CAP\u00cdTULO VI ARRESTO CAP\u00cdTULO VII AUTORIZACI\u00d3N DE JUEZ EMBARGANTE CAP\u00cdTULO VIII AVENIMIENTO CAP\u00cdTULO IX CAUSA A PRUEBA CAP\u00cdTULO X CERTIFICACI\u00d3N CAP\u00cdTULO XI CHEQUE CAP\u00cdTULO XII CITACI\u00d3N A O\u00cdR SENTENCIA CAP\u00cdTULO XIII CITACI\u00d3N ACREEDORES HIPOTECARIOS CAP\u00cdTULO XIV COMPARECENCIA EN JUICIO &nbsp; Comparecencia en segunda instancia Comparecencia en primera instancia CAP\u00cdTULO XV CONSIGNA CAP\u00cdTULO XVI CONTESTA DEMANDA CAP\u00cdTULO XVII COTEJO DOCUMENTOS CAP\u00cdTULO XVIII CUMPLE LO ORDENADO CAP\u00cdTULO XIX CUESTI\u00d3N DE COMPETENCIA CAP\u00cdTULO XX CUMPLIMIENTO SENTENCIA CAP\u00cdTULO XXI DEFENSOR P\u00daBLICO CAP\u00cdTULO XXII DESARCHIVO CAP\u00cdTULO XXIII DESISTIMIENTO DEMANDA CAP\u00cdTULO XXIV D\u00cdA Y HORA CAP\u00cdTULO XXV DOCUMENTOS CAP\u00cdTULO XXVI D\u00daPLICA CAP\u00cdTULO XXVII EXEQU\u00c1TUR CAP\u00cdTULO XXVIII EXHORTOS CAP\u00cdTULO XXIX EXPEDIENTE A LA VISTA CAP\u00cdTULO XXX EXPENSA PARA LA LITIS CAP\u00cdTULO XXXI FIANZA DE RATO CAP\u00cdTULO XXXII FIJAR DOCUMENTO CAP\u00cdTULO XXXIII FUERZA P\u00daBLICA PARA EMBARGAR CAP\u00cdTULO XXXIV FUERZA P\u00daBLICA PARA RETIRO DE BIENES CAP\u00cdTULO XXXV HABILITACI\u00d3N DE D\u00cdA Y HORA CAP\u00cdTULO XXXVI HACE USO DE CITACI\u00d3N CAP\u00cdTULO XXXVII IMPLICANCIA CAP\u00cdTULO XXXVIII INCIDENTE CAP\u00cdTULO XXXIX INFORME DE PERITOS CAP\u00cdTULO XL INSPECCI\u00d3N PERSONAL DEL TRIBUNAL CAP\u00cdTULO XLI LANZAMIENTO CAP\u00cdTULO XLII LISTA DE TESTIGOS CAP\u00cdTULO XLIII MEDIDAS PARA MEJOR RESOLVER CAP\u00cdTULO XLIV MEDIDAS PRECAUTORIAS CAP\u00cdTULO XLV MEDIDAS PREJUDICIALES CAP\u00cdTULO XLVI NOTIFICACI\u00d3N CAP\u00cdTULO XLVII NOTIFICACI\u00d3N ACREEDOR PRENDARIO CAP\u00cdTULO XLVIII NULIDAD DE TODO LO OBRADO CAP\u00cdTULO XLIX OBJECI\u00d3N COSTAS CAP\u00cdTULO L OBSERVACI\u00d3N DE LA PRUEBA CAP\u00cdTULO LI OPONE EXCEPCIONES CAP\u00cdTULO LII OPONE TACHA DE FALSEDAD CAP\u00cdTULO LIII PRENDA PRETORIA CAP\u00cdTULO LIV REBELD\u00cdA CAP\u00cdTULO LV RECEPCI\u00d3N JUDICIAL CAP\u00cdTULO LVI SUSPENSI\u00d3N CAP\u00cdTULO LVII T\u00c9ERMINO PROBATORIO CAP\u00cdTULO LVIII TASACI\u00d3N CAP\u00cdTULO LIX TRANSACCI\u00d3N SEGUNDA PARTE CAP\u00cdTULO I RECURSO DE QUEJA DISCIPLINARIA CAP\u00cdTULO II RECURSO DE ACLARACI\u00d3N CAP\u00cdTULO III RECURSO DE REPOSICI\u00d3N CAP\u00cdTULO IV RECURSO DE APELACI\u00d3N CAP\u00cdTULO V RECURSO DE HECHO CAP\u00cdTULO VI RECURSO DE REVISI\u00d3N CAP\u00cdTULO VII RECURSO DE CASACI\u00d3N CAP\u00cdTULO VIII RECURSO DE REVOCACI\u00d3N CAP\u00cdTULO IX RECURSO DE QUEJA CAP\u00cdTULO X RECURSO DE AMPARO CAP\u00cdTULO XI RECURSO DE PROTECCI\u00d3N<\/p>\n","protected":false},"featured_media":4496,"comment_status":"open","ping_status":"closed","template":"","meta":{"inline_featured_image":false,"_joinchat":[]},"product_brand":[],"product_cat":[59,39],"product_tag":[],"class_list":{"0":"post-4466","1":"product","2":"type-product","3":"status-publish","4":"has-post-thumbnail","6":"product_cat-editorial-tofulex-ediciones-juridicas","7":"product_cat-procesal-civil","8":"product_shipping_class-a-convenir","10":"first","11":"instock","12":"shipping-taxable","13":"purchasable","14":"product-type-simple"},"_links":{"self":[{"href":"https:\/\/bibliotecajuridicavirtual.cl\/index.php\/wp-json\/wp\/v2\/product\/4466","targetHints":{"allow":["GET"]}}],"collection":[{"href":"https:\/\/bibliotecajuridicavirtual.cl\/index.php\/wp-json\/wp\/v2\/product"}],"about":[{"href":"https:\/\/bibliotecajuridicavirtual.cl\/index.php\/wp-json\/wp\/v2\/types\/product"}],"replies":[{"embeddable":true,"href":"https:\/\/bibliotecajuridicavirtual.cl\/index.php\/wp-json\/wp\/v2\/comments?post=4466"}],"wp:featuredmedia":[{"embeddable":true,"href":"https:\/\/bibliotecajuridicavirtual.cl\/index.php\/wp-json\/wp\/v2\/media\/4496"}],"wp:attachment":[{"href":"https:\/\/bibliotecajuridicavirtual.cl\/index.php\/wp-json\/wp\/v2\/media?parent=4466"}],"wp:term":[{"taxonomy":"product_brand","embeddable":true,"href":"https:\/\/bibliotecajuridicavirtual.cl\/index.php\/wp-json\/wp\/v2\/product_brand?post=4466"},{"taxonomy":"product_cat","embeddable":true,"href":"https:\/\/bibliotecajuridicavirtual.cl\/index.php\/wp-json\/wp\/v2\/product_cat?post=4466"},{"taxonomy":"product_tag","embeddable":true,"href":"https:\/\/bibliotecajuridicavirtual.cl\/index.php\/wp-json\/wp\/v2\/product_tag?post=4466"}],"curies":[{"name":"wp","href":"https:\/\/api.w.org\/{rel}","templated":true}]}}