{"id":4467,"date":"2026-02-28T01:25:55","date_gmt":"2026-02-28T04:25:55","guid":{"rendered":"https:\/\/bibliotecajuridicavirtual.cl\/?post_type=product&#038;p=4467"},"modified":"2026-02-28T01:26:09","modified_gmt":"2026-02-28T04:26:09","slug":"sociedad-del-riesgo-y-expansion-del-derecho-penal-homenaje-a-la-profesora-mirentxu-corcoy-bidasolo-ano-2023-784-pag-autor-maria-juliana-marquez-mario-h-laporta-y-jaime-vera-vega","status":"publish","type":"product","link":"https:\/\/bibliotecajuridicavirtual.cl\/index.php\/product\/sociedad-del-riesgo-y-expansion-del-derecho-penal-homenaje-a-la-profesora-mirentxu-corcoy-bidasolo-ano-2023-784-pag-autor-maria-juliana-marquez-mario-h-laporta-y-jaime-vera-vega\/","title":{"rendered":"Sociedad del Riesgo y Expansi\u00f3n del Derecho Penal, Homenaje a la Profesora Mirentxu Corcoy Bidasolo. A\u00f1o 2023\/784 P\u00e1g. Autor Mar\u00eda Juliana M\u00e1rquez, Mario H. Laporta y Jaime Vera Vega"},"content":{"rendered":"<p>\u00cdNDICE<br \/>\n\u00cdndice de autores<br \/>\nPr\u00f3logo<br \/>\nA 50 A\u00f1os de la Conferencia de las Naciones Unidas sobre el Medio Humano de 1972: An\u00e1lisis de la llamada \u201cprimera Condena\u201d en Materia Ambiental de la rep\u00fablica Argentina Gustavo Eduardo Aboso<\/p>\n<p>Individualizaci\u00f3n de la pena: de la culpabilidad a la<br \/>\npeligrosidad Germ\u00e1n Aller<\/p>\n<p>El deber de Advertencia del peligro en el \u00e1mbito de la responsabilidad penal a personas jur\u00eddicas en Chile. A prop\u00f3sito de la Comisi\u00f3n del delito de Cohecho<br \/>\nOsvaldo Artaza Varela<\/p>\n<p>El tipo objetivo de los delitos de peligro abstracto: Una propuesta de interpretaci\u00f3n restrictiva<br \/>\nJoaquim Bages Santacana.<\/p>\n<p>Trata de personas y Crimen organizado en el sistema penal actual<br \/>\nRicardo A. Basilico \u2013 Tom\u00e1s K. Manguel<\/p>\n<p>Delitos imprudentes<br \/>\nRafael Berruezo<\/p>\n<p>\u00bfResponsabilidad penal por Contagios individuales de Coronavirus? Algunos problemas de imputaci\u00f3n<br \/>\nManuel Cancio Meli\u00e1 \u2013 Marta Pantale\u00f3n D\u00edaz<\/p>\n<p>X Sociedad del riesgo y expansi\u00f3n del derecho penal Miedo insuperable: fundamento y Criterios de Aplicaci\u00f3n frente a la severidad penal en el caso \u201cAlina\u201d<br \/>\nAbraham Ricardo Cortez Bernal<\/p>\n<p>El Caso \u201cHopi HAri\u201d, Un (equivocado) intento brasile\u00f1o de imputaci\u00f3n jur\u00eddico-penal a los superiores jer\u00e1rquicos en la estructura de empresa<br \/>\nArmando de Oliveira Costa Neto<\/p>\n<p>Elogio de Una garantista, de los l\u00edmites a la potestad punitiva y de la legislaci\u00f3n bien hecha<br \/>\nMiguel D\u00edaz y Garc\u00eda Conlledo<\/p>\n<p>Imputaci\u00f3n subjetiva a sociedades: \u00bfUna ficci\u00f3n penal? particular referencia a la figura de lavado de activos.<br \/>\nDaniel Elia<\/p>\n<p>El caso de los dividendos CUM-eX. la interpretaci\u00f3n del derecho penal, la delincuencia financiera y fraude fiscal en Alemania<br \/>\nMar\u00eda Eugenia Escobar Bravo<\/p>\n<p>Regla de doble identidad y adecuaci\u00f3n de tipicidad en la extradici\u00f3n pasiva<br \/>\nGonzalo D. Fern\u00e1ndez<\/p>\n<p>investigaciones internas Corporativas: Algunos elementos para la reflexi\u00f3n<br \/>\nJos\u00e9-Ignacio Gallego Soler<\/p>\n<p>Anomia, solidaridad Mec\u00e1nica y delincuencia Artificial en la teor\u00eda sociol\u00f3gica del delito y de la pena de Emile Durkheim: \u00bfQu\u00e9 queda en pie?<br \/>\nV\u00edctor G\u00f3mez Mart\u00edn<\/p>\n<p>Agresiones Colectivas con resultado de muerte:<br \/>\ntres aspectos dogm\u00e1ticos y Un Comentario Cr\u00edtico sobre la mal llamada justicia paralela<br \/>\nDiego Gonz\u00e1lez Lillo .<\/p>\n<p>Stalking: breve Historia global, respuesta jur\u00eddica brasile\u00f1a y Consideraciones sobre la legislaci\u00f3n brasile\u00f1a y espa\u00f1ola<br \/>\nDenise Hammerschmidt \u2013 Zeno Luis Quadros Junior<\/p>\n<p>\u00cdndice XI<br \/>\nLa influencia de la obra de Mirentxu CorCoy Bidasolo (El delito imprudente) en la jurisprudencia Argentina<br \/>\nMario Laporta<\/p>\n<p>Delitos de peligro en pandemia<br \/>\nMar\u00eda Juliana M\u00e1rquez<\/p>\n<p>La objeci\u00f3n de Vicente. \u00bfpuede la dogm\u00e1tica jur\u00eddico-penal Contener la expansi\u00f3n del derecho penal?<br \/>\nSebasti\u00e1n Eduardo Mart\u00ednez<\/p>\n<p>El peligro como Concepto normativo y el Criterio de riesgo permitido planteados por Mirentxu CorCoy Bidasolo. Su influencia en la jurisprudencia penal Costarricense<br \/>\nOscar Gustavo Mena Villegas<\/p>\n<p>\u00bfEs el proceso penal una pena Anticipada?<br \/>\nGonzalo Miranda<\/p>\n<p>Acciones intencionales escasamente peligrosas y dolo plano: intentos de extraer dinero de un cajero sin tener la clave<br \/>\nFernando Molina Fern\u00e1ndez<\/p>\n<p>El injusto culposo, la infracci\u00f3n de reglas t\u00e9cnicas y el principio de Congruencia a partir de la obra de Mirentxu CorCoy<br \/>\nGuillermo Oliver Calder\u00f3n \u2013 Jaime Vera Vega.<\/p>\n<p>\u00bfTiene sentido un derecho penal internacional econ\u00f3mico-financiero?<br \/>\nMario M. Pereira Garmendia \u2013 Jorge Barrera<\/p>\n<p>El Conflicto entre los Medios de Comunicaci\u00f3n y el fen\u00f3meno criminal<br \/>\nJaime Retamal Herrera<\/p>\n<p>El dolo en el proceso penal: \u00bfprueba o imputaci\u00f3n?<br \/>\nMauricio Rettig Espinoza<\/p>\n<p>An\u00e1lisis de la tipificaci\u00f3n de los actos de Corrupci\u00f3n en el sector privado Como intervenci\u00f3n expansiva del derecho penal en ecuador<br \/>\nDavid E. Rivas Vinueza<\/p>\n<p>XII Sociedad del riesgo y expansi\u00f3n del derecho penal sociedad del riesgo, Crisis del capitalismo tard\u00edo y expansi\u00f3n del derecho penal econ\u00f3mico. Acerca de la presi\u00f3n hacia la expansi\u00f3n del derecho penal por la p\u00e9rdida de legitimaci\u00f3n de las instituciones econ\u00f3micas durante el<br \/>\nsiglo XXI<br \/>\nAndr\u00e9s Salazar C\u00e1diz<\/p>\n<p>Indicadores del dolo en el blanqueo de capitales<br \/>\nArmando S\u00e1nchez-M\u00e1laga<\/p>\n<p>Breve Comentario sobre la influencia de las \u201cnormas t\u00e9cnicas\u201d en el delito Medioambiental<br \/>\nJuan F. S\u00e1nchez Othar\u00e1n<\/p>\n<p>El injusto de la participaci\u00f3n y el Art. 26 del C\u00f3digo penal peruano. Una Contribuci\u00f3n a la discusi\u00f3n sobre la participaci\u00f3n en los delitos de Corrupci\u00f3n de funcionarios p\u00fablicos<br \/>\nShikara V\u00e1squez Shimajuko<\/p>\n<p>Repensando la importancic de la l\u00f3gica formal para la valoraci\u00f3n de la prueba penal<br \/>\nJuan Sebasti\u00e1n Vera S\u00e1nchez<\/p>\n<p>\u00bfConducta neutral o imputaci\u00f3n A t\u00edtulo de autor\u00eda? Consideraciones respecto de la responsabilidad penal de un Abogado particular por la emisi\u00f3n de Un informe legal<br \/>\nno vinculante solicitado por una entidad estatal en el<br \/>\nmarco de las investigaciones del delito de Colusi\u00f3n<br \/>\nRoger Erik Yon Ruesta \u2013 Ariana Bassino Balta.<\/p>\n","protected":false},"excerpt":{"rendered":"<p>\u00cdNDICE \u00cdndice de autores Pr\u00f3logo A 50 A\u00f1os de la Conferencia de las Naciones Unidas sobre el Medio Humano de 1972: An\u00e1lisis de la llamada \u201cprimera Condena\u201d en Materia Ambiental de la rep\u00fablica Argentina Gustavo Eduardo Aboso Individualizaci\u00f3n de la pena: de la culpabilidad a la peligrosidad Germ\u00e1n Aller El deber de Advertencia del peligro en el \u00e1mbito de la responsabilidad penal a personas jur\u00eddicas en Chile. A prop\u00f3sito de la Comisi\u00f3n del delito de Cohecho Osvaldo Artaza Varela El tipo objetivo de los delitos de peligro abstracto: Una propuesta de interpretaci\u00f3n restrictiva Joaquim Bages Santacana. Trata de personas y Crimen organizado en el sistema penal actual Ricardo A. Basilico \u2013 Tom\u00e1s K. Manguel Delitos imprudentes Rafael Berruezo \u00bfResponsabilidad penal por Contagios individuales de Coronavirus? Algunos problemas de imputaci\u00f3n Manuel Cancio Meli\u00e1 \u2013 Marta Pantale\u00f3n D\u00edaz X Sociedad del riesgo y expansi\u00f3n del derecho penal Miedo insuperable: fundamento y Criterios de Aplicaci\u00f3n frente a la severidad penal en el caso \u201cAlina\u201d Abraham Ricardo Cortez Bernal El Caso \u201cHopi HAri\u201d, Un (equivocado) intento brasile\u00f1o de imputaci\u00f3n jur\u00eddico-penal a los superiores jer\u00e1rquicos en la estructura de empresa Armando de Oliveira Costa Neto Elogio de Una garantista, de los l\u00edmites a la potestad punitiva y de la legislaci\u00f3n bien hecha Miguel D\u00edaz y Garc\u00eda Conlledo Imputaci\u00f3n subjetiva a sociedades: \u00bfUna ficci\u00f3n penal? particular referencia a la figura de lavado de activos. Daniel Elia El caso de los dividendos CUM-eX. la interpretaci\u00f3n del derecho penal, la delincuencia financiera y fraude fiscal en Alemania Mar\u00eda Eugenia Escobar Bravo Regla de doble identidad y adecuaci\u00f3n de tipicidad en la extradici\u00f3n pasiva Gonzalo D. Fern\u00e1ndez investigaciones internas Corporativas: Algunos elementos para la reflexi\u00f3n Jos\u00e9-Ignacio Gallego Soler Anomia, solidaridad Mec\u00e1nica y delincuencia Artificial en la teor\u00eda sociol\u00f3gica del delito y de la pena de Emile Durkheim: \u00bfQu\u00e9 queda en pie? V\u00edctor G\u00f3mez Mart\u00edn Agresiones Colectivas con resultado de muerte: tres aspectos dogm\u00e1ticos y Un Comentario Cr\u00edtico sobre la mal llamada justicia paralela Diego Gonz\u00e1lez Lillo . Stalking: breve Historia global, respuesta jur\u00eddica brasile\u00f1a y Consideraciones sobre la legislaci\u00f3n brasile\u00f1a y espa\u00f1ola Denise Hammerschmidt \u2013 Zeno Luis Quadros Junior \u00cdndice XI La influencia de la obra de Mirentxu CorCoy Bidasolo (El delito imprudente) en la jurisprudencia Argentina Mario Laporta Delitos de peligro en pandemia Mar\u00eda Juliana M\u00e1rquez La objeci\u00f3n de Vicente. \u00bfpuede la dogm\u00e1tica jur\u00eddico-penal Contener la expansi\u00f3n del derecho penal? Sebasti\u00e1n Eduardo Mart\u00ednez El peligro como Concepto normativo y el Criterio de riesgo permitido planteados por Mirentxu CorCoy Bidasolo. Su influencia en la jurisprudencia penal Costarricense Oscar Gustavo Mena Villegas \u00bfEs el proceso penal una pena Anticipada? Gonzalo Miranda Acciones intencionales escasamente peligrosas y dolo plano: intentos de extraer dinero de un cajero sin tener la clave Fernando Molina Fern\u00e1ndez El injusto culposo, la infracci\u00f3n de reglas t\u00e9cnicas y el principio de Congruencia a partir de la obra de Mirentxu CorCoy Guillermo Oliver Calder\u00f3n \u2013 Jaime Vera Vega. \u00bfTiene sentido un derecho penal internacional econ\u00f3mico-financiero? Mario M. Pereira Garmendia \u2013 Jorge Barrera El Conflicto entre los Medios de Comunicaci\u00f3n y el fen\u00f3meno criminal Jaime Retamal Herrera El dolo en el proceso penal: \u00bfprueba o imputaci\u00f3n? Mauricio Rettig Espinoza An\u00e1lisis de la tipificaci\u00f3n de los actos de Corrupci\u00f3n en el sector privado Como intervenci\u00f3n expansiva del derecho penal en ecuador David E. Rivas Vinueza XII Sociedad del riesgo y expansi\u00f3n del derecho penal sociedad del riesgo, Crisis del capitalismo tard\u00edo y expansi\u00f3n del derecho penal econ\u00f3mico. Acerca de la presi\u00f3n hacia la expansi\u00f3n del derecho penal por la p\u00e9rdida de legitimaci\u00f3n de las instituciones econ\u00f3micas durante el siglo XXI Andr\u00e9s Salazar C\u00e1diz Indicadores del dolo en el blanqueo de capitales Armando S\u00e1nchez-M\u00e1laga Breve Comentario sobre la influencia de las \u201cnormas t\u00e9cnicas\u201d en el delito Medioambiental Juan F. S\u00e1nchez Othar\u00e1n El injusto de la participaci\u00f3n y el Art. 26 del C\u00f3digo penal peruano. Una Contribuci\u00f3n a la discusi\u00f3n sobre la participaci\u00f3n en los delitos de Corrupci\u00f3n de funcionarios p\u00fablicos Shikara V\u00e1squez Shimajuko Repensando la importancic de la l\u00f3gica formal para la valoraci\u00f3n de la prueba penal Juan Sebasti\u00e1n Vera S\u00e1nchez \u00bfConducta neutral o imputaci\u00f3n A t\u00edtulo de autor\u00eda? Consideraciones respecto de la responsabilidad penal de un Abogado particular por la emisi\u00f3n de Un informe legal no vinculante solicitado por una entidad estatal en el marco de las investigaciones del delito de Colusi\u00f3n Roger Erik Yon Ruesta \u2013 Ariana Bassino Balta.<\/p>\n","protected":false},"featured_media":4497,"comment_status":"open","ping_status":"closed","template":"","meta":{"inline_featured_image":false,"_joinchat":[]},"product_brand":[],"product_cat":[30],"product_tag":[],"class_list":{"0":"post-4467","1":"product","2":"type-product","3":"status-publish","4":"has-post-thumbnail","6":"product_cat-penal","7":"product_shipping_class-a-convenir","9":"first","10":"instock","11":"shipping-taxable","12":"purchasable","13":"product-type-simple"},"_links":{"self":[{"href":"https:\/\/bibliotecajuridicavirtual.cl\/index.php\/wp-json\/wp\/v2\/product\/4467","targetHints":{"allow":["GET"]}}],"collection":[{"href":"https:\/\/bibliotecajuridicavirtual.cl\/index.php\/wp-json\/wp\/v2\/product"}],"about":[{"href":"https:\/\/bibliotecajuridicavirtual.cl\/index.php\/wp-json\/wp\/v2\/types\/product"}],"replies":[{"embeddable":true,"href":"https:\/\/bibliotecajuridicavirtual.cl\/index.php\/wp-json\/wp\/v2\/comments?post=4467"}],"wp:featuredmedia":[{"embeddable":true,"href":"https:\/\/bibliotecajuridicavirtual.cl\/index.php\/wp-json\/wp\/v2\/media\/4497"}],"wp:attachment":[{"href":"https:\/\/bibliotecajuridicavirtual.cl\/index.php\/wp-json\/wp\/v2\/media?parent=4467"}],"wp:term":[{"taxonomy":"product_brand","embeddable":true,"href":"https:\/\/bibliotecajuridicavirtual.cl\/index.php\/wp-json\/wp\/v2\/product_brand?post=4467"},{"taxonomy":"product_cat","embeddable":true,"href":"https:\/\/bibliotecajuridicavirtual.cl\/index.php\/wp-json\/wp\/v2\/product_cat?post=4467"},{"taxonomy":"product_tag","embeddable":true,"href":"https:\/\/bibliotecajuridicavirtual.cl\/index.php\/wp-json\/wp\/v2\/product_tag?post=4467"}],"curies":[{"name":"wp","href":"https:\/\/api.w.org\/{rel}","templated":true}]}}