{"id":4478,"date":"2026-02-28T01:25:55","date_gmt":"2026-02-28T04:25:55","guid":{"rendered":"https:\/\/bibliotecajuridicavirtual.cl\/?post_type=product&#038;p=4478"},"modified":"2026-02-28T01:26:22","modified_gmt":"2026-02-28T04:26:22","slug":"casos-destacados-derecho-penal-parte-especial-ano-2019-736-pag-autor-tatiana-vargas-pinto","status":"publish","type":"product","link":"https:\/\/bibliotecajuridicavirtual.cl\/index.php\/product\/casos-destacados-derecho-penal-parte-especial-ano-2019-736-pag-autor-tatiana-vargas-pinto\/","title":{"rendered":"Casos Destacados Derecho Penal- Parte Especial. A\u00f1o 2019\/736 P\u00e1g. Autor Tatiana Vargas Pinto"},"content":{"rendered":"<p>Este libro se ocupa de los delitos en particular y su aplicaci\u00f3n en el \u00e1mbito jur\u00eddico nacional. As\u00ed, un importante grupo de autores destaca resoluciones de tribunales chilenos frente a problemas espec\u00edficos que ha enfrentado la aplicaci\u00f3n de tipos penales del C\u00f3digo Penal. De suerte que la selecci\u00f3n de casos se restringe a los delitos contemplados en este c\u00f3digo. Al igual que la vez anterior, el texto busca ser un reflejo lo m\u00e1s representativo posible de diversas visiones a trav\u00e9s de la participaci\u00f3n de investigadores de variados sectores y opiniones. Se subraya el criterio de universalidad por sobre el centralismo regional. Tambi\u00e9n la elecci\u00f3n de sentencias se plante\u00f3 como un proceso conjunto desde una preselecci\u00f3n propuesta hasta la selecci\u00f3n final de cada autor; claro que en esta oportunidad ha primado la iniciativa particular de los part\u00edcipes.<\/p>\n<p>Los casos que se destacan se estructuran conforme el orden que establece el propio C\u00f3digo Penal, seg\u00fan sus t\u00edtulos y p\u00e1rrafos. Se incluye una gran mayor\u00eda de los delitos, espec\u00edficamente con atenci\u00f3n a su incidencia para la realidad jur\u00eddica chilena. Sin embargo, no est\u00e1n todos los contemplados en el C\u00f3digo, por la magnitud del trabajo y los intereses de quienes intervienen.<\/p>\n<p>La obra solo es posible gracias al trabajo de todos los que se animaron a emprender esta tarea o a continuarla: Juan Luis Modolell con \u201cLa Venda Sexy\u201d; Laura Mayer y Jaime Vera con la \u201cFalsedad de permiso de circulaci\u00f3n\u201d; Luis Ortiz con \u201cUn comprador sospechoso\u201d; Marcelo Hadwa con la \u201cQuerella calumniosa\u201d; Mar\u00eda Magdalena Ossand\u00f3n con \u201cEl funcionario a cargo\u201d; Elisabeth Matthei y Luis Emilio Rojas con \u201cMOP-Gate\u201d; \u00a0Osvaldo Artaza con \u201cLa revista de la alcaldesa\u201d; Gonzalo Garc\u00eda con \u201cEl sepulturero: \u00bfuna propina como cohecho?\u201d; Francisco Maldonado con \u201cCruce Peleco\u201d; Mar\u00eda Soledad Krause con \u201cEl imputado como autor del delito de obstrucci\u00f3n a la investigaci\u00f3n\u201d; Alex van Weezel \u201cEl Caso Farmacias\u201d; Ra\u00fal Carnevali con \u201cAsociaci\u00f3n il\u00edcita-ex Colonia Dignidad\u201d; Juan Pablo Ma\u00f1alich con \u201cLa estructura t\u00edpica de la asociaci\u00f3n il\u00edcita: el \u2018caso Prats\u2019\u201d; Tatiana Vargas con \u201cAmenaza culturalmente motivada\u201d; Lautaro Contreras con el \u201cAlimento para reg\u00edmenes especiales\u201d; H\u00e9ctor Hern\u00e1ndez con \u201cAborto y cuasidelito de mal\u201d; Iv\u00e1n Navas con \u201cAbandono de menor aimara\u201d; Juan Pablo Cox con \u201c\u00bfViolaci\u00f3n por temor reverencial?\u201d; Jos\u00e9 \u00c1ngel Fern\u00e1ndez con \u201cEl beso forzado\u201d; Mar\u00eda Cecilia Ram\u00edrez con \u201cL\u00edmite del femicidio frustrado\u201d; Rodrigo Andr\u00e9s Guerra con \u201cMuerte por un instrumento let\u00edfero\u201d; Javier Wilenmann con \u201cEl homicidio del m\u00e1rtir de la reforma agraria\u201d; Nicol\u00e1s Oxman con \u201cCordel de c\u00e1\u00f1amo\u201d; Mauricio Rettig con \u201cDistinci\u00f3n entre lesiones menos graves y leves\u201d; Sebasti\u00e1n Salinero con \u201cEl delito de tr\u00e1fico de migrantes: la entrada ilegal de los ciudadanos peruanos\u201d; Christian Scheechler con \u201cTrata de inmigrantes\u201d; Felipe Caballero con \u201cAbogado denostador, pero con \u00e1nimo de informar\u201d; Antonio Bascu\u00f1\u00e1n con \u201cLa pistola del minuto despu\u00e9s\u201d; Carlos K\u00fcnsem\u00fcller con \u201cRobo frustrado al instituto de normalizaci\u00f3n previsional\u201d; Guillermo Oliver con \u201cMechero frustrado\u201d; Andrea Perin y Tatiana Vargas con \u201cIncendio agravado\u201d.<\/p>\n<p><strong>CAP\u00cdTULO I<\/strong><br \/>\n<strong>DE LOS CR\u00cdMENES Y SIMPLES DELITOS QUE AFECTAN LOS DERECHOS GARANTIDOS POR LA CONSTITUCI\u00d3N. (T\u00cdTULO III)<\/strong><\/p>\n<div><strong>Cr\u00edmenes y simples delitos contra la libertad y seguridad, cometidos por particulares<\/strong><br \/>\n&#8220;La venda sexy&#8221; \u00bfDesaparici\u00f3n forzada de personas como simple delito de secuestro? SCA, Rol N\u00b0205842005726-10-2006<\/p>\n<p><strong>CAP\u00cdTULO II<\/strong><br \/>\n<strong>DE LOS CR\u00cdMENES Y SIMPLES DELITOS CONTRA LA FE P\u00daBLICA, DE LAS FALSIFICACIONES, DEL FALSO TESTIMONIO Y DEL PERJUICIO (T\u00cdTULO IV)<\/strong><\/p>\n<p><strong>1. De la falsificaci\u00f3n de documentos p\u00fablicos o aut\u00e9nticos<\/strong><br \/>\n&#8220;Falsedad de permiso de circulaci\u00f3n&#8221;. SCS, 15\/07\/2009, Rol N\u00b02924-08<br \/>\n<em>Laura Mayer Lux &#8211; Jaime Vera Vega<\/em><\/p>\n<p><strong>2. De la falsificaci\u00f3n de instrumentos privados<\/strong><br \/>\n&#8220;Un comprador sospechoso&#8221;. TOP 12\/02\/2007, Rol N\u00b0376-2006<br \/>\n<em>Luis Ortiz Quiroga<\/em><\/p>\n<p><strong>3. De las falsedades vertidas en el proceso y del perjuicio<\/strong><br \/>\n&#8220;Querella calumniosa&#8221;. SCS, 16\/11\/2009, Rol N\u00b07492-2008<br \/>\n<em>Marcelo Hadwa Issa<\/em><\/p>\n<p><strong>CAP\u00cdTULO III<\/strong><br \/>\n<strong>DE LOS CR\u00cdMENES Y SIMPLES DELITOS COMETIDOS POR EMPLEADOS P\u00daBLICOS EN EL DESEMPE\u00d1O DE SUS CARGOS (T\u00cdTULO V)<\/strong><\/p>\n<p><strong>1. Malversaci\u00f3n de caudales p\u00fablicos<\/strong><br \/>\n&#8220;El funcionario a cargo&#8221;. SCS, 15\/01\/2007, Rol N\u00b05733-04<br \/>\n<em>Mar\u00eda Magdalena Ossand\u00f3n Widow<\/em><\/p>\n<p><strong>2. Fraudes y exacciones ilegales<\/strong><br \/>\nCaso &#8220;MOP-Gate&#8221;. SCS, 28\/06\/2016, Rol N\u00b025378-2014<br \/>\n<em>Elisabeth Matthei Schacht &#8211; Luis Emilio Rojas Aguirre<\/em><\/p>\n<p><strong>3. Cohecho<\/strong><br \/>\n&#8220;La revista de la alcaldesa&#8221;. Sobre el tipo subjetivo del delito de cohecho.. SCS, 26\/01\/2009 Rol N\u00b05898-08<br \/>\n<em>Osvaldo Artaza Varela<\/em><\/p>\n<p>&#8220;El sepultero: \u00bfUna propina como cohecho?. SCA de Antofagasta, 16\/12\/2010, Rol B\u00b0370\/2010<br \/>\n<em>Gonzalo Garc\u00eda Palominos<\/em><\/p>\n<p><strong>CAP\u00cdTULO IV<\/strong><br \/>\n<strong>DE LOS CR\u00cdMENES Y SIMPLES DELITOS CONTRA EL ORDEN Y LA SEGURIDAD P\u00daBLICOS COMETIDOS POR PARTICULARES (CAP\u00cdTULO VI)<\/strong><\/p>\n<p><strong>1. Retenciones o toma de control de veh\u00edculo de transporte p\u00fablico de pasajeros<\/strong><br \/>\n&#8220;Cruce Peleco&#8221;. Turbaci\u00f3n del tr\u00e1nsito, la tranquilidad p\u00fablica y el delito de &#8220;des\u00f3rdenes p\u00fablicos&#8221;. SCA de Concepci\u00f3n, 28\/07\/2017, Rol N\u00b0553-2017<br \/>\n<em>Francisco Maldonado Fuentes<\/em><\/p>\n<p><strong>2. De la obstrucci\u00f3n a la investigaci\u00f3n<\/strong><br \/>\n&#8220;El imputado como autor del delito de obstrucci\u00f3n a la investigaci\u00f3n&#8221;. SCA Sanntiago, 23\/08\/2016, Rol N\u00b01552-2016<br \/>\n<em>Mar\u00eda Soledad Krause Mu\u00f1oz<\/em><\/p>\n<p><strong>3. Cr\u00edmenes y simples delitos relativos a la industria, al comercio ya las suvastas p\u00fablicas<\/strong><br \/>\n&#8220;El caso farmacias&#8221;. Alteraci\u00f3n fraudulenta del precio natural de las mercanc\u00edas. STOP (4\u00b0, Santiago), 28\/07\/2015, RUC N\u00b00900281513-0 y SCA de Santiago, 29\/12\/2015, Rol N\u00b03139-2015<br \/>\n<em>Alex van Weezel de la Cruz<\/em><\/p>\n<p><strong>4. De las asociaciones il\u00edcitas<\/strong><br \/>\n&#8220;Asociaci\u00f3n il\u00edcita- ex Colonia Dignidad&#8221;. SCS, 29\/12\/2016, Rol N\u00b014312-16<br \/>\n<em>Ra\u00fal Carnevali Rodr\u00edguez<\/em><\/p>\n<p>&#8220;La estructura t\u00edpica de la asociaci\u00f3n il\u00edicita: el &#8220;Caso Prats&#8221;. SCS, 018\/07\/2010, Rol N\u00b0259609<br \/>\n<em>Juan Pablo Ma\u00f1alich Raffo<\/em><\/p>\n<p><strong>5. De las amenazas de atentado contra las personas y propiedades<\/strong><br \/>\n&#8220;Amenaza culturalmente motivada&#8221;. SCS, 20\/01\/2016, Rol N\u00b028842-2015<br \/>\n<em>Tatiana Vargas Pinto<\/em><\/p>\n<p><strong>6. Cr\u00edmenes y simples delitos contra la salud p\u00fablica<\/strong><br \/>\n&#8220;Alimento para reg\u00edmenes especiales&#8221;. STOP de San Bernardo, 24\/08\/2012, RUC N\u00b00800102576-8<br \/>\n<em>Lautaro Contreras Chaimovich<\/em><\/p>\n<p><strong>CAP\u00cdTULO V<\/strong><br \/>\n<strong>CR\u00cdMENES Y DELITOS CONTRA EL ORDEN DE LAS FAMILIAS, CONTRA LA MORALIDAD P\u00daBLICA Y CONTRA LA INTEGRIDAD SEXUAL (T\u00cdTULO VII)<\/strong><\/p>\n<p><strong>1. Aborto<\/strong><br \/>\n&#8220;Aborto y cuasidelito de mal&#8221;. SCS, 16\/04\/2009, Rol N\u00b01882-08<br \/>\n<em>H\u00e9ctor Hern\u00e1ndez Basualto<\/em><\/p>\n<p><strong>2. Abandono de ni\u00f1os y personas desvalidas<\/strong><br \/>\n&#8220;Abandono de menor aimara&#8221;. SCA de Arica, 15\/11\/2010, Rol N\u00b0211-2010<br \/>\n<em>Iv\u00e1n Navas Mondaca<\/em><\/p>\n<p><strong>3. De la violaci\u00f3n<\/strong><br \/>\n&#8220;\u00bfViolaci\u00f3n por temor reverencial?&#8221;. SCS, 10\/03\/2003, Rol N\u00b04115-02<br \/>\n<em>Juan Pablo Cox Leixelard<\/em><\/p>\n<p><strong>4. Del estupro y otros delitos sexuales<\/strong><br \/>\n&#8220;El beso forzado&#8221; SCA de Santiago, 10\/05\/2015, Rol N\u00b01078-2015<br \/>\n<em>Jos\u00e9 \u00c1ngel Fern\u00e1ndez Cruz<\/em><\/p>\n<p><strong>CAP\u00cdTULO VI<\/strong><br \/>\n<strong>CR\u00cdMENES Y SIMPLES DELITOS CONTRA LAS PERSONAS (T\u00cdTULO VIII)<\/strong><\/p>\n<p><strong>1. Del homicidio<\/strong><br \/>\n&#8220;L\u00edmite del femicidio frustrado&#8221;. SCS. 11\/07\/2017, Rol N\u00b019008-1<br \/>\n<em>Mar\u00eda Cecilia Ram\u00edrez Guzm\u00e1n<\/em><\/p>\n<p>&#8220;Muerte por un instrumento let\u00edfero&#8221;. STOP de San Miguel (6\u00b0), 03\/9\/2013, RIT N\u00b0322-2013<br \/>\nRodrigo Andr\u00e9s Guerra Espinosa<\/p>\n<p>&#8220;El homicidio del m\u00e1rtir de la reforma agraria&#8221;. SCS de 03\/01\/1973, RCP XXXIII, p.63<br \/>\n<em>Javier Wilenmann von Bernath<\/em><\/p>\n<p><strong>2. Del infanticidio<\/strong><br \/>\n&#8220;Cordel de C\u00e1\u00f1amo&#8221;. \u00bfInfanticidio imprudente? SCA de La Serena, 04\/07\/1928, Gaceta de los Tribunales, Tomo II, N\u00b0158. pp.704-714<br \/>\n<em>Nicol\u00e1s Oxman Vilches<\/em><\/p>\n<p><strong>3. Lesiones corporales<\/strong><br \/>\n&#8220;Distinci\u00f3n entre lesiones menos graves y leves&#8221;. SCA de Valpara\u00edso, 20\/10\/2015, ROL N\u00b01544-15<br \/>\n<em>Mauricio Rettig Espinoza<\/em><\/p>\n<p><strong>4. De los delitos de tr\u00e1fico il\u00edcito de migrantes y trata de personas<\/strong><\/p>\n<p>&#8220;El delito de tr\u00e1fico de migrantes: la entrada ilegal de los ciudadanos peruanos&#8221;. STOP de Santa Cruz, 12\/03\/13, RUC N\u00b01200236968-9<br \/>\n<em>Sebasti\u00e1n Salinero Echeverr\u00eda<\/em><\/p>\n<p>&#8220;Trata de Inmigrantes&#8221;. STOP de Santiago (4\u00b0), 17\/09\/2012, Rol N\u00b0199-2012<br \/>\n<em>Christian Scheechler Corona<\/em><\/p>\n<p><strong>5. De la calumnia e injurias<\/strong><br \/>\n&#8220;Abogadi denostador, pero con \u00e1nimo de informar&#8221;. SCS 02\/01\/2002, Rol N\u00b01258-2001<br \/>\n<em>Felipe Caballero Brun<\/em><\/p>\n<p><strong>CAP\u00cdTULO VII<\/strong><br \/>\n<strong>CR\u00cdMENES Y SIMPLES DELITOS CONTRA LA PROPIEDAD (T\u00cdTULO IX)<\/strong><\/p>\n<p><strong>1. Del robo con violencia o intimidaci\u00f3n en las personas y robo con fuerza en las cosas<\/strong><\/p>\n<p>&#8220;La pistola del minuto despu\u00e9s&#8221;. SCS, 13\/06\/2006, Rol N\u00b05353-2005<br \/>\n<em>Antonio Bascu\u00f1\u00e1n Rodr\u00edguez<\/em><\/p>\n<p>&#8220;Robo frustrado al Instituto de Normalizaci\u00f3n Previsional&#8221;. SCS, 28\/05\/2008, Rol N\u00b01394-2008<br \/>\n<em>Carlos K\u00fcnsem\u00fcller Loebenfelder<\/em><\/p>\n<p><strong>2. Del hurto<\/strong><br \/>\n&#8220;Mechero frustrado&#8221;. SCA de Temuco, 03\/07\/2012, Rol N\u00b0432-2012<br \/>\n<em>Guillermo Oliver Calder\u00f3n<\/em><\/p>\n<p><strong>3. Del incendio y otros estragos<\/strong><br \/>\n&#8220;Incendio agravado&#8221;. SCA de Santiago 14\/07\/2017, Rol N\u00b01878-2017<br \/>\n<em>Andrea Perin &#8211; Tatiana Vargas Pinto<\/em><\/div>\n","protected":false},"excerpt":{"rendered":"<p>Este libro se ocupa de los delitos en particular y su aplicaci\u00f3n en el \u00e1mbito jur\u00eddico nacional. As\u00ed, un importante grupo de autores destaca resoluciones de tribunales chilenos frente a problemas espec\u00edficos que ha enfrentado la aplicaci\u00f3n de tipos penales del C\u00f3digo Penal. De suerte que la selecci\u00f3n de casos se restringe a los delitos contemplados en este c\u00f3digo. Al igual que la vez anterior, el texto busca ser un reflejo lo m\u00e1s representativo posible de diversas visiones a trav\u00e9s de la participaci\u00f3n de investigadores de variados sectores y opiniones. Se subraya el criterio de universalidad por sobre el centralismo regional. Tambi\u00e9n la elecci\u00f3n de sentencias se plante\u00f3 como un proceso conjunto desde una preselecci\u00f3n propuesta hasta la selecci\u00f3n final de cada autor; claro que en esta oportunidad ha primado la iniciativa particular de los part\u00edcipes. Los casos que se destacan se estructuran conforme el orden que establece el propio C\u00f3digo Penal, seg\u00fan sus t\u00edtulos y p\u00e1rrafos. Se incluye una gran mayor\u00eda de los delitos, espec\u00edficamente con atenci\u00f3n a su incidencia para la realidad jur\u00eddica chilena. Sin embargo, no est\u00e1n todos los contemplados en el C\u00f3digo, por la magnitud del trabajo y los intereses de quienes intervienen. La obra solo es posible gracias al trabajo de todos los que se animaron a emprender esta tarea o a continuarla: Juan Luis Modolell con \u201cLa Venda Sexy\u201d; Laura Mayer y Jaime Vera con la \u201cFalsedad de permiso de circulaci\u00f3n\u201d; Luis Ortiz con \u201cUn comprador sospechoso\u201d; Marcelo Hadwa con la \u201cQuerella calumniosa\u201d; Mar\u00eda Magdalena Ossand\u00f3n con \u201cEl funcionario a cargo\u201d; Elisabeth Matthei y Luis Emilio Rojas con \u201cMOP-Gate\u201d; \u00a0Osvaldo Artaza con \u201cLa revista de la alcaldesa\u201d; Gonzalo Garc\u00eda con \u201cEl sepulturero: \u00bfuna propina como cohecho?\u201d; Francisco Maldonado con \u201cCruce Peleco\u201d; Mar\u00eda Soledad Krause con \u201cEl imputado como autor del delito de obstrucci\u00f3n a la investigaci\u00f3n\u201d; Alex van Weezel \u201cEl Caso Farmacias\u201d; Ra\u00fal Carnevali con \u201cAsociaci\u00f3n il\u00edcita-ex Colonia Dignidad\u201d; Juan Pablo Ma\u00f1alich con \u201cLa estructura t\u00edpica de la asociaci\u00f3n il\u00edcita: el \u2018caso Prats\u2019\u201d; Tatiana Vargas con \u201cAmenaza culturalmente motivada\u201d; Lautaro Contreras con el \u201cAlimento para reg\u00edmenes especiales\u201d; H\u00e9ctor Hern\u00e1ndez con \u201cAborto y cuasidelito de mal\u201d; Iv\u00e1n Navas con \u201cAbandono de menor aimara\u201d; Juan Pablo Cox con \u201c\u00bfViolaci\u00f3n por temor reverencial?\u201d; Jos\u00e9 \u00c1ngel Fern\u00e1ndez con \u201cEl beso forzado\u201d; Mar\u00eda Cecilia Ram\u00edrez con \u201cL\u00edmite del femicidio frustrado\u201d; Rodrigo Andr\u00e9s Guerra con \u201cMuerte por un instrumento let\u00edfero\u201d; Javier Wilenmann con \u201cEl homicidio del m\u00e1rtir de la reforma agraria\u201d; Nicol\u00e1s Oxman con \u201cCordel de c\u00e1\u00f1amo\u201d; Mauricio Rettig con \u201cDistinci\u00f3n entre lesiones menos graves y leves\u201d; Sebasti\u00e1n Salinero con \u201cEl delito de tr\u00e1fico de migrantes: la entrada ilegal de los ciudadanos peruanos\u201d; Christian Scheechler con \u201cTrata de inmigrantes\u201d; Felipe Caballero con \u201cAbogado denostador, pero con \u00e1nimo de informar\u201d; Antonio Bascu\u00f1\u00e1n con \u201cLa pistola del minuto despu\u00e9s\u201d; Carlos K\u00fcnsem\u00fcller con \u201cRobo frustrado al instituto de normalizaci\u00f3n previsional\u201d; Guillermo Oliver con \u201cMechero frustrado\u201d; Andrea Perin y Tatiana Vargas con \u201cIncendio agravado\u201d. CAP\u00cdTULO I DE LOS CR\u00cdMENES Y SIMPLES DELITOS QUE AFECTAN LOS DERECHOS GARANTIDOS POR LA CONSTITUCI\u00d3N. (T\u00cdTULO III) Cr\u00edmenes y simples delitos contra la libertad y seguridad, cometidos por particulares &#8220;La venda sexy&#8221; \u00bfDesaparici\u00f3n forzada de personas como simple delito de secuestro? SCA, Rol N\u00b0205842005726-10-2006 CAP\u00cdTULO II DE LOS CR\u00cdMENES Y SIMPLES DELITOS CONTRA LA FE P\u00daBLICA, DE LAS FALSIFICACIONES, DEL FALSO TESTIMONIO Y DEL PERJUICIO (T\u00cdTULO IV) 1. De la falsificaci\u00f3n de documentos p\u00fablicos o aut\u00e9nticos &#8220;Falsedad de permiso de circulaci\u00f3n&#8221;. SCS, 15\/07\/2009, Rol N\u00b02924-08 Laura Mayer Lux &#8211; Jaime Vera Vega 2. De la falsificaci\u00f3n de instrumentos privados &#8220;Un comprador sospechoso&#8221;. TOP 12\/02\/2007, Rol N\u00b0376-2006 Luis Ortiz Quiroga 3. De las falsedades vertidas en el proceso y del perjuicio &#8220;Querella calumniosa&#8221;. SCS, 16\/11\/2009, Rol N\u00b07492-2008 Marcelo Hadwa Issa CAP\u00cdTULO III DE LOS CR\u00cdMENES Y SIMPLES DELITOS COMETIDOS POR EMPLEADOS P\u00daBLICOS EN EL DESEMPE\u00d1O DE SUS CARGOS (T\u00cdTULO V) 1. Malversaci\u00f3n de caudales p\u00fablicos &#8220;El funcionario a cargo&#8221;. SCS, 15\/01\/2007, Rol N\u00b05733-04 Mar\u00eda Magdalena Ossand\u00f3n Widow 2. Fraudes y exacciones ilegales Caso &#8220;MOP-Gate&#8221;. SCS, 28\/06\/2016, Rol N\u00b025378-2014 Elisabeth Matthei Schacht &#8211; Luis Emilio Rojas Aguirre 3. Cohecho &#8220;La revista de la alcaldesa&#8221;. Sobre el tipo subjetivo del delito de cohecho.. SCS, 26\/01\/2009 Rol N\u00b05898-08 Osvaldo Artaza Varela &#8220;El sepultero: \u00bfUna propina como cohecho?. SCA de Antofagasta, 16\/12\/2010, Rol B\u00b0370\/2010 Gonzalo Garc\u00eda Palominos CAP\u00cdTULO IV DE LOS CR\u00cdMENES Y SIMPLES DELITOS CONTRA EL ORDEN Y LA SEGURIDAD P\u00daBLICOS COMETIDOS POR PARTICULARES (CAP\u00cdTULO VI) 1. Retenciones o toma de control de veh\u00edculo de transporte p\u00fablico de pasajeros &#8220;Cruce Peleco&#8221;. Turbaci\u00f3n del tr\u00e1nsito, la tranquilidad p\u00fablica y el delito de &#8220;des\u00f3rdenes p\u00fablicos&#8221;. SCA de Concepci\u00f3n, 28\/07\/2017, Rol N\u00b0553-2017 Francisco Maldonado Fuentes 2. De la obstrucci\u00f3n a la investigaci\u00f3n &#8220;El imputado como autor del delito de obstrucci\u00f3n a la investigaci\u00f3n&#8221;. SCA Sanntiago, 23\/08\/2016, Rol N\u00b01552-2016 Mar\u00eda Soledad Krause Mu\u00f1oz 3. Cr\u00edmenes y simples delitos relativos a la industria, al comercio ya las suvastas p\u00fablicas &#8220;El caso farmacias&#8221;. Alteraci\u00f3n fraudulenta del precio natural de las mercanc\u00edas. STOP (4\u00b0, Santiago), 28\/07\/2015, RUC N\u00b00900281513-0 y SCA de Santiago, 29\/12\/2015, Rol N\u00b03139-2015 Alex van Weezel de la Cruz 4. De las asociaciones il\u00edcitas &#8220;Asociaci\u00f3n il\u00edcita- ex Colonia Dignidad&#8221;. SCS, 29\/12\/2016, Rol N\u00b014312-16 Ra\u00fal Carnevali Rodr\u00edguez &#8220;La estructura t\u00edpica de la asociaci\u00f3n il\u00edicita: el &#8220;Caso Prats&#8221;. SCS, 018\/07\/2010, Rol N\u00b0259609 Juan Pablo Ma\u00f1alich Raffo 5. De las amenazas de atentado contra las personas y propiedades &#8220;Amenaza culturalmente motivada&#8221;. SCS, 20\/01\/2016, Rol N\u00b028842-2015 Tatiana Vargas Pinto 6. Cr\u00edmenes y simples delitos contra la salud p\u00fablica &#8220;Alimento para reg\u00edmenes especiales&#8221;. STOP de San Bernardo, 24\/08\/2012, RUC N\u00b00800102576-8 Lautaro Contreras Chaimovich CAP\u00cdTULO V CR\u00cdMENES Y DELITOS CONTRA EL ORDEN DE LAS FAMILIAS, CONTRA LA MORALIDAD P\u00daBLICA Y CONTRA LA INTEGRIDAD SEXUAL (T\u00cdTULO VII) 1. Aborto &#8220;Aborto y cuasidelito de mal&#8221;. SCS, 16\/04\/2009, Rol N\u00b01882-08 H\u00e9ctor Hern\u00e1ndez Basualto 2. Abandono de ni\u00f1os y personas desvalidas &#8220;Abandono de menor aimara&#8221;. SCA de Arica, 15\/11\/2010, Rol N\u00b0211-2010 Iv\u00e1n Navas Mondaca 3. De la violaci\u00f3n &#8220;\u00bfViolaci\u00f3n por temor reverencial?&#8221;. SCS, 10\/03\/2003, Rol N\u00b04115-02 Juan Pablo Cox Leixelard 4. Del estupro y otros delitos sexuales &#8220;El beso forzado&#8221; SCA de Santiago, 10\/05\/2015, Rol N\u00b01078-2015 Jos\u00e9<\/p>\n","protected":false},"featured_media":4530,"comment_status":"open","ping_status":"closed","template":"","meta":{"inline_featured_image":false,"_joinchat":[]},"product_brand":[],"product_cat":[38,30],"product_tag":[],"class_list":{"0":"post-4478","1":"product","2":"type-product","3":"status-publish","4":"has-post-thumbnail","6":"product_cat-editorial-der-ediciones","7":"product_cat-penal","8":"product_shipping_class-a-convenir","10":"first","11":"instock","12":"shipping-taxable","13":"purchasable","14":"product-type-simple"},"_links":{"self":[{"href":"https:\/\/bibliotecajuridicavirtual.cl\/index.php\/wp-json\/wp\/v2\/product\/4478","targetHints":{"allow":["GET"]}}],"collection":[{"href":"https:\/\/bibliotecajuridicavirtual.cl\/index.php\/wp-json\/wp\/v2\/product"}],"about":[{"href":"https:\/\/bibliotecajuridicavirtual.cl\/index.php\/wp-json\/wp\/v2\/types\/product"}],"replies":[{"embeddable":true,"href":"https:\/\/bibliotecajuridicavirtual.cl\/index.php\/wp-json\/wp\/v2\/comments?post=4478"}],"wp:featuredmedia":[{"embeddable":true,"href":"https:\/\/bibliotecajuridicavirtual.cl\/index.php\/wp-json\/wp\/v2\/media\/4530"}],"wp:attachment":[{"href":"https:\/\/bibliotecajuridicavirtual.cl\/index.php\/wp-json\/wp\/v2\/media?parent=4478"}],"wp:term":[{"taxonomy":"product_brand","embeddable":true,"href":"https:\/\/bibliotecajuridicavirtual.cl\/index.php\/wp-json\/wp\/v2\/product_brand?post=4478"},{"taxonomy":"product_cat","embeddable":true,"href":"https:\/\/bibliotecajuridicavirtual.cl\/index.php\/wp-json\/wp\/v2\/product_cat?post=4478"},{"taxonomy":"product_tag","embeddable":true,"href":"https:\/\/bibliotecajuridicavirtual.cl\/index.php\/wp-json\/wp\/v2\/product_tag?post=4478"}],"curies":[{"name":"wp","href":"https:\/\/api.w.org\/{rel}","templated":true}]}}