{"id":4513,"date":"2026-02-28T01:26:18","date_gmt":"2026-02-28T04:26:18","guid":{"rendered":"https:\/\/bibliotecajuridicavirtual.cl\/?post_type=product&#038;p=4513"},"modified":"2026-02-28T01:26:34","modified_gmt":"2026-02-28T04:26:34","slug":"derecho-penal-parte-general-tomo-ii-el-delito-de-accion-doloso-e-imprudente-ano-2019-810-pag-autor-mauricio-rettig-espinoza","status":"publish","type":"product","link":"https:\/\/bibliotecajuridicavirtual.cl\/index.php\/product\/derecho-penal-parte-general-tomo-ii-el-delito-de-accion-doloso-e-imprudente-ano-2019-810-pag-autor-mauricio-rettig-espinoza\/","title":{"rendered":"Derecho Penal Parte General Tomo II &#8211; El Delito de accion doloso e imprudente. A\u00f1o 2019\/810 P\u00e1g. Autor Mauricio Rettig Espinoza"},"content":{"rendered":"<p>En el tomo I de esta obra tuvo ocasi\u00f3n de pronunciarnos respecto de los fundamentos del Derecho penal y en particular del concepto de esta rama del Derecho y su relaci\u00f3n con las disciplinas afines, del estudio de las normas jur\u00eddico-penales, de la funci\u00f3n del Derecho penal en un Estado democr\u00e1tico de Derecho, de la teor\u00eda de la pena, de los l\u00edmites al ius puniendi, de la interpretaci\u00f3n de la ley penal, de los efectos de la ley penal y de la evoluci\u00f3n de la dogm\u00e1tica penal, decant\u00e1ndonos por una visi\u00f3n funcionalista del Derecho penal.<br \/>\nEn el tomo II nos avocaremos a la teor\u00eda del delito de acci\u00f3n doloso e imprudente siguiendo las vigas maestras establecidas en el tomo I.<br \/>\nLo anterior se traduce en una postura respecto de la dogm\u00e1tica penal y, m\u00e1s precisamente, de la teor\u00eda del delito, entendida como un sistema categorial por niveles y subniveles de an\u00e1lisis que constituyen nuestro m\u00e9todo principal de trabajo y resoluci\u00f3n de casos.Dicho sistema procura entregar argumentos para imputar, de manera justa y razonada, responsabilidad penal al agente de un comportamiento por la norma penal.Adem\u00e1s, se busca propender hacia un sistema normativo, que garantice la uniformidad de las decisiones en la soluci\u00f3n de los conflictos penales, de manera que ante situaciones equivalentes las soluciones sean tambi\u00e9n semejantes.En \u00faltimo t\u00e9rmino, se trata de que, en caso de ser condenado,<br \/>\nParticular menci\u00f3n merecen los cap\u00edtulos sobre imputaci\u00f3n objetiva y subjetiva, cuyos estudios se abordan con especial profundidad y explican en gran medida el n\u00famero de p\u00e1ginas que tiene este libro.Sin embargo, ello se considera necesario a fin de brindar al lector una visi\u00f3n panor\u00e1mica de la evoluci\u00f3n de los conceptos y categor\u00edas dogm\u00e1ticas tratadas en estos cap\u00edtulos, a fin de ofrecer al lector una fundamentaci\u00f3n razonada y pr\u00e1ctica de las opciones por las cuales se decanta esta obra.<br \/>\nCada cap\u00edtulo comienza con sus objetivos, tiene un caso de introducci\u00f3n para explicar alguna tem\u00e1tica de inter\u00e9s o alg\u00fan problema pr\u00e1ctico a dilucidar en el curso del respeto apartado, as\u00ed como un caso de desarrollo, y antes de concluir se desarrolla un mapa conceptual del mismo.De este modo, muchas materias son abordadas a partir de casos y con ejemplos extra\u00eddos de la doctrina y de la jurisprudencia nacional y extranjera.<\/p>\n","protected":false},"excerpt":{"rendered":"<p>En el tomo I de esta obra tuvo ocasi\u00f3n de pronunciarnos respecto de los fundamentos del Derecho penal y en particular del concepto de esta rama del Derecho y su relaci\u00f3n con las disciplinas afines, del estudio de las normas jur\u00eddico-penales, de la funci\u00f3n del Derecho penal en un Estado democr\u00e1tico de Derecho, de la teor\u00eda de la pena, de los l\u00edmites al ius puniendi, de la interpretaci\u00f3n de la ley penal, de los efectos de la ley penal y de la evoluci\u00f3n de la dogm\u00e1tica penal, decant\u00e1ndonos por una visi\u00f3n funcionalista del Derecho penal. En el tomo II nos avocaremos a la teor\u00eda del delito de acci\u00f3n doloso e imprudente siguiendo las vigas maestras establecidas en el tomo I. Lo anterior se traduce en una postura respecto de la dogm\u00e1tica penal y, m\u00e1s precisamente, de la teor\u00eda del delito, entendida como un sistema categorial por niveles y subniveles de an\u00e1lisis que constituyen nuestro m\u00e9todo principal de trabajo y resoluci\u00f3n de casos.Dicho sistema procura entregar argumentos para imputar, de manera justa y razonada, responsabilidad penal al agente de un comportamiento por la norma penal.Adem\u00e1s, se busca propender hacia un sistema normativo, que garantice la uniformidad de las decisiones en la soluci\u00f3n de los conflictos penales, de manera que ante situaciones equivalentes las soluciones sean tambi\u00e9n semejantes.En \u00faltimo t\u00e9rmino, se trata de que, en caso de ser condenado, Particular menci\u00f3n merecen los cap\u00edtulos sobre imputaci\u00f3n objetiva y subjetiva, cuyos estudios se abordan con especial profundidad y explican en gran medida el n\u00famero de p\u00e1ginas que tiene este libro.Sin embargo, ello se considera necesario a fin de brindar al lector una visi\u00f3n panor\u00e1mica de la evoluci\u00f3n de los conceptos y categor\u00edas dogm\u00e1ticas tratadas en estos cap\u00edtulos, a fin de ofrecer al lector una fundamentaci\u00f3n razonada y pr\u00e1ctica de las opciones por las cuales se decanta esta obra. Cada cap\u00edtulo comienza con sus objetivos, tiene un caso de introducci\u00f3n para explicar alguna tem\u00e1tica de inter\u00e9s o alg\u00fan problema pr\u00e1ctico a dilucidar en el curso del respeto apartado, as\u00ed como un caso de desarrollo, y antes de concluir se desarrolla un mapa conceptual del mismo.De este modo, muchas materias son abordadas a partir de casos y con ejemplos extra\u00eddos de la doctrina y de la jurisprudencia nacional y extranjera.<\/p>\n","protected":false},"featured_media":4543,"comment_status":"open","ping_status":"closed","template":"","meta":{"inline_featured_image":false,"_joinchat":[]},"product_brand":[],"product_cat":[38,30],"product_tag":[],"class_list":{"0":"post-4513","1":"product","2":"type-product","3":"status-publish","4":"has-post-thumbnail","6":"product_cat-editorial-der-ediciones","7":"product_cat-penal","8":"product_shipping_class-a-convenir","10":"first","11":"instock","12":"shipping-taxable","13":"purchasable","14":"product-type-simple"},"_links":{"self":[{"href":"https:\/\/bibliotecajuridicavirtual.cl\/index.php\/wp-json\/wp\/v2\/product\/4513","targetHints":{"allow":["GET"]}}],"collection":[{"href":"https:\/\/bibliotecajuridicavirtual.cl\/index.php\/wp-json\/wp\/v2\/product"}],"about":[{"href":"https:\/\/bibliotecajuridicavirtual.cl\/index.php\/wp-json\/wp\/v2\/types\/product"}],"replies":[{"embeddable":true,"href":"https:\/\/bibliotecajuridicavirtual.cl\/index.php\/wp-json\/wp\/v2\/comments?post=4513"}],"wp:featuredmedia":[{"embeddable":true,"href":"https:\/\/bibliotecajuridicavirtual.cl\/index.php\/wp-json\/wp\/v2\/media\/4543"}],"wp:attachment":[{"href":"https:\/\/bibliotecajuridicavirtual.cl\/index.php\/wp-json\/wp\/v2\/media?parent=4513"}],"wp:term":[{"taxonomy":"product_brand","embeddable":true,"href":"https:\/\/bibliotecajuridicavirtual.cl\/index.php\/wp-json\/wp\/v2\/product_brand?post=4513"},{"taxonomy":"product_cat","embeddable":true,"href":"https:\/\/bibliotecajuridicavirtual.cl\/index.php\/wp-json\/wp\/v2\/product_cat?post=4513"},{"taxonomy":"product_tag","embeddable":true,"href":"https:\/\/bibliotecajuridicavirtual.cl\/index.php\/wp-json\/wp\/v2\/product_tag?post=4513"}],"curies":[{"name":"wp","href":"https:\/\/api.w.org\/{rel}","templated":true}]}}