{"id":4517,"date":"2026-02-28T01:26:19","date_gmt":"2026-02-28T04:26:19","guid":{"rendered":"https:\/\/bibliotecajuridicavirtual.cl\/?post_type=product&#038;p=4517"},"modified":"2026-02-28T01:26:38","modified_gmt":"2026-02-28T04:26:38","slug":"personas-juridicas-teoria-del-delito-compliance-autoria-y-participacion-ano-2023-241-pag-autor-rafael-berruezo","status":"publish","type":"product","link":"https:\/\/bibliotecajuridicavirtual.cl\/index.php\/product\/personas-juridicas-teoria-del-delito-compliance-autoria-y-participacion-ano-2023-241-pag-autor-rafael-berruezo\/","title":{"rendered":"Personas Jur\u00eddicas, Teor\u00eda del Delito, Compliance, Autor\u00eda y Participaci\u00f3n. A\u00f1o 2023\/241 P\u00e1g. Autor Rafael Berruezo"},"content":{"rendered":"<p>Personas jur\u00eddicas. Teor\u00eda del delito, compliance, autor\u00eda y participaci\u00f3n. Responsabilidad penal de la persona jur\u00eddica. Teor\u00eda jur\u00eddica para personas jur\u00eddicas. Compliance. Autor\u00eda y participaci\u00f3n.<\/p>\n<p>\u00cdNDICE<br \/>\nPR\u00f3logo de Jos\u00e9 Miguel feRn\u00e1ndez zacuR &#8230;&#8230;&#8230;&#8230;&#8230;&#8230;. XI<br \/>\nPR\u00f3logo de gustavo MeiRovich &#8230;&#8230;&#8230;&#8230;&#8230;&#8230;&#8230;&#8230;&#8230;&#8230;&#8230;.. XXXIII<br \/>\nCap\u00edtulo I<br \/>\nResPonsaBilidad Penal de<br \/>\nla PeRsona JuR\u00eddica<br \/>\n1. Introducci\u00f3n&#8230;&#8230;&#8230;&#8230;&#8230;&#8230;&#8230;&#8230;&#8230;&#8230;&#8230;&#8230;&#8230;&#8230;&#8230;&#8230;&#8230;&#8230; 1<br \/>\n2. La empresa como sujeto penal &#8230;&#8230;&#8230;&#8230;&#8230;&#8230;&#8230;&#8230;&#8230; 7<br \/>\n3. Antecedentes hist\u00f3ricos &#8230;&#8230;&#8230;&#8230;&#8230;&#8230;&#8230;&#8230;&#8230;&#8230;&#8230;&#8230;. 12<br \/>\n4. No es sufciente el Derecho Penal cl\u00e1sico para<br \/>\naplicar sanciones penales a las personas<br \/>\njur\u00eddicas&#8230;&#8230;&#8230;&#8230;&#8230;&#8230;&#8230;&#8230;&#8230;&#8230;&#8230;&#8230;&#8230;&#8230;&#8230;&#8230;&#8230;&#8230;&#8230;&#8230; 17<br \/>\n5. Posturas hist\u00f3ricas sobre la responsabilidad penal<br \/>\nde las personas jur\u00eddicas&#8230;&#8230;&#8230;&#8230;&#8230;&#8230;&#8230;&#8230;&#8230;&#8230;&#8230;.. 22<br \/>\n6. Societas delinquere non potest &#8230;&#8230;&#8230;&#8230;&#8230;&#8230;&#8230;&#8230;&#8230; 29<br \/>\n6.1. Capacidad de acci\u00f3n &#8230;&#8230;&#8230;&#8230;&#8230;&#8230;&#8230;&#8230;&#8230;&#8230;&#8230;.. 30<br \/>\n6.2. Culpabilidad de la persona jur\u00eddica &#8230;&#8230;&#8230;&#8230; 34<br \/>\n6.3. Finalidad de la pena&#8230;&#8230;&#8230;&#8230;&#8230;&#8230;&#8230;&#8230;&#8230;&#8230;&#8230;.. 41<br \/>\n7. Los distintos modelos de atribuci\u00f3n de<br \/>\nresponsabilidad penal a las personas jur\u00eddicas.. 45<br \/>\n7.1. Modelo de autorresponsabilidad&#8230;&#8230;&#8230;&#8230;&#8230;&#8230; 53<br \/>\n7.2. Sistema de doble imputaci\u00f3n &#8230;&#8230;&#8230;&#8230;&#8230;&#8230;&#8230;. 56<br \/>\n8. Necesidad de sancionar penalmente a las personas<br \/>\njur\u00eddicas&#8230;&#8230;&#8230;&#8230;&#8230;&#8230;&#8230;&#8230;&#8230;&#8230;&#8230;&#8230;&#8230;&#8230;&#8230;&#8230;&#8230;&#8230;&#8230;&#8230; 65<br \/>\n9. Sanciones para las personas jur\u00eddicas&#8230;&#8230;&#8230;&#8230;&#8230; 69<br \/>\nviii Rafael BeRRuezo<br \/>\n10. La responsabilidad penal de las personas<br \/>\njur\u00eddicas en Argentina &#8230;&#8230;&#8230;&#8230;&#8230;&#8230;&#8230;&#8230;&#8230;&#8230;&#8230;&#8230;&#8230; 77<br \/>\n10.1. Arts. 304 del C\u00f3digo Penal; ley 27.430,<br \/>\nart. 13, y ley 27.401&#8230;&#8230;&#8230;&#8230;&#8230;&#8230;&#8230;&#8230;&#8230;&#8230;&#8230;&#8230;&#8230; 84<br \/>\n10.2. An\u00e1lisis del art. 304 C.P&#8230;&#8230;&#8230;&#8230;&#8230;&#8230;&#8230;&#8230;&#8230;. 88<br \/>\n11. Consideraciones fnales &#8230;&#8230;&#8230;&#8230;&#8230;&#8230;&#8230;&#8230;&#8230;&#8230;&#8230;&#8230;. 96<br \/>\nCap\u00edtulo II<br \/>\nteoR\u00eda del delito<br \/>\nPaRa PeRsonas JuR\u00eddicas<br \/>\n1. Introducci\u00f3n&#8230;&#8230;&#8230;&#8230;&#8230;&#8230;&#8230;&#8230;&#8230;&#8230;&#8230;&#8230;&#8230;&#8230;&#8230;&#8230;&#8230;&#8230; 99<br \/>\n2. Punto de partida &#8230;&#8230;&#8230;&#8230;&#8230;&#8230;&#8230;&#8230;&#8230;&#8230;&#8230;&#8230;&#8230;&#8230;&#8230;.. 103<br \/>\n3. Actuar en la organizaci\u00f3n de otro &#8230;&#8230;&#8230;&#8230;&#8230;&#8230;&#8230;. 105<br \/>\n4. Toma de posici\u00f3n&#8230;&#8230;&#8230;&#8230;&#8230;&#8230;&#8230;&#8230;&#8230;&#8230;&#8230;&#8230;&#8230;&#8230;&#8230;.. 111<br \/>\n5. La acci\u00f3n de la persona jur\u00eddica &#8230;&#8230;&#8230;&#8230;&#8230;&#8230;&#8230;&#8230; 112<br \/>\n5.1. Regulaci\u00f3n interna de la persona jur\u00eddica &#8230; 113<br \/>\n5.2. La autoorganizaci\u00f3n social como formadora<br \/>\nde la voluntad social &#8230;&#8230;&#8230;&#8230;&#8230;&#8230;&#8230;&#8230;&#8230;&#8230;&#8230;&#8230;. 117<br \/>\n5.3. El inter\u00e9s econ\u00f3mico de la persona jur\u00eddica.. 118<br \/>\n5.4. Comportamiento social omisivo propio e<br \/>\nimpropio&#8230;&#8230;&#8230;&#8230;&#8230;&#8230;&#8230;&#8230;&#8230;&#8230;&#8230;&#8230;&#8230;&#8230;&#8230;&#8230;&#8230;&#8230;.. 119<br \/>\n5.5. Interacci\u00f3n entre la persona jur\u00eddica y la<br \/>\npersona f\u00edsica. La cl\u00e1usula de actuar en lugar<br \/>\nde otro &#8230;&#8230;&#8230;&#8230;&#8230;&#8230;&#8230;&#8230;&#8230;&#8230;&#8230;&#8230;&#8230;&#8230;&#8230;&#8230;&#8230;&#8230;&#8230;. 123<br \/>\n5.6. Fundamento dogm\u00e1tico del actuar en lugar<br \/>\nde otro &#8230;&#8230;&#8230;&#8230;&#8230;&#8230;&#8230;&#8230;&#8230;&#8230;&#8230;&#8230;&#8230;&#8230;&#8230;&#8230;&#8230;&#8230;&#8230;. 129<br \/>\n6. Tipo. Comportamiento t\u00edpico&#8230;&#8230;&#8230;&#8230;&#8230;&#8230;&#8230;&#8230;&#8230;&#8230; 133<br \/>\n6.1. Tipo subjetivo &#8230;&#8230;&#8230;&#8230;&#8230;&#8230;&#8230;&#8230;&#8230;&#8230;&#8230;&#8230;&#8230;&#8230;&#8230; 135<br \/>\n6.2. Tipos de comisi\u00f3n negligente &#8230;&#8230;&#8230;&#8230;&#8230;&#8230;&#8230;. 138<br \/>\n7. Antijuridicidad &#8230;&#8230;&#8230;&#8230;&#8230;&#8230;&#8230;&#8230;&#8230;&#8230;&#8230;&#8230;&#8230;&#8230;&#8230;&#8230;.. 140<br \/>\n7.1. Antijuridicidad objetiva e injusto personal .. 142<br \/>\n7.2. La antijuridicidad de la acci\u00f3n empresarial.. 143<br \/>\n7.3. Causas de justifcaci\u00f3n&#8230;&#8230;&#8230;&#8230;&#8230;&#8230;&#8230;&#8230;&#8230;&#8230;. 145<br \/>\n7.4. Leg\u00edtima defensa&#8230;&#8230;&#8230;&#8230;&#8230;&#8230;&#8230;&#8230;&#8230;&#8230;&#8230;&#8230;&#8230;.. 146<br \/>\n7.5. Estado de necesidad&#8230;&#8230;&#8230;&#8230;&#8230;&#8230;&#8230;&#8230;&#8230;&#8230;&#8230;.. 151<br \/>\n\u00cdndice iX<br \/>\n8. Culpabilidad. Responsabilidad institucional &#8230;&#8230; 153<br \/>\n8.1. La persona jur\u00eddica y su calidad de persona<br \/>\nen derecho &#8230;&#8230;&#8230;&#8230;&#8230;&#8230;&#8230;&#8230;&#8230;&#8230;&#8230;&#8230;&#8230;&#8230;&#8230;&#8230;&#8230;. 156<br \/>\n8.2. Responsabilidad social &#8230;&#8230;&#8230;&#8230;&#8230;&#8230;&#8230;&#8230;&#8230;&#8230;. 158<br \/>\n8.3. Conocimiento de las normas&#8230;&#8230;&#8230;&#8230;&#8230;&#8230;&#8230;.. 160<br \/>\n8.4. La autorregulaci\u00f3n &#8230;&#8230;&#8230;&#8230;&#8230;&#8230;&#8230;&#8230;&#8230;&#8230;&#8230;&#8230;. 161<br \/>\n8.5. Autorregulaci\u00f3n y culpabilidad&#8230;&#8230;&#8230;&#8230;&#8230;&#8230;. 162<br \/>\n8.6. El defecto de organizaci\u00f3n &#8230;&#8230;&#8230;&#8230;&#8230;&#8230;&#8230;&#8230;.. 162<br \/>\n8.7. El defecto de organizaci\u00f3n y el concepto<br \/>\nconstructivista de culpabilidad empresarial .. 165<br \/>\n8.8. El tama\u00f1o y la complejidad de la empresa .. 167<br \/>\n8.9. El benefcio o enriquecimiento injusto como<br \/>\nmotivador de conducta il\u00edcita&#8230;&#8230;&#8230;&#8230;&#8230;&#8230;&#8230;&#8230;. 167<br \/>\n8.10. Los nuevos deberes del gobierno corporativo.. 168<br \/>\nCap\u00edtulo III<br \/>\nComplianCe<br \/>\n1. Generalidades &#8230;&#8230;&#8230;&#8230;&#8230;&#8230;&#8230;&#8230;&#8230;&#8230;&#8230;&#8230;&#8230;&#8230;&#8230;&#8230;&#8230; 171<br \/>\n2. Criminal compliance&#8230;&#8230;&#8230;&#8230;&#8230;&#8230;&#8230;&#8230;&#8230;&#8230;&#8230;&#8230;&#8230;&#8230;. 174<br \/>\n3. Programas de cumplimiento o compliance&#8230;&#8230;&#8230;. 177<br \/>\n4. Objetivos de los planes de integridad &#8230;&#8230;&#8230;&#8230;&#8230;.. 180<br \/>\n5. Los problemas jur\u00eddicos del cumplimiento<br \/>\nnormativo&#8230;&#8230;&#8230;&#8230;&#8230;&#8230;&#8230;&#8230;&#8230;&#8230;&#8230;&#8230;&#8230;&#8230;&#8230;&#8230;&#8230;&#8230;&#8230;. 183<br \/>\n6. Compliance y culpabilidad &#8230;&#8230;&#8230;&#8230;&#8230;&#8230;&#8230;&#8230;&#8230;&#8230;&#8230; 185<br \/>\n7. El programa de integridad. Su contenido &#8230;&#8230;&#8230;.. 186<br \/>\n8. La fgura del responsable de cumplimiento o<br \/>\ncompliance offcer &#8230;&#8230;&#8230;&#8230;&#8230;&#8230;&#8230;&#8230;&#8230;&#8230;&#8230;&#8230;&#8230;&#8230;&#8230;. 188<br \/>\n9. Ofcial de cumplimiento en el Derecho argentino .. 190<br \/>\n10. Ofcial de cumplimiento en el \u00e1mbito privado&#8230;.. 196<br \/>\n11. Deber de garante del empresario, delegaci\u00f3n de<br \/>\nfunciones y deber de supervisi\u00f3n residual&#8230;&#8230;&#8230;. 197<br \/>\n12. Posici\u00f3n del obligado tras la delegaci\u00f3n. Deberes<br \/>\nde supervisi\u00f3n activa y reactiva &#8230;&#8230;&#8230;&#8230;&#8230;&#8230;&#8230;&#8230;. 200<br \/>\n13. Los deberes de garante de quien debe ejecutar<br \/>\nlos deberes de control, prevenci\u00f3n y detecci\u00f3n<br \/>\nde delitos&#8230;&#8230;&#8230;&#8230;&#8230;&#8230;&#8230;&#8230;&#8230;&#8230;&#8230;&#8230;&#8230;&#8230;&#8230;&#8230;&#8230;&#8230;&#8230;.. 202<br \/>\nX Rafael BeRRuezo<br \/>\n14. Responsabilidad del ofcial de cumplimiento por<br \/>\nomisi\u00f3n de deberes de detecci\u00f3n y prevenci\u00f3n de<br \/>\ndelitos &#8230;&#8230;&#8230;&#8230;&#8230;&#8230;&#8230;&#8230;&#8230;&#8230;&#8230;&#8230;&#8230;&#8230;&#8230;&#8230;&#8230;&#8230;&#8230;&#8230;&#8230; 204<br \/>\n15. Jurisprudencia sobre el compliance &#8230;&#8230;&#8230;&#8230;&#8230;&#8230;. 207<br \/>\nCap\u00edtulo IV<br \/>\nautoR\u00eda y PaRticiPaci\u00f3n<br \/>\n1. Introducci\u00f3n&#8230;&#8230;&#8230;&#8230;&#8230;&#8230;&#8230;&#8230;&#8230;&#8230;&#8230;&#8230;&#8230;&#8230;&#8230;&#8230;&#8230;&#8230; 213<br \/>\n2. Persona jur\u00eddica como autora del delito&#8230;&#8230;&#8230;&#8230;.. 214<br \/>\n3. Teor\u00eda normativa de autor&#8230;&#8230;&#8230;&#8230;&#8230;&#8230;&#8230;&#8230;&#8230;&#8230;&#8230;. 215<br \/>\n4. Autor mediato&#8230;&#8230;&#8230;&#8230;&#8230;&#8230;&#8230;&#8230;&#8230;&#8230;&#8230;&#8230;&#8230;&#8230;&#8230;&#8230;&#8230;. 220<br \/>\n5. Autor\u00eda mediata desde el normativismo&#8230;&#8230;&#8230;&#8230;.. 221<br \/>\n6. Coautor\u00eda &#8230;&#8230;&#8230;&#8230;&#8230;&#8230;&#8230;&#8230;&#8230;&#8230;&#8230;&#8230;&#8230;&#8230;&#8230;&#8230;&#8230;&#8230;&#8230;. 223<br \/>\n7. Participaci\u00f3n delictiva&#8230;&#8230;&#8230;&#8230;&#8230;&#8230;&#8230;&#8230;&#8230;&#8230;&#8230;&#8230;&#8230;. 224<br \/>\n7.1 Part\u00edcipe primario y secundario&#8230;&#8230;&#8230;&#8230;&#8230;&#8230;. 224<br \/>\n7.2. Teor\u00edas que diferencian entre part\u00edcipe<br \/>\nprimario y secundario&#8230;&#8230;&#8230;&#8230;&#8230;&#8230;&#8230;&#8230;&#8230;&#8230;&#8230;.. 227<br \/>\nBiBliogRaf\u00eda &#8230;&#8230;&#8230;&#8230;&#8230;&#8230;&#8230;&#8230;&#8230;&#8230;&#8230;&#8230;&#8230;&#8230;&#8230;&#8230;&#8230;&#8230;&#8230;&#8230;.. 231<\/p>\n","protected":false},"excerpt":{"rendered":"<p>Personas jur\u00eddicas. Teor\u00eda del delito, compliance, autor\u00eda y participaci\u00f3n. Responsabilidad penal de la persona jur\u00eddica. Teor\u00eda jur\u00eddica para personas jur\u00eddicas. Compliance. Autor\u00eda y participaci\u00f3n. \u00cdNDICE PR\u00f3logo de Jos\u00e9 Miguel feRn\u00e1ndez zacuR &#8230;&#8230;&#8230;&#8230;&#8230;&#8230;. XI PR\u00f3logo de gustavo MeiRovich &#8230;&#8230;&#8230;&#8230;&#8230;&#8230;&#8230;&#8230;&#8230;&#8230;&#8230;.. XXXIII Cap\u00edtulo I ResPonsaBilidad Penal de la PeRsona JuR\u00eddica 1. Introducci\u00f3n&#8230;&#8230;&#8230;&#8230;&#8230;&#8230;&#8230;&#8230;&#8230;&#8230;&#8230;&#8230;&#8230;&#8230;&#8230;&#8230;&#8230;&#8230; 1 2. La empresa como sujeto penal &#8230;&#8230;&#8230;&#8230;&#8230;&#8230;&#8230;&#8230;&#8230; 7 3. Antecedentes hist\u00f3ricos &#8230;&#8230;&#8230;&#8230;&#8230;&#8230;&#8230;&#8230;&#8230;&#8230;&#8230;&#8230;. 12 4. No es sufciente el Derecho Penal cl\u00e1sico para aplicar sanciones penales a las personas jur\u00eddicas&#8230;&#8230;&#8230;&#8230;&#8230;&#8230;&#8230;&#8230;&#8230;&#8230;&#8230;&#8230;&#8230;&#8230;&#8230;&#8230;&#8230;&#8230;&#8230;&#8230; 17 5. Posturas hist\u00f3ricas sobre la responsabilidad penal de las personas jur\u00eddicas&#8230;&#8230;&#8230;&#8230;&#8230;&#8230;&#8230;&#8230;&#8230;&#8230;&#8230;.. 22 6. Societas delinquere non potest &#8230;&#8230;&#8230;&#8230;&#8230;&#8230;&#8230;&#8230;&#8230; 29 6.1. Capacidad de acci\u00f3n &#8230;&#8230;&#8230;&#8230;&#8230;&#8230;&#8230;&#8230;&#8230;&#8230;&#8230;.. 30 6.2. Culpabilidad de la persona jur\u00eddica &#8230;&#8230;&#8230;&#8230; 34 6.3. Finalidad de la pena&#8230;&#8230;&#8230;&#8230;&#8230;&#8230;&#8230;&#8230;&#8230;&#8230;&#8230;.. 41 7. Los distintos modelos de atribuci\u00f3n de responsabilidad penal a las personas jur\u00eddicas.. 45 7.1. Modelo de autorresponsabilidad&#8230;&#8230;&#8230;&#8230;&#8230;&#8230; 53 7.2. Sistema de doble imputaci\u00f3n &#8230;&#8230;&#8230;&#8230;&#8230;&#8230;&#8230;. 56 8. Necesidad de sancionar penalmente a las personas jur\u00eddicas&#8230;&#8230;&#8230;&#8230;&#8230;&#8230;&#8230;&#8230;&#8230;&#8230;&#8230;&#8230;&#8230;&#8230;&#8230;&#8230;&#8230;&#8230;&#8230;&#8230; 65 9. Sanciones para las personas jur\u00eddicas&#8230;&#8230;&#8230;&#8230;&#8230; 69 viii Rafael BeRRuezo 10. La responsabilidad penal de las personas jur\u00eddicas en Argentina &#8230;&#8230;&#8230;&#8230;&#8230;&#8230;&#8230;&#8230;&#8230;&#8230;&#8230;&#8230;&#8230; 77 10.1. Arts. 304 del C\u00f3digo Penal; ley 27.430, art. 13, y ley 27.401&#8230;&#8230;&#8230;&#8230;&#8230;&#8230;&#8230;&#8230;&#8230;&#8230;&#8230;&#8230;&#8230; 84 10.2. An\u00e1lisis del art. 304 C.P&#8230;&#8230;&#8230;&#8230;&#8230;&#8230;&#8230;&#8230;&#8230;. 88 11. Consideraciones fnales &#8230;&#8230;&#8230;&#8230;&#8230;&#8230;&#8230;&#8230;&#8230;&#8230;&#8230;&#8230;. 96 Cap\u00edtulo II teoR\u00eda del delito PaRa PeRsonas JuR\u00eddicas 1. Introducci\u00f3n&#8230;&#8230;&#8230;&#8230;&#8230;&#8230;&#8230;&#8230;&#8230;&#8230;&#8230;&#8230;&#8230;&#8230;&#8230;&#8230;&#8230;&#8230; 99 2. Punto de partida &#8230;&#8230;&#8230;&#8230;&#8230;&#8230;&#8230;&#8230;&#8230;&#8230;&#8230;&#8230;&#8230;&#8230;&#8230;.. 103 3. Actuar en la organizaci\u00f3n de otro &#8230;&#8230;&#8230;&#8230;&#8230;&#8230;&#8230;. 105 4. Toma de posici\u00f3n&#8230;&#8230;&#8230;&#8230;&#8230;&#8230;&#8230;&#8230;&#8230;&#8230;&#8230;&#8230;&#8230;&#8230;&#8230;.. 111 5. La acci\u00f3n de la persona jur\u00eddica &#8230;&#8230;&#8230;&#8230;&#8230;&#8230;&#8230;&#8230; 112 5.1. Regulaci\u00f3n interna de la persona jur\u00eddica &#8230; 113 5.2. La autoorganizaci\u00f3n social como formadora de la voluntad social &#8230;&#8230;&#8230;&#8230;&#8230;&#8230;&#8230;&#8230;&#8230;&#8230;&#8230;&#8230;. 117 5.3. El inter\u00e9s econ\u00f3mico de la persona jur\u00eddica.. 118 5.4. Comportamiento social omisivo propio e impropio&#8230;&#8230;&#8230;&#8230;&#8230;&#8230;&#8230;&#8230;&#8230;&#8230;&#8230;&#8230;&#8230;&#8230;&#8230;&#8230;&#8230;&#8230;.. 119 5.5. Interacci\u00f3n entre la persona jur\u00eddica y la persona f\u00edsica. La cl\u00e1usula de actuar en lugar de otro &#8230;&#8230;&#8230;&#8230;&#8230;&#8230;&#8230;&#8230;&#8230;&#8230;&#8230;&#8230;&#8230;&#8230;&#8230;&#8230;&#8230;&#8230;&#8230;. 123 5.6. Fundamento dogm\u00e1tico del actuar en lugar de otro &#8230;&#8230;&#8230;&#8230;&#8230;&#8230;&#8230;&#8230;&#8230;&#8230;&#8230;&#8230;&#8230;&#8230;&#8230;&#8230;&#8230;&#8230;&#8230;. 129 6. Tipo. Comportamiento t\u00edpico&#8230;&#8230;&#8230;&#8230;&#8230;&#8230;&#8230;&#8230;&#8230;&#8230; 133 6.1. Tipo subjetivo &#8230;&#8230;&#8230;&#8230;&#8230;&#8230;&#8230;&#8230;&#8230;&#8230;&#8230;&#8230;&#8230;&#8230;&#8230; 135 6.2. Tipos de comisi\u00f3n negligente &#8230;&#8230;&#8230;&#8230;&#8230;&#8230;&#8230;. 138 7. Antijuridicidad &#8230;&#8230;&#8230;&#8230;&#8230;&#8230;&#8230;&#8230;&#8230;&#8230;&#8230;&#8230;&#8230;&#8230;&#8230;&#8230;.. 140 7.1. Antijuridicidad objetiva e injusto personal .. 142 7.2. La antijuridicidad de la acci\u00f3n empresarial.. 143 7.3. Causas de justifcaci\u00f3n&#8230;&#8230;&#8230;&#8230;&#8230;&#8230;&#8230;&#8230;&#8230;&#8230;. 145 7.4. Leg\u00edtima defensa&#8230;&#8230;&#8230;&#8230;&#8230;&#8230;&#8230;&#8230;&#8230;&#8230;&#8230;&#8230;&#8230;.. 146 7.5. Estado de necesidad&#8230;&#8230;&#8230;&#8230;&#8230;&#8230;&#8230;&#8230;&#8230;&#8230;&#8230;.. 151 \u00cdndice iX 8. Culpabilidad. Responsabilidad institucional &#8230;&#8230; 153 8.1. La persona jur\u00eddica y su calidad de persona en derecho &#8230;&#8230;&#8230;&#8230;&#8230;&#8230;&#8230;&#8230;&#8230;&#8230;&#8230;&#8230;&#8230;&#8230;&#8230;&#8230;&#8230;. 156 8.2. Responsabilidad social &#8230;&#8230;&#8230;&#8230;&#8230;&#8230;&#8230;&#8230;&#8230;&#8230;. 158 8.3. Conocimiento de las normas&#8230;&#8230;&#8230;&#8230;&#8230;&#8230;&#8230;.. 160 8.4. La autorregulaci\u00f3n &#8230;&#8230;&#8230;&#8230;&#8230;&#8230;&#8230;&#8230;&#8230;&#8230;&#8230;&#8230;. 161 8.5. Autorregulaci\u00f3n y culpabilidad&#8230;&#8230;&#8230;&#8230;&#8230;&#8230;. 162 8.6. El defecto de organizaci\u00f3n &#8230;&#8230;&#8230;&#8230;&#8230;&#8230;&#8230;&#8230;.. 162 8.7. El defecto de organizaci\u00f3n y el concepto constructivista de culpabilidad empresarial .. 165 8.8. El tama\u00f1o y la complejidad de la empresa .. 167 8.9. El benefcio o enriquecimiento injusto como motivador de conducta il\u00edcita&#8230;&#8230;&#8230;&#8230;&#8230;&#8230;&#8230;&#8230;. 167 8.10. Los nuevos deberes del gobierno corporativo.. 168 Cap\u00edtulo III ComplianCe 1. Generalidades &#8230;&#8230;&#8230;&#8230;&#8230;&#8230;&#8230;&#8230;&#8230;&#8230;&#8230;&#8230;&#8230;&#8230;&#8230;&#8230;&#8230; 171 2. Criminal compliance&#8230;&#8230;&#8230;&#8230;&#8230;&#8230;&#8230;&#8230;&#8230;&#8230;&#8230;&#8230;&#8230;&#8230;. 174 3. Programas de cumplimiento o compliance&#8230;&#8230;&#8230;. 177 4. Objetivos de los planes de integridad &#8230;&#8230;&#8230;&#8230;&#8230;.. 180 5. Los problemas jur\u00eddicos del cumplimiento normativo&#8230;&#8230;&#8230;&#8230;&#8230;&#8230;&#8230;&#8230;&#8230;&#8230;&#8230;&#8230;&#8230;&#8230;&#8230;&#8230;&#8230;&#8230;&#8230;. 183 6. Compliance y culpabilidad &#8230;&#8230;&#8230;&#8230;&#8230;&#8230;&#8230;&#8230;&#8230;&#8230;&#8230; 185 7. El programa de integridad. Su contenido &#8230;&#8230;&#8230;.. 186 8. La fgura del responsable de cumplimiento o compliance offcer &#8230;&#8230;&#8230;&#8230;&#8230;&#8230;&#8230;&#8230;&#8230;&#8230;&#8230;&#8230;&#8230;&#8230;&#8230;. 188 9. Ofcial de cumplimiento en el Derecho argentino .. 190 10. Ofcial de cumplimiento en el \u00e1mbito privado&#8230;.. 196 11. Deber de garante del empresario, delegaci\u00f3n de funciones y deber de supervisi\u00f3n residual&#8230;&#8230;&#8230;. 197 12. Posici\u00f3n del obligado tras la delegaci\u00f3n. Deberes de supervisi\u00f3n activa y reactiva &#8230;&#8230;&#8230;&#8230;&#8230;&#8230;&#8230;&#8230;. 200 13. Los deberes de garante de quien debe ejecutar los deberes de control, prevenci\u00f3n y detecci\u00f3n de delitos&#8230;&#8230;&#8230;&#8230;&#8230;&#8230;&#8230;&#8230;&#8230;&#8230;&#8230;&#8230;&#8230;&#8230;&#8230;&#8230;&#8230;&#8230;&#8230;.. 202 X Rafael BeRRuezo 14. Responsabilidad del ofcial de cumplimiento por omisi\u00f3n de deberes de detecci\u00f3n y prevenci\u00f3n de delitos &#8230;&#8230;&#8230;&#8230;&#8230;&#8230;&#8230;&#8230;&#8230;&#8230;&#8230;&#8230;&#8230;&#8230;&#8230;&#8230;&#8230;&#8230;&#8230;&#8230;&#8230; 204 15. Jurisprudencia sobre el compliance &#8230;&#8230;&#8230;&#8230;&#8230;&#8230;. 207 Cap\u00edtulo IV autoR\u00eda y PaRticiPaci\u00f3n 1. Introducci\u00f3n&#8230;&#8230;&#8230;&#8230;&#8230;&#8230;&#8230;&#8230;&#8230;&#8230;&#8230;&#8230;&#8230;&#8230;&#8230;&#8230;&#8230;&#8230; 213 2. Persona jur\u00eddica como autora del delito&#8230;&#8230;&#8230;&#8230;.. 214 3. Teor\u00eda normativa de autor&#8230;&#8230;&#8230;&#8230;&#8230;&#8230;&#8230;&#8230;&#8230;&#8230;&#8230;. 215 4. Autor mediato&#8230;&#8230;&#8230;&#8230;&#8230;&#8230;&#8230;&#8230;&#8230;&#8230;&#8230;&#8230;&#8230;&#8230;&#8230;&#8230;&#8230;. 220 5. Autor\u00eda mediata desde el normativismo&#8230;&#8230;&#8230;&#8230;.. 221 6. Coautor\u00eda &#8230;&#8230;&#8230;&#8230;&#8230;&#8230;&#8230;&#8230;&#8230;&#8230;&#8230;&#8230;&#8230;&#8230;&#8230;&#8230;&#8230;&#8230;&#8230;. 223 7. Participaci\u00f3n delictiva&#8230;&#8230;&#8230;&#8230;&#8230;&#8230;&#8230;&#8230;&#8230;&#8230;&#8230;&#8230;&#8230;. 224 7.1 Part\u00edcipe primario y secundario&#8230;&#8230;&#8230;&#8230;&#8230;&#8230;. 224 7.2. Teor\u00edas que diferencian entre part\u00edcipe primario y secundario&#8230;&#8230;&#8230;&#8230;&#8230;&#8230;&#8230;&#8230;&#8230;&#8230;&#8230;.. 227 BiBliogRaf\u00eda &#8230;&#8230;&#8230;&#8230;&#8230;&#8230;&#8230;&#8230;&#8230;&#8230;&#8230;&#8230;&#8230;&#8230;&#8230;&#8230;&#8230;&#8230;&#8230;&#8230;.. 231<\/p>\n","protected":false},"featured_media":4547,"comment_status":"open","ping_status":"closed","template":"","meta":{"inline_featured_image":false,"_joinchat":[]},"product_brand":[],"product_cat":[30],"product_tag":[],"class_list":{"0":"post-4517","1":"product","2":"type-product","3":"status-publish","4":"has-post-thumbnail","6":"product_cat-penal","7":"product_shipping_class-a-convenir","9":"first","10":"instock","11":"shipping-taxable","12":"purchasable","13":"product-type-simple"},"_links":{"self":[{"href":"https:\/\/bibliotecajuridicavirtual.cl\/index.php\/wp-json\/wp\/v2\/product\/4517","targetHints":{"allow":["GET"]}}],"collection":[{"href":"https:\/\/bibliotecajuridicavirtual.cl\/index.php\/wp-json\/wp\/v2\/product"}],"about":[{"href":"https:\/\/bibliotecajuridicavirtual.cl\/index.php\/wp-json\/wp\/v2\/types\/product"}],"replies":[{"embeddable":true,"href":"https:\/\/bibliotecajuridicavirtual.cl\/index.php\/wp-json\/wp\/v2\/comments?post=4517"}],"wp:featuredmedia":[{"embeddable":true,"href":"https:\/\/bibliotecajuridicavirtual.cl\/index.php\/wp-json\/wp\/v2\/media\/4547"}],"wp:attachment":[{"href":"https:\/\/bibliotecajuridicavirtual.cl\/index.php\/wp-json\/wp\/v2\/media?parent=4517"}],"wp:term":[{"taxonomy":"product_brand","embeddable":true,"href":"https:\/\/bibliotecajuridicavirtual.cl\/index.php\/wp-json\/wp\/v2\/product_brand?post=4517"},{"taxonomy":"product_cat","embeddable":true,"href":"https:\/\/bibliotecajuridicavirtual.cl\/index.php\/wp-json\/wp\/v2\/product_cat?post=4517"},{"taxonomy":"product_tag","embeddable":true,"href":"https:\/\/bibliotecajuridicavirtual.cl\/index.php\/wp-json\/wp\/v2\/product_tag?post=4517"}],"curies":[{"name":"wp","href":"https:\/\/api.w.org\/{rel}","templated":true}]}}