{"id":4528,"date":"2026-02-28T01:26:19","date_gmt":"2026-02-28T04:26:19","guid":{"rendered":"https:\/\/bibliotecajuridicavirtual.cl\/?post_type=product&#038;p=4528"},"modified":"2026-02-28T01:26:49","modified_gmt":"2026-02-28T04:26:49","slug":"derecho-penitenciario-el-cumplimiento-de-la-pena-privativa-de-libertad-quinta-edicion-ano-2022-320-pag-autor-carlos-mir-puig","status":"publish","type":"product","link":"https:\/\/bibliotecajuridicavirtual.cl\/index.php\/product\/derecho-penitenciario-el-cumplimiento-de-la-pena-privativa-de-libertad-quinta-edicion-ano-2022-320-pag-autor-carlos-mir-puig\/","title":{"rendered":"Derecho Penitenciario: El Cumplimiento de la Pena Privativa de Libertad. Quinta edici\u00f3n. A\u00f1o 2022\/320 P\u00e1g. Autor Carlos Mir Puig"},"content":{"rendered":"<p>Es un manual de derecho penitenciario pensado para los alumnos, si bien tambi\u00e9n va dirigido a otros operadores jur\u00eddicos, con numerosa jurisprudencia del TEDH, del TC y del Tribunal Supremo y Audiencias provinciales competentes en derecho penitenciario, as\u00ed como teniendo en cuenta tambi\u00e9n los acuerdos de las reuniones de Jueces de Vigilancia Penitenciaria, e instrucciones y circulares de las autoridades penitenciarias, del Estado espa\u00f1ol, como de la Generalitat de Catalu\u00f1a. En la presente edici\u00f3n se tiene en cuenta la reciente STC Pleno n\u00fam. 169\/2021 de 6.10,2021, sobre la Prisi\u00f3n Permanente Revisable (PPR) que se examina y analiza, as\u00ed como los votos particulares emitidos por tres Magistrados del TC disidentes de la mayor\u00eda, y la cr\u00edtica efectuada por los primeros art\u00edculos de la doctrina especializada contra dicha sentencia del TC. Asimismo se tiene en cuenta la reciente Ley Org\u00e1nica 8\/2021, de 4 de junio, de protecci\u00f3n integral a la infancia y a la adolescencia frente a la violencia, que a\u00f1ade un nuevo art\u00edculo 66 bis a la Ley Org\u00e1nica General Penitenciaria (LOGP).<cite>Atelier<\/cite><\/p>\n","protected":false},"excerpt":{"rendered":"<h4 style=\"text-align: center;\"><span style=\"color: #ff0000;\">( LIBRO ESPA\u00d1OL )<\/span><\/h4>\n<h5 style=\"text-align: center;\"><span style=\"color: #000000;\">Env\u00edo 10 d\u00edas h\u00e1biles.<\/span><\/h5>\n","protected":false},"featured_media":4578,"comment_status":"open","ping_status":"closed","template":"","meta":{"inline_featured_image":false,"_joinchat":[]},"product_brand":[],"product_cat":[30],"product_tag":[],"class_list":{"0":"post-4528","1":"product","2":"type-product","3":"status-publish","4":"has-post-thumbnail","6":"product_cat-penal","7":"product_shipping_class-a-convenir","9":"first","10":"instock","11":"shipping-taxable","12":"purchasable","13":"product-type-simple"},"_links":{"self":[{"href":"https:\/\/bibliotecajuridicavirtual.cl\/index.php\/wp-json\/wp\/v2\/product\/4528","targetHints":{"allow":["GET"]}}],"collection":[{"href":"https:\/\/bibliotecajuridicavirtual.cl\/index.php\/wp-json\/wp\/v2\/product"}],"about":[{"href":"https:\/\/bibliotecajuridicavirtual.cl\/index.php\/wp-json\/wp\/v2\/types\/product"}],"replies":[{"embeddable":true,"href":"https:\/\/bibliotecajuridicavirtual.cl\/index.php\/wp-json\/wp\/v2\/comments?post=4528"}],"wp:featuredmedia":[{"embeddable":true,"href":"https:\/\/bibliotecajuridicavirtual.cl\/index.php\/wp-json\/wp\/v2\/media\/4578"}],"wp:attachment":[{"href":"https:\/\/bibliotecajuridicavirtual.cl\/index.php\/wp-json\/wp\/v2\/media?parent=4528"}],"wp:term":[{"taxonomy":"product_brand","embeddable":true,"href":"https:\/\/bibliotecajuridicavirtual.cl\/index.php\/wp-json\/wp\/v2\/product_brand?post=4528"},{"taxonomy":"product_cat","embeddable":true,"href":"https:\/\/bibliotecajuridicavirtual.cl\/index.php\/wp-json\/wp\/v2\/product_cat?post=4528"},{"taxonomy":"product_tag","embeddable":true,"href":"https:\/\/bibliotecajuridicavirtual.cl\/index.php\/wp-json\/wp\/v2\/product_tag?post=4528"}],"curies":[{"name":"wp","href":"https:\/\/api.w.org\/{rel}","templated":true}]}}