{"id":4549,"date":"2026-02-28T01:26:40","date_gmt":"2026-02-28T04:26:40","guid":{"rendered":"https:\/\/bibliotecajuridicavirtual.cl\/?post_type=product&#038;p=4549"},"modified":"2026-02-28T01:26:49","modified_gmt":"2026-02-28T04:26:49","slug":"enjuiciamiento-criminal-decimotercera-lectura-constitucional-ano-2022-pag-autor-francisco-ramos-mendez","status":"publish","type":"product","link":"https:\/\/bibliotecajuridicavirtual.cl\/index.php\/product\/enjuiciamiento-criminal-decimotercera-lectura-constitucional-ano-2022-pag-autor-francisco-ramos-mendez\/","title":{"rendered":"Enjuiciamiento Criminal: Decimotercera Lectura Constitucional. A\u00f1o 2022\/ P\u00e1g. Autor. Francisco Ramos M\u00e9ndez"},"content":{"rendered":"<p>La situaci\u00f3n del enjuiciamiento criminal en Espa\u00f1a desde el punto de vista legislativo hace tiempo que ha tocado fondo. En este momento existen verdaderas dificultades para fijar siquiera los textos legales vigentes, dado el c\u00famulo de reformas legislativas extravagantes \u2014algunas a medio hacer\u2014 que se han prodigado en los \u00faltimos a\u00f1os. La presente obra expone de forma clara el sistema de juicios penales tal como ha quedado dise\u00f1ado tras las \u00faltimas reformas legislativas.Ello incluye, entre otras muchas materias, los juicios r\u00e1pidos, los juicios sobre violencia dom\u00e9stica y de g\u00e9nero \u2014incluida la orden de protecci\u00f3n de las v\u00edctimas\u2014, la orden europea de detenci\u00f3n, el Tribunal Internacional de Justicia, los l\u00edmites de la jurisdicci\u00f3n universal de los tribunales espa\u00f1oles, la revisi\u00f3n de los presupuestos de la prisi\u00f3n provisional, el nuevo marco legislativo del juicio abreviado, la promoci\u00f3n de la conformidad del imputado e incluso los s\u00edntomas que abocan a generalizar la segunda instancia en los juicios penales. La reflexi\u00f3n cr\u00edtica sobre estas materias, a la luz de las garant\u00edas constitucionales, ayuda a mitigar el comp\u00e1s de espera de una m\u00e1s que necesaria sustituci\u00f3n de la Ley de Enjuiciamiento Criminal.<cite>Atelier<\/cite><\/p>\n","protected":false},"excerpt":{"rendered":"<h4 style=\"text-align: center;\"><span style=\"color: #ff0000;\">( LIBRO ESPA\u00d1OL)<\/span><\/h4>\n<h5 style=\"text-align: center;\">Envi\u00f3 10 d\u00edas h\u00e1biles.<\/h5>\n","protected":false},"featured_media":4579,"comment_status":"open","ping_status":"closed","template":"","meta":{"inline_featured_image":false,"_joinchat":[]},"product_brand":[],"product_cat":[34],"product_tag":[],"class_list":{"0":"post-4549","1":"product","2":"type-product","3":"status-publish","4":"has-post-thumbnail","6":"product_cat-procesal-penal","7":"product_shipping_class-a-convenir","9":"first","10":"instock","11":"shipping-taxable","12":"purchasable","13":"product-type-simple"},"_links":{"self":[{"href":"https:\/\/bibliotecajuridicavirtual.cl\/index.php\/wp-json\/wp\/v2\/product\/4549","targetHints":{"allow":["GET"]}}],"collection":[{"href":"https:\/\/bibliotecajuridicavirtual.cl\/index.php\/wp-json\/wp\/v2\/product"}],"about":[{"href":"https:\/\/bibliotecajuridicavirtual.cl\/index.php\/wp-json\/wp\/v2\/types\/product"}],"replies":[{"embeddable":true,"href":"https:\/\/bibliotecajuridicavirtual.cl\/index.php\/wp-json\/wp\/v2\/comments?post=4549"}],"wp:featuredmedia":[{"embeddable":true,"href":"https:\/\/bibliotecajuridicavirtual.cl\/index.php\/wp-json\/wp\/v2\/media\/4579"}],"wp:attachment":[{"href":"https:\/\/bibliotecajuridicavirtual.cl\/index.php\/wp-json\/wp\/v2\/media?parent=4549"}],"wp:term":[{"taxonomy":"product_brand","embeddable":true,"href":"https:\/\/bibliotecajuridicavirtual.cl\/index.php\/wp-json\/wp\/v2\/product_brand?post=4549"},{"taxonomy":"product_cat","embeddable":true,"href":"https:\/\/bibliotecajuridicavirtual.cl\/index.php\/wp-json\/wp\/v2\/product_cat?post=4549"},{"taxonomy":"product_tag","embeddable":true,"href":"https:\/\/bibliotecajuridicavirtual.cl\/index.php\/wp-json\/wp\/v2\/product_tag?post=4549"}],"curies":[{"name":"wp","href":"https:\/\/api.w.org\/{rel}","templated":true}]}}