{"id":4552,"date":"2026-02-28T01:26:40","date_gmt":"2026-02-28T04:26:40","guid":{"rendered":"https:\/\/bibliotecajuridicavirtual.cl\/?post_type=product&#038;p=4552"},"modified":"2026-02-28T01:26:51","modified_gmt":"2026-02-28T04:26:51","slug":"lecciones-de-derecho-penal-economico-y-de-la-empresa-parte-general-y-especial-ano-2020-368-pag-autor-jesus-maria-silva-sanchez-ricardo-robles-planas","status":"publish","type":"product","link":"https:\/\/bibliotecajuridicavirtual.cl\/index.php\/product\/lecciones-de-derecho-penal-economico-y-de-la-empresa-parte-general-y-especial-ano-2020-368-pag-autor-jesus-maria-silva-sanchez-ricardo-robles-planas\/","title":{"rendered":"Lecciones de Derecho Penal Econ\u00f3mico y de la Empresa. Parte General y Especial. A\u00f1o 2020\/368 P\u00e1g. Autor Jes\u00fas Mar\u00eda Silva S\u00e1nchez, Ricardo Robles Planas"},"content":{"rendered":"<p>En esta obra, de la mano de reputados especialistas, se abordan en profundidad y de manera sistem\u00e1tica todas y cada una de las actuales cuestiones centrales del Derecho penal econ\u00f3mico y de la empresa, tanto de car\u00e1cter general (principios constitucionales, imputaci\u00f3n a las personas jur\u00eddicas, responsabilidad individual en la empresa, compliance, sistema de sanciones, etc.), como referidas a los tipos delictivos de la Parte Especial que lo conforman. Se encontrar\u00e1 aqu\u00ed un equilibrio entre los aspectos fundamentales que todo jurista debe dominar en este sector y el abordaje avanzado de los m\u00e1s importantes y complejos problemas dogm\u00e1ticos y pr\u00e1cticos, todo ello con una especial atenci\u00f3n a los recientes desarrollos doctrinales y jurisprudenciales. Por ello, esta obra constituye un referente esencial tanto para aquellos estudiantes universitarios de grado y postgrado que se especializan en Derecho penal econ\u00f3mico y de la empresa, como para quienes busquen profundizar en las cuestiones que m\u00e1s intensamente preocupan a la actual praxis y teor\u00eda de este \u00e1mbito del Derecho penal.<\/p>\n<p>&nbsp;<\/p>\n<p>&nbsp;<\/p>\n","protected":false},"excerpt":{"rendered":"<h4 style=\"text-align: center;\"><span style=\"color: #ff0000;\">(LIBRO ESPA\u00d1OL)<\/span><\/h4>\n<h5 style=\"text-align: center;\">Envi\u00f3 10 d\u00edas h\u00e1biles.<\/h5>\n","protected":false},"featured_media":4582,"comment_status":"open","ping_status":"closed","template":"","meta":{"inline_featured_image":false,"_joinchat":[]},"product_brand":[],"product_cat":[30,34],"product_tag":[],"class_list":{"0":"post-4552","1":"product","2":"type-product","3":"status-publish","4":"has-post-thumbnail","6":"product_cat-penal","7":"product_cat-procesal-penal","8":"product_shipping_class-a-convenir","10":"first","11":"instock","12":"shipping-taxable","13":"purchasable","14":"product-type-simple"},"_links":{"self":[{"href":"https:\/\/bibliotecajuridicavirtual.cl\/index.php\/wp-json\/wp\/v2\/product\/4552","targetHints":{"allow":["GET"]}}],"collection":[{"href":"https:\/\/bibliotecajuridicavirtual.cl\/index.php\/wp-json\/wp\/v2\/product"}],"about":[{"href":"https:\/\/bibliotecajuridicavirtual.cl\/index.php\/wp-json\/wp\/v2\/types\/product"}],"replies":[{"embeddable":true,"href":"https:\/\/bibliotecajuridicavirtual.cl\/index.php\/wp-json\/wp\/v2\/comments?post=4552"}],"wp:featuredmedia":[{"embeddable":true,"href":"https:\/\/bibliotecajuridicavirtual.cl\/index.php\/wp-json\/wp\/v2\/media\/4582"}],"wp:attachment":[{"href":"https:\/\/bibliotecajuridicavirtual.cl\/index.php\/wp-json\/wp\/v2\/media?parent=4552"}],"wp:term":[{"taxonomy":"product_brand","embeddable":true,"href":"https:\/\/bibliotecajuridicavirtual.cl\/index.php\/wp-json\/wp\/v2\/product_brand?post=4552"},{"taxonomy":"product_cat","embeddable":true,"href":"https:\/\/bibliotecajuridicavirtual.cl\/index.php\/wp-json\/wp\/v2\/product_cat?post=4552"},{"taxonomy":"product_tag","embeddable":true,"href":"https:\/\/bibliotecajuridicavirtual.cl\/index.php\/wp-json\/wp\/v2\/product_tag?post=4552"}],"curies":[{"name":"wp","href":"https:\/\/api.w.org\/{rel}","templated":true}]}}