{"id":4561,"date":"2026-02-28T01:26:41","date_gmt":"2026-02-28T04:26:41","guid":{"rendered":"https:\/\/bibliotecajuridicavirtual.cl\/?post_type=product&#038;p=4561"},"modified":"2026-02-28T01:26:58","modified_gmt":"2026-02-28T04:26:58","slug":"compendio-de-legislacion-municipal-de-chile-municipios-y-asociaciones-municipales-gestion-municipal-y-procedimientos-especiales-ano-2023-138-pag-autor-editorial-tirant-lo-blanch","status":"publish","type":"product","link":"https:\/\/bibliotecajuridicavirtual.cl\/index.php\/product\/compendio-de-legislacion-municipal-de-chile-municipios-y-asociaciones-municipales-gestion-municipal-y-procedimientos-especiales-ano-2023-138-pag-autor-editorial-tirant-lo-blanch\/","title":{"rendered":"Compendio de Legislaci\u00f3n Municipal de Chile. Municipios y Asociaciones Municipales: Gesti\u00f3n municipal y Procedimientos especiales. A\u00f1o 2023\/138 P\u00e1g. Autor  Editorial Tirant Lo Blanch"},"content":{"rendered":"<p>Incluye:<br \/>\nDFL 1 fija el texto refundido, coordinado y sistematizado de la Ley N\u00ba 18.695, Org\u00e1nica Constitucional de Municipalidades<br \/>\nModificaciones de la Ley 21.040 que crea el Sistema de Educaci\u00f3n P\u00fablica<br \/>\nModificaciones introducidas por las leyes: 19.816, 19.845, 19.926, 19.939, 19.958, 20.033, 20.237, 20.285, 20.334, 20.410, 20.417, 20.500, 20.527, 20.568, 20.669, 20.742, 20.791, 20.913, 20.914, 20.922, 20.958,20.965, DFL 1-19.704, 21.074, 21.073, 21.311, 21.364, 21.411, 21.445<br \/>\nDecreto 1.161\/2011, Interior, Reglamenta T\u00edtulo VI, p\u00e1rrafo 3\u00ba, de la Ley 18695, sobre normas referidas a las asociaciones municipales con personalidad jur\u00eddica.<br \/>\nDictamen N\u00ba 60748\/11, sobre forma de publicar los Reglamentos y Ordenanzas Municipales<br \/>\nLey 20.527 | modifica la Ley n\u00ba 18.695, Org\u00e1nica Constitucional de Municipalidades y regula las Asociaciones Municipales<br \/>\nLey 20557 | crea el Fondo de Incentivo al Mejoramiento de la Gesti\u00f3n Municipal, programa 3, subt\u00edtulo 33, \u00edtem 03, asignaci\u00f3n 110<br \/>\nResoluci\u00f3n 115 | Reglamento que establece el Procedimiento de Distribuci\u00f3n de los Recursos del Fondo de Incentivo al Mejoramiento de la Gesti\u00f3n Municipal.<\/p>\n<p>\u00cdndice tem\u00e1tico<br \/>\nDFL 1 FIJA EL TEXTO REFUNDIDO, COORDINADO Y SISTEMATIZADO DE LA LEY N\u00ba 18.695, ORG\u00c1NICA CONSTITUCIONAL DE MUNICIPALIDADES\u00a0\u00a0 \u00a0\u00a0\u00a0 \u00a09<br \/>\nT\u00cdTULO I. DE LA MUNICIPALIDAD\u00a0\u00a0 \u00a0\u00a0\u00a0 \u00a09<br \/>\nP\u00e1rrafo 1\u00ba Naturaleza y constituci\u00f3n\u00a0\u00a0 \u00a0\u00a0\u00a0 \u00a09<br \/>\nP\u00e1rrafo 2\u00ba Funciones y atribuciones\u00a0\u00a0 \u00a0\u00a0\u00a0 \u00a010<br \/>\nP\u00e1rrafo 3\u00ba Patrimonio y financiamiento municipales\u00a0\u00a0 \u00a0\u00a0\u00a0 \u00a018<br \/>\nP\u00e1rrafo 4\u00ba Organizaci\u00f3n interna\u00a0\u00a0 \u00a0\u00a0\u00a0 \u00a020<br \/>\nP\u00e1rrafo 5\u00ba R\u00e9gimen de bienes\u00a0\u00a0 \u00a0\u00a0\u00a0 \u00a030<br \/>\nP\u00e1rrafo 6\u00ba Personal\u00a0\u00a0 \u00a0\u00a0\u00a0 \u00a032<br \/>\nP\u00e1rrafo 7\u00ba Fiscalizaci\u00f3n\u00a0\u00a0 \u00a0\u00a0\u00a0 \u00a038<br \/>\nT\u00cdTULO II. DEL ALCALDE\u00a0\u00a0 \u00a0\u00a0\u00a0 \u00a039<br \/>\nP\u00e1rrafo 1\u00ba Disposiciones generales\u00a0\u00a0 \u00a0\u00a0\u00a0 \u00a039<br \/>\nP\u00e1rrafo 2\u00ba Atribuciones\u00a0\u00a0 \u00a0\u00a0\u00a0 \u00a044<br \/>\nT\u00cdTULO III. DEL CONCEJO\u00a0\u00a0 \u00a0\u00a0\u00a0 \u00a054<br \/>\nT\u00cdTULO IV. DE LA PARTICIPACI\u00d3N CIUDADANA\u00a0\u00a0 \u00a0\u00a0\u00a0 \u00a067<br \/>\nP\u00e1rrafo 1\u00ba De las instancias de participaci\u00f3n\u00a0\u00a0 \u00a0\u00a0\u00a0 \u00a067<br \/>\nP\u00e1rrafo 2\u00ba De las audiencias p\u00fablicas y la oficina de reclamos\u00a0\u00a0 \u00a0\u00a0\u00a0 \u00a069<br \/>\nP\u00e1rrafo 3\u00ba De los plebiscitos comunales\u00a0\u00a0 \u00a0\u00a0\u00a0 \u00a070<br \/>\nT\u00cdTULO IV A. DEL CONSEJO COMUNAL DE SEGURIDAD P\u00daBLICA Y EL PLAN COMUNAL DE SEGURIDAD P\u00daBLICA\u00a0\u00a0 \u00a0\u00a0\u00a0 \u00a072<br \/>\nT\u00cdTULO V. DE LAS ELECCIONES MUNICIPALES\u00a0\u00a0 \u00a0\u00a0\u00a0 \u00a078<br \/>\nP\u00e1rrafo 1\u00ba De la presentaci\u00f3n de candidaturas\u00a0\u00a0 \u00a0\u00a0\u00a0 \u00a078<br \/>\nP\u00e1rrafo 2\u00ba De las inscripciones de candidatos\u00a0\u00a0 \u00a0\u00a0\u00a0 \u00a082<br \/>\nP\u00e1rrafo 3\u00ba Del escrutinio en las mesas receptoras de sufragio\u00a0\u00a0 \u00a0\u00a0\u00a0 \u00a083<br \/>\nP\u00e1rrafo 4\u00ba Del escrutinio general y de la calificaci\u00f3n de las elecciones\u00a0\u00a0 \u00a0\u00a0\u00a0 \u00a083<br \/>\nT\u00cdTULO VI. DE LAS CORPORACIONES, FUNDACIONES Y ASOCIACIONES MUNICIPALES\u00a0\u00a0 \u00a0\u00a0\u00a0 \u00a086<br \/>\nP\u00e1rrafo 1\u00ba De las corporaciones y fundaciones municipales\u00a0\u00a0 \u00a0\u00a0\u00a0 \u00a086<br \/>\nP\u00e1rrafo 2\u00ba De las asociaciones de municipalidades\u00a0\u00a0 \u00a0\u00a0\u00a0 \u00a088<br \/>\nP\u00e1rrafo 3\u00ba De la personalidad jur\u00eddica de las Asociaciones Municipales\u00a0\u00a0 \u00a0\u00a0\u00a0 \u00a089<br \/>\nT\u00cdTULO FINAL\u00a0\u00a0 \u00a0\u00a0\u00a0 \u00a093<br \/>\nDISPOSICIONES TRANSITORIAS\u00a0\u00a0 \u00a0\u00a0\u00a0 \u00a095<br \/>\nLEY N\u00daM. 20.527 | MODIFICA LA LEY N\u00ba 18.695, ORG\u00c1NICA CONSTITUCIONAL DE MUNICIPALIDADES Y REGULA LAS ASOCIACIONES MUNICIPALES\u00a0\u00a0 \u00a0\u00a0\u00a0 \u00a099<br \/>\nDECRETO 1161 | REGLAMENTO PARA LA APLICACI\u00d3N DE LAS NORMAS DE LA LEY N\u00ba 18.695, ORG\u00c1NICA CONSTITUCIONAL DE MUNICIPALIDADES, REFERIDAS A LAS ASOCIACIONES MUNICIPALES CON PERSONALIDAD JUR\u00cdDICA\u00a0\u00a0 \u00a0\u00a0\u00a0 \u00a0105<br \/>\nT\u00cdTULO I. De las Asociaciones Municipales\u00a0\u00a0 \u00a0\u00a0\u00a0 \u00a0105<br \/>\nT\u00cdTULO II. De las Asociaciones Municipales con Personalidad Jur\u00eddica de Derecho Privado\u00a0\u00a0 \u00a0\u00a0\u00a0 \u00a0106<br \/>\nP\u00e1rrafo 1\u00ba De la Obtenci\u00f3n de Personalidad Jur\u00eddica\u00a0\u00a0 \u00a0\u00a0\u00a0 \u00a0106<br \/>\nP\u00e1rrafo 2\u00ba De la Asamblea\u00a0\u00a0 \u00a0\u00a0\u00a0 \u00a0107<br \/>\nP\u00e1rrafo 3\u00ba Del Directorio\u00a0\u00a0 \u00a0\u00a0\u00a0 \u00a0108<br \/>\nP\u00e1rrafo 4\u00ba Del Secretario Ejecutivo y del Personal de la Asociaci\u00f3n\u00a0\u00a0 \u00a0\u00a0\u00a0 \u00a0108<br \/>\nP\u00e1rrafo 5\u00ba De los Estatutos\u00a0\u00a0 \u00a0\u00a0\u00a0 \u00a0109<br \/>\nP\u00e1rrafo 6\u00ba De los Derechos y Obligaciones de las Municipalidades Asociadas\u00a0\u00a0 \u00a0\u00a0\u00a0 \u00a0110<br \/>\nP\u00e1rrafo 7\u00ba Del Patrimonio\u00a0\u00a0 \u00a0\u00a0\u00a0 \u00a0110<br \/>\nP\u00e1rrafo 8\u00ba De la Disoluci\u00f3n de las Asociaciones\u00a0\u00a0 \u00a0\u00a0\u00a0 \u00a0110<br \/>\nT\u00cdTULO III. Del Registro \u00danico de Asociaciones Municipales con Personalidad Jur\u00eddica de Derecho Privado\u00a0\u00a0 \u00a0\u00a0\u00a0 \u00a0111<br \/>\nT\u00cdTULO IV. De la Fiscalizaci\u00f3n y Transparencia\u00a0\u00a0 \u00a0\u00a0\u00a0 \u00a0112<br \/>\nDICTAMEN N\u00ba 60748\/11, SOBRE FORMA DE PUBLICAR LOS REGLAMENTOS Y ORDENANZAS MUNICIPALES\u00a0\u00a0 \u00a0\u00a0\u00a0 \u00a0115<br \/>\nLEY 20557 | CREA EL FONDO DE INCENTIVO AL MEJORAMIENTO DE LA GESTI\u00d3N MUNICIPAL, PROGRAMA 3, SUBT\u00cdTULO 33, ITEM 03, ASIGNACI\u00d3N 110\u00a0\u00a0 \u00a0\u00a0\u00a0 \u00a0117<br \/>\nRESOLUCI\u00d3N 115 | REGLAMENTO QUE ESTABLECE EL PROCEDIMIENTO DE DISTRIBUCI\u00d3N DE LOS RECURSOS DEL FONDO DE INCENTIVO AL MEJORAMIENTO DE LA GESTI\u00d3N MUNICIPAL\u00a0\u00a0 \u00a0\u00a0\u00a0 \u00a0123<br \/>\nT\u00cdTULO I. Objeto y Definiciones\u00a0\u00a0 \u00a0\u00a0\u00a0 \u00a0124<br \/>\n\u00cdNDICE DE VOCES\u00a0\u00a0 \u00a0\u00a0\u00a0 \u00a0135<\/p>\n","protected":false},"excerpt":{"rendered":"<p>Incluye: DFL 1 fija el texto refundido, coordinado y sistematizado de la Ley N\u00ba 18.695, Org\u00e1nica Constitucional de Municipalidades Modificaciones de la Ley 21.040 que crea el Sistema de Educaci\u00f3n P\u00fablica Modificaciones introducidas por las leyes: 19.816, 19.845, 19.926, 19.939, 19.958, 20.033, 20.237, 20.285, 20.334, 20.410, 20.417, 20.500, 20.527, 20.568, 20.669, 20.742, 20.791, 20.913, 20.914, 20.922, 20.958,20.965, DFL 1-19.704, 21.074, 21.073, 21.311, 21.364, 21.411, 21.445 Decreto 1.161\/2011, Interior, Reglamenta T\u00edtulo VI, p\u00e1rrafo 3\u00ba, de la Ley 18695, sobre normas referidas a las asociaciones municipales con personalidad jur\u00eddica. Dictamen N\u00ba 60748\/11, sobre forma de publicar los Reglamentos y Ordenanzas Municipales Ley 20.527 | modifica la Ley n\u00ba 18.695, Org\u00e1nica Constitucional de Municipalidades y regula las Asociaciones Municipales Ley 20557 | crea el Fondo de Incentivo al Mejoramiento de la Gesti\u00f3n Municipal, programa 3, subt\u00edtulo 33, \u00edtem 03, asignaci\u00f3n 110 Resoluci\u00f3n 115 | Reglamento que establece el Procedimiento de Distribuci\u00f3n de los Recursos del Fondo de Incentivo al Mejoramiento de la Gesti\u00f3n Municipal. \u00cdndice tem\u00e1tico DFL 1 FIJA EL TEXTO REFUNDIDO, COORDINADO Y SISTEMATIZADO DE LA LEY N\u00ba 18.695, ORG\u00c1NICA CONSTITUCIONAL DE MUNICIPALIDADES\u00a0\u00a0 \u00a0\u00a0\u00a0 \u00a09 T\u00cdTULO I. DE LA MUNICIPALIDAD\u00a0\u00a0 \u00a0\u00a0\u00a0 \u00a09 P\u00e1rrafo 1\u00ba Naturaleza y constituci\u00f3n\u00a0\u00a0 \u00a0\u00a0\u00a0 \u00a09 P\u00e1rrafo 2\u00ba Funciones y atribuciones\u00a0\u00a0 \u00a0\u00a0\u00a0 \u00a010 P\u00e1rrafo 3\u00ba Patrimonio y financiamiento municipales\u00a0\u00a0 \u00a0\u00a0\u00a0 \u00a018 P\u00e1rrafo 4\u00ba Organizaci\u00f3n interna\u00a0\u00a0 \u00a0\u00a0\u00a0 \u00a020 P\u00e1rrafo 5\u00ba R\u00e9gimen de bienes\u00a0\u00a0 \u00a0\u00a0\u00a0 \u00a030 P\u00e1rrafo 6\u00ba Personal\u00a0\u00a0 \u00a0\u00a0\u00a0 \u00a032 P\u00e1rrafo 7\u00ba Fiscalizaci\u00f3n\u00a0\u00a0 \u00a0\u00a0\u00a0 \u00a038 T\u00cdTULO II. DEL ALCALDE\u00a0\u00a0 \u00a0\u00a0\u00a0 \u00a039 P\u00e1rrafo 1\u00ba Disposiciones generales\u00a0\u00a0 \u00a0\u00a0\u00a0 \u00a039 P\u00e1rrafo 2\u00ba Atribuciones\u00a0\u00a0 \u00a0\u00a0\u00a0 \u00a044 T\u00cdTULO III. DEL CONCEJO\u00a0\u00a0 \u00a0\u00a0\u00a0 \u00a054 T\u00cdTULO IV. DE LA PARTICIPACI\u00d3N CIUDADANA\u00a0\u00a0 \u00a0\u00a0\u00a0 \u00a067 P\u00e1rrafo 1\u00ba De las instancias de participaci\u00f3n\u00a0\u00a0 \u00a0\u00a0\u00a0 \u00a067 P\u00e1rrafo 2\u00ba De las audiencias p\u00fablicas y la oficina de reclamos\u00a0\u00a0 \u00a0\u00a0\u00a0 \u00a069 P\u00e1rrafo 3\u00ba De los plebiscitos comunales\u00a0\u00a0 \u00a0\u00a0\u00a0 \u00a070 T\u00cdTULO IV A. DEL CONSEJO COMUNAL DE SEGURIDAD P\u00daBLICA Y EL PLAN COMUNAL DE SEGURIDAD P\u00daBLICA\u00a0\u00a0 \u00a0\u00a0\u00a0 \u00a072 T\u00cdTULO V. DE LAS ELECCIONES MUNICIPALES\u00a0\u00a0 \u00a0\u00a0\u00a0 \u00a078 P\u00e1rrafo 1\u00ba De la presentaci\u00f3n de candidaturas\u00a0\u00a0 \u00a0\u00a0\u00a0 \u00a078 P\u00e1rrafo 2\u00ba De las inscripciones de candidatos\u00a0\u00a0 \u00a0\u00a0\u00a0 \u00a082 P\u00e1rrafo 3\u00ba Del escrutinio en las mesas receptoras de sufragio\u00a0\u00a0 \u00a0\u00a0\u00a0 \u00a083 P\u00e1rrafo 4\u00ba Del escrutinio general y de la calificaci\u00f3n de las elecciones\u00a0\u00a0 \u00a0\u00a0\u00a0 \u00a083 T\u00cdTULO VI. DE LAS CORPORACIONES, FUNDACIONES Y ASOCIACIONES MUNICIPALES\u00a0\u00a0 \u00a0\u00a0\u00a0 \u00a086 P\u00e1rrafo 1\u00ba De las corporaciones y fundaciones municipales\u00a0\u00a0 \u00a0\u00a0\u00a0 \u00a086 P\u00e1rrafo 2\u00ba De las asociaciones de municipalidades\u00a0\u00a0 \u00a0\u00a0\u00a0 \u00a088 P\u00e1rrafo 3\u00ba De la personalidad jur\u00eddica de las Asociaciones Municipales\u00a0\u00a0 \u00a0\u00a0\u00a0 \u00a089 T\u00cdTULO FINAL\u00a0\u00a0 \u00a0\u00a0\u00a0 \u00a093 DISPOSICIONES TRANSITORIAS\u00a0\u00a0 \u00a0\u00a0\u00a0 \u00a095 LEY N\u00daM. 20.527 | MODIFICA LA LEY N\u00ba 18.695, ORG\u00c1NICA CONSTITUCIONAL DE MUNICIPALIDADES Y REGULA LAS ASOCIACIONES MUNICIPALES\u00a0\u00a0 \u00a0\u00a0\u00a0 \u00a099 DECRETO 1161 | REGLAMENTO PARA LA APLICACI\u00d3N DE LAS NORMAS DE LA LEY N\u00ba 18.695, ORG\u00c1NICA CONSTITUCIONAL DE MUNICIPALIDADES, REFERIDAS A LAS ASOCIACIONES MUNICIPALES CON PERSONALIDAD JUR\u00cdDICA\u00a0\u00a0 \u00a0\u00a0\u00a0 \u00a0105 T\u00cdTULO I. De las Asociaciones Municipales\u00a0\u00a0 \u00a0\u00a0\u00a0 \u00a0105 T\u00cdTULO II. De las Asociaciones Municipales con Personalidad Jur\u00eddica de Derecho Privado\u00a0\u00a0 \u00a0\u00a0\u00a0 \u00a0106 P\u00e1rrafo 1\u00ba De la Obtenci\u00f3n de Personalidad Jur\u00eddica\u00a0\u00a0 \u00a0\u00a0\u00a0 \u00a0106 P\u00e1rrafo 2\u00ba De la Asamblea\u00a0\u00a0 \u00a0\u00a0\u00a0 \u00a0107 P\u00e1rrafo 3\u00ba Del Directorio\u00a0\u00a0 \u00a0\u00a0\u00a0 \u00a0108 P\u00e1rrafo 4\u00ba Del Secretario Ejecutivo y del Personal de la Asociaci\u00f3n\u00a0\u00a0 \u00a0\u00a0\u00a0 \u00a0108 P\u00e1rrafo 5\u00ba De los Estatutos\u00a0\u00a0 \u00a0\u00a0\u00a0 \u00a0109 P\u00e1rrafo 6\u00ba De los Derechos y Obligaciones de las Municipalidades Asociadas\u00a0\u00a0 \u00a0\u00a0\u00a0 \u00a0110 P\u00e1rrafo 7\u00ba Del Patrimonio\u00a0\u00a0 \u00a0\u00a0\u00a0 \u00a0110 P\u00e1rrafo 8\u00ba De la Disoluci\u00f3n de las Asociaciones\u00a0\u00a0 \u00a0\u00a0\u00a0 \u00a0110 T\u00cdTULO III. Del Registro \u00danico de Asociaciones Municipales con Personalidad Jur\u00eddica de Derecho Privado\u00a0\u00a0 \u00a0\u00a0\u00a0 \u00a0111 T\u00cdTULO IV. De la Fiscalizaci\u00f3n y Transparencia\u00a0\u00a0 \u00a0\u00a0\u00a0 \u00a0112 DICTAMEN N\u00ba 60748\/11, SOBRE FORMA DE PUBLICAR LOS REGLAMENTOS Y ORDENANZAS MUNICIPALES\u00a0\u00a0 \u00a0\u00a0\u00a0 \u00a0115 LEY 20557 | CREA EL FONDO DE INCENTIVO AL MEJORAMIENTO DE LA GESTI\u00d3N MUNICIPAL, PROGRAMA 3, SUBT\u00cdTULO 33, ITEM 03, ASIGNACI\u00d3N 110\u00a0\u00a0 \u00a0\u00a0\u00a0 \u00a0117 RESOLUCI\u00d3N 115 | REGLAMENTO QUE ESTABLECE EL PROCEDIMIENTO DE DISTRIBUCI\u00d3N DE LOS RECURSOS DEL FONDO DE INCENTIVO AL MEJORAMIENTO DE LA GESTI\u00d3N MUNICIPAL\u00a0\u00a0 \u00a0\u00a0\u00a0 \u00a0123 T\u00cdTULO I. Objeto y Definiciones\u00a0\u00a0 \u00a0\u00a0\u00a0 \u00a0124 \u00cdNDICE DE VOCES\u00a0\u00a0 \u00a0\u00a0\u00a0 \u00a0135<\/p>\n","protected":false},"featured_media":4591,"comment_status":"open","ping_status":"closed","template":"","meta":{"inline_featured_image":false,"_joinchat":[]},"product_brand":[],"product_cat":[33],"product_tag":[],"class_list":{"0":"post-4561","1":"product","2":"type-product","3":"status-publish","4":"has-post-thumbnail","6":"product_cat-constitucional","7":"product_shipping_class-a-convenir","9":"first","10":"instock","11":"shipping-taxable","12":"purchasable","13":"product-type-simple"},"_links":{"self":[{"href":"https:\/\/bibliotecajuridicavirtual.cl\/index.php\/wp-json\/wp\/v2\/product\/4561","targetHints":{"allow":["GET"]}}],"collection":[{"href":"https:\/\/bibliotecajuridicavirtual.cl\/index.php\/wp-json\/wp\/v2\/product"}],"about":[{"href":"https:\/\/bibliotecajuridicavirtual.cl\/index.php\/wp-json\/wp\/v2\/types\/product"}],"replies":[{"embeddable":true,"href":"https:\/\/bibliotecajuridicavirtual.cl\/index.php\/wp-json\/wp\/v2\/comments?post=4561"}],"wp:featuredmedia":[{"embeddable":true,"href":"https:\/\/bibliotecajuridicavirtual.cl\/index.php\/wp-json\/wp\/v2\/media\/4591"}],"wp:attachment":[{"href":"https:\/\/bibliotecajuridicavirtual.cl\/index.php\/wp-json\/wp\/v2\/media?parent=4561"}],"wp:term":[{"taxonomy":"product_brand","embeddable":true,"href":"https:\/\/bibliotecajuridicavirtual.cl\/index.php\/wp-json\/wp\/v2\/product_brand?post=4561"},{"taxonomy":"product_cat","embeddable":true,"href":"https:\/\/bibliotecajuridicavirtual.cl\/index.php\/wp-json\/wp\/v2\/product_cat?post=4561"},{"taxonomy":"product_tag","embeddable":true,"href":"https:\/\/bibliotecajuridicavirtual.cl\/index.php\/wp-json\/wp\/v2\/product_tag?post=4561"}],"curies":[{"name":"wp","href":"https:\/\/api.w.org\/{rel}","templated":true}]}}