{"id":4564,"date":"2026-02-28T01:26:41","date_gmt":"2026-02-28T04:26:41","guid":{"rendered":"https:\/\/bibliotecajuridicavirtual.cl\/?post_type=product&#038;p=4564"},"modified":"2026-02-28T01:27:00","modified_gmt":"2026-02-28T04:27:00","slug":"jurisprudencia-de-casacion-penal-seleccion-y-analisis-de-fallos-justicia-nacional-vol-7-ano-2022-246-pag-autor-adrian-n-martin","status":"publish","type":"product","link":"https:\/\/bibliotecajuridicavirtual.cl\/index.php\/product\/jurisprudencia-de-casacion-penal-seleccion-y-analisis-de-fallos-justicia-nacional-vol-7-ano-2022-246-pag-autor-adrian-n-martin\/","title":{"rendered":"Jurisprudencia de Casaci\u00f3n Penal -Selecci\u00f3n y An\u00e1lisis de Fallos &#8211; Justicia Nacional Vol. 7. A\u00f1o 2022\/ 246 P\u00e1g. Autor  ADRI\u00c1N N. MART\u00cdN"},"content":{"rendered":"<p>coordinaci\u00f3n:\u00a0Gonzalo Freijedo &#8211; Nicol\u00e1s O. Vargas<br \/>\nautores:\u00a0Mariana Ditieri &#8211; Cecilia Gonz\u00e1lez &#8211; Tatiana Hirschhorn &#8211; Natalia Ohman &#8211; Alejandro Javier Osio &#8211; Magdalena Perillo &#8211; Natalia Saralegui Ferrante &#8211; Berenice L. Timpanaro<br \/>\nJuzgamiento con perspectiva de g\u00e9nero. Imparcialidad judicial y recusaci\u00f3n como herramienta de control. Criminalizaci\u00f3n del aborto y afectaci\u00f3n de los derechos de las mujeres. Interrupci\u00f3n voluntaria del embarazo. Autonom\u00eda personal.<\/p>\n<p>&nbsp;<\/p>\n","protected":false},"excerpt":{"rendered":"<h4 style=\"text-align: center;\"><span style=\"color: #ff0000;\">( LIBRO ARGENTINO)<\/span><\/h4>\n<h5 style=\"text-align: center;\">Envi\u00f3 10 d\u00edas h\u00e1biles.<\/h5>\n","protected":false},"featured_media":4594,"comment_status":"open","ping_status":"closed","template":"","meta":{"inline_featured_image":false,"_joinchat":[]},"product_brand":[],"product_cat":[34],"product_tag":[],"class_list":{"0":"post-4564","1":"product","2":"type-product","3":"status-publish","4":"has-post-thumbnail","6":"product_cat-procesal-penal","7":"product_shipping_class-a-convenir","9":"first","10":"instock","11":"shipping-taxable","12":"purchasable","13":"product-type-simple"},"_links":{"self":[{"href":"https:\/\/bibliotecajuridicavirtual.cl\/index.php\/wp-json\/wp\/v2\/product\/4564","targetHints":{"allow":["GET"]}}],"collection":[{"href":"https:\/\/bibliotecajuridicavirtual.cl\/index.php\/wp-json\/wp\/v2\/product"}],"about":[{"href":"https:\/\/bibliotecajuridicavirtual.cl\/index.php\/wp-json\/wp\/v2\/types\/product"}],"replies":[{"embeddable":true,"href":"https:\/\/bibliotecajuridicavirtual.cl\/index.php\/wp-json\/wp\/v2\/comments?post=4564"}],"wp:featuredmedia":[{"embeddable":true,"href":"https:\/\/bibliotecajuridicavirtual.cl\/index.php\/wp-json\/wp\/v2\/media\/4594"}],"wp:attachment":[{"href":"https:\/\/bibliotecajuridicavirtual.cl\/index.php\/wp-json\/wp\/v2\/media?parent=4564"}],"wp:term":[{"taxonomy":"product_brand","embeddable":true,"href":"https:\/\/bibliotecajuridicavirtual.cl\/index.php\/wp-json\/wp\/v2\/product_brand?post=4564"},{"taxonomy":"product_cat","embeddable":true,"href":"https:\/\/bibliotecajuridicavirtual.cl\/index.php\/wp-json\/wp\/v2\/product_cat?post=4564"},{"taxonomy":"product_tag","embeddable":true,"href":"https:\/\/bibliotecajuridicavirtual.cl\/index.php\/wp-json\/wp\/v2\/product_tag?post=4564"}],"curies":[{"name":"wp","href":"https:\/\/api.w.org\/{rel}","templated":true}]}}