{"id":4567,"date":"2026-02-28T01:26:41","date_gmt":"2026-02-28T04:26:41","guid":{"rendered":"https:\/\/bibliotecajuridicavirtual.cl\/?post_type=product&#038;p=4567"},"modified":"2026-02-28T01:27:05","modified_gmt":"2026-02-28T04:27:05","slug":"investigacion-del-crimen-organizado-mediante-acceso-remoto-ano-202-278-pag-autor-micaela-simian","status":"publish","type":"product","link":"https:\/\/bibliotecajuridicavirtual.cl\/index.php\/product\/investigacion-del-crimen-organizado-mediante-acceso-remoto-ano-202-278-pag-autor-micaela-simian\/","title":{"rendered":"Investigaci\u00f3n del Crimen Organizado Mediante Acceso Remoto. A\u00f1o 202\/278 P\u00e1g. Autor MICAELA SIMIAN"},"content":{"rendered":"<p><strong>INVESTIGACI\u00d3N DEL CRIMEN ORGANIZADO MEDIANTE ACCESO REMOTO<\/strong><br \/>\nLA PROBLEM\u00c1TICA EN LA OBTENCI\u00d3N DE EVIDENCIA DIGITAL A DISTANCIA DESDE LA PERSPECTIVA DE LAS GARANT\u00cdAS CONSTITUCIONALES EN LA INVESTIGACI\u00d3N PENAL<br \/>\nEl crimen organizado transnacional en la era digital. Trata de personas. Comercializaci\u00f3n de pornograf\u00eda infantil. Evasi\u00f3n tributaria. Contrabando. El entorno digital y sus principales obst\u00e1culos para la investigaci\u00f3n judicial: anonimato, transnacionalidad, deslocalizaci\u00f3n, \u00abdeep web\u00bb, \u00abtor\u00bb. Protocolos de Internet.\u00a0 Encriptaci\u00f3n del contenido d elas comunicaciones en los c\u00f3digos procesales penales provinciales y en el CPPF. La garant\u00eda constitucional de la reserva de la intimidad en el proceso penal. T\u00e9cnicas de acceso remoto como medida extraordinaria de prueba<\/p>\n<p><em>Pr\u00f3logo de Ricardo Bas\u00edlico<\/em><\/p>\n<p><strong>En Anexo:<\/strong>\u00a0Jurisprudencia nacional e internacional<\/p>\n","protected":false},"excerpt":{"rendered":"<h4 style=\"text-align: center;\"><span style=\"color: #ff0000;\">(LIBRO ARGENTINO)<\/span><\/h4>\n<h5 style=\"text-align: center;\">Envi\u00f3 10 d\u00edas h\u00e1biles.<\/h5>\n","protected":false},"featured_media":4611,"comment_status":"open","ping_status":"closed","template":"","meta":{"inline_featured_image":false,"_joinchat":[]},"product_brand":[],"product_cat":[30],"product_tag":[],"class_list":{"0":"post-4567","1":"product","2":"type-product","3":"status-publish","4":"has-post-thumbnail","6":"product_cat-penal","7":"product_shipping_class-a-convenir","9":"first","10":"instock","11":"shipping-taxable","12":"purchasable","13":"product-type-simple"},"_links":{"self":[{"href":"https:\/\/bibliotecajuridicavirtual.cl\/index.php\/wp-json\/wp\/v2\/product\/4567","targetHints":{"allow":["GET"]}}],"collection":[{"href":"https:\/\/bibliotecajuridicavirtual.cl\/index.php\/wp-json\/wp\/v2\/product"}],"about":[{"href":"https:\/\/bibliotecajuridicavirtual.cl\/index.php\/wp-json\/wp\/v2\/types\/product"}],"replies":[{"embeddable":true,"href":"https:\/\/bibliotecajuridicavirtual.cl\/index.php\/wp-json\/wp\/v2\/comments?post=4567"}],"wp:featuredmedia":[{"embeddable":true,"href":"https:\/\/bibliotecajuridicavirtual.cl\/index.php\/wp-json\/wp\/v2\/media\/4611"}],"wp:attachment":[{"href":"https:\/\/bibliotecajuridicavirtual.cl\/index.php\/wp-json\/wp\/v2\/media?parent=4567"}],"wp:term":[{"taxonomy":"product_brand","embeddable":true,"href":"https:\/\/bibliotecajuridicavirtual.cl\/index.php\/wp-json\/wp\/v2\/product_brand?post=4567"},{"taxonomy":"product_cat","embeddable":true,"href":"https:\/\/bibliotecajuridicavirtual.cl\/index.php\/wp-json\/wp\/v2\/product_cat?post=4567"},{"taxonomy":"product_tag","embeddable":true,"href":"https:\/\/bibliotecajuridicavirtual.cl\/index.php\/wp-json\/wp\/v2\/product_tag?post=4567"}],"curies":[{"name":"wp","href":"https:\/\/api.w.org\/{rel}","templated":true}]}}