{"id":4599,"date":"2026-02-28T01:27:03","date_gmt":"2026-02-28T04:27:03","guid":{"rendered":"https:\/\/bibliotecajuridicavirtual.cl\/?post_type=product&#038;p=4599"},"modified":"2026-02-28T01:27:09","modified_gmt":"2026-02-28T04:27:09","slug":"autoria-y-delitos-de-lesa-humanidad-ano-2023-288-pag-autor-lucila-e-larrandart","status":"publish","type":"product","link":"https:\/\/bibliotecajuridicavirtual.cl\/index.php\/product\/autoria-y-delitos-de-lesa-humanidad-ano-2023-288-pag-autor-lucila-e-larrandart\/","title":{"rendered":"Autor\u00eda y Delitos de Lesa Humanidad. A\u00f1o 2023\/288 P\u00e1g. Autor LUCILA E. LARRANDART"},"content":{"rendered":"<p><strong>AUTOR\u00cdA Y DELITOS DE LESA HUMANIDAD<\/strong><br \/>\nAutor\u00eda y participaci\u00f3n en los delitos de lesa humanidad. El derecho a la verdad. Las comisiones de la verdad. Las contradicciones en la jurisprudencia de la Corte Suprema de Justicia de la Naci\u00f3n. Caracter\u00edsticas particulares de los delitos de lesa humanidad: imprescriptibilidad; apreciaci\u00f3n de la prueba. La internalizaci\u00f3n represiva. La participaci\u00f3n de funcionarios judiciales. La participaci\u00f3n empresarial. Delitos contra la integridad sexual<\/p>\n<p>Pr\u00f3logo de\u00a0<strong>Enrique Bacigalupo<\/strong><\/p>\n","protected":false},"excerpt":{"rendered":"<h4 style=\"text-align: center;\"><span style=\"color: #ff0000;\">(LIBRO ARGENTINO)<\/span><\/h4>\n<h5 style=\"text-align: center;\">Envi\u00f3 10 d\u00edas h\u00e1biles.<\/h5>\n","protected":false},"featured_media":4616,"comment_status":"open","ping_status":"closed","template":"","meta":{"inline_featured_image":false,"_joinchat":[]},"product_brand":[],"product_cat":[30],"product_tag":[],"class_list":{"0":"post-4599","1":"product","2":"type-product","3":"status-publish","4":"has-post-thumbnail","6":"product_cat-penal","7":"product_shipping_class-a-convenir","9":"first","10":"instock","11":"shipping-taxable","12":"purchasable","13":"product-type-simple"},"_links":{"self":[{"href":"https:\/\/bibliotecajuridicavirtual.cl\/index.php\/wp-json\/wp\/v2\/product\/4599","targetHints":{"allow":["GET"]}}],"collection":[{"href":"https:\/\/bibliotecajuridicavirtual.cl\/index.php\/wp-json\/wp\/v2\/product"}],"about":[{"href":"https:\/\/bibliotecajuridicavirtual.cl\/index.php\/wp-json\/wp\/v2\/types\/product"}],"replies":[{"embeddable":true,"href":"https:\/\/bibliotecajuridicavirtual.cl\/index.php\/wp-json\/wp\/v2\/comments?post=4599"}],"wp:featuredmedia":[{"embeddable":true,"href":"https:\/\/bibliotecajuridicavirtual.cl\/index.php\/wp-json\/wp\/v2\/media\/4616"}],"wp:attachment":[{"href":"https:\/\/bibliotecajuridicavirtual.cl\/index.php\/wp-json\/wp\/v2\/media?parent=4599"}],"wp:term":[{"taxonomy":"product_brand","embeddable":true,"href":"https:\/\/bibliotecajuridicavirtual.cl\/index.php\/wp-json\/wp\/v2\/product_brand?post=4599"},{"taxonomy":"product_cat","embeddable":true,"href":"https:\/\/bibliotecajuridicavirtual.cl\/index.php\/wp-json\/wp\/v2\/product_cat?post=4599"},{"taxonomy":"product_tag","embeddable":true,"href":"https:\/\/bibliotecajuridicavirtual.cl\/index.php\/wp-json\/wp\/v2\/product_tag?post=4599"}],"curies":[{"name":"wp","href":"https:\/\/api.w.org\/{rel}","templated":true}]}}