{"id":4601,"date":"2026-02-28T01:27:03","date_gmt":"2026-02-28T04:27:03","guid":{"rendered":"https:\/\/bibliotecajuridicavirtual.cl\/?post_type=product&#038;p=4601"},"modified":"2026-02-28T01:27:11","modified_gmt":"2026-02-28T04:27:11","slug":"derecho-de-danos-ano-2023-694-pag-autor-sandra-m-wierzba-jorge-a-meza-juan-carlos-boragina","status":"publish","type":"product","link":"https:\/\/bibliotecajuridicavirtual.cl\/index.php\/product\/derecho-de-danos-ano-2023-694-pag-autor-sandra-m-wierzba-jorge-a-meza-juan-carlos-boragina\/","title":{"rendered":"Derecho de Da\u00f1os. A\u00f1o 2023\/694 P\u00e1g. Autor SANDRA M. WIERZBA &#8211; JORGE A. MEZA &#8211; JUAN CARLOS BORAGINA"},"content":{"rendered":"<p><strong>DERECHO DE DA\u00d1OS<\/strong><br \/>\nDerechos personal\u00edsimos. Da\u00f1o extrapatrimonial. Responsabilidad civil. Presupuestos. Funciones preventiva y resarcitoria. Responsabilidad: precontractual; por acto propio; del deudor por hecho ajeno; del principal; por el hecho de las cosas. Obligaci\u00f3n de seguridad; de los establecimientos educativos; por siniestros viales; colectiva y an\u00f3nima; por da\u00f1os causados por productos elaborados defectuosos; de los padres por los da\u00f1os causados por sus hijos; de los profesionales liberales; de los medios masivos de comunicaci\u00f3n; por el empleo de medios digitales; en el derecho de familias; legitimaci\u00f3n para el ejercicio de las acciones indemnizatorias; v\u00ednculo entre la acci\u00f3n civil y la acci\u00f3n criminal; de los proveedores de servicios financieros.<\/p>\n<p><strong>Autores:<\/strong>\u00a0Juan C. Boragina &#8211; Jonathan M. Brodsky &#8211; Sebasti\u00e1n A. Carlocchia &#8211; Cecilia C. Danesi &#8211; Gloria E. Ferrari &#8211; Germ\u00e1n Hiralde Vega &#8211; Gabriela A. Iturbide &#8211; D\u00e9bora T. Marhaba M. &#8211; Jorge A. Meza &#8211; Manuel J. Pereira &#8211; Kevin Rother &#8211; Mar\u00eda I. Rua &#8211; Mar\u00eda S. Tagliani &#8211; Sandra M. Wierzba<\/p>\n","protected":false},"excerpt":{"rendered":"<h4 style=\"text-align: center;\"><span style=\"color: #ff0000;\">( LIBRO ARGENTINO)<\/span><\/h4>\n<h5 style=\"text-align: center;\">Envi\u00f3 10 d\u00edas h\u00e1biles.<\/h5>\n","protected":false},"featured_media":4618,"comment_status":"open","ping_status":"closed","template":"","meta":{"inline_featured_image":false,"_joinchat":[]},"product_brand":[],"product_cat":[27],"product_tag":[],"class_list":{"0":"post-4601","1":"product","2":"type-product","3":"status-publish","4":"has-post-thumbnail","6":"product_cat-civil","7":"product_shipping_class-a-convenir","9":"first","10":"instock","11":"shipping-taxable","12":"purchasable","13":"product-type-simple"},"_links":{"self":[{"href":"https:\/\/bibliotecajuridicavirtual.cl\/index.php\/wp-json\/wp\/v2\/product\/4601","targetHints":{"allow":["GET"]}}],"collection":[{"href":"https:\/\/bibliotecajuridicavirtual.cl\/index.php\/wp-json\/wp\/v2\/product"}],"about":[{"href":"https:\/\/bibliotecajuridicavirtual.cl\/index.php\/wp-json\/wp\/v2\/types\/product"}],"replies":[{"embeddable":true,"href":"https:\/\/bibliotecajuridicavirtual.cl\/index.php\/wp-json\/wp\/v2\/comments?post=4601"}],"wp:featuredmedia":[{"embeddable":true,"href":"https:\/\/bibliotecajuridicavirtual.cl\/index.php\/wp-json\/wp\/v2\/media\/4618"}],"wp:attachment":[{"href":"https:\/\/bibliotecajuridicavirtual.cl\/index.php\/wp-json\/wp\/v2\/media?parent=4601"}],"wp:term":[{"taxonomy":"product_brand","embeddable":true,"href":"https:\/\/bibliotecajuridicavirtual.cl\/index.php\/wp-json\/wp\/v2\/product_brand?post=4601"},{"taxonomy":"product_cat","embeddable":true,"href":"https:\/\/bibliotecajuridicavirtual.cl\/index.php\/wp-json\/wp\/v2\/product_cat?post=4601"},{"taxonomy":"product_tag","embeddable":true,"href":"https:\/\/bibliotecajuridicavirtual.cl\/index.php\/wp-json\/wp\/v2\/product_tag?post=4601"}],"curies":[{"name":"wp","href":"https:\/\/api.w.org\/{rel}","templated":true}]}}