{"id":4632,"date":"2026-02-28T01:27:58","date_gmt":"2026-02-28T04:27:58","guid":{"rendered":"https:\/\/bibliotecajuridicavirtual.cl\/?post_type=product&#038;p=4632"},"modified":"2026-02-28T01:28:01","modified_gmt":"2026-02-28T04:28:01","slug":"estatuto-administrativo-para-funcionarios-municipales-doctrina-y-jurisprudencia-edicion-ano-2020-cesar-rojas-rios-andres-chacon-romero","status":"publish","type":"product","link":"https:\/\/bibliotecajuridicavirtual.cl\/index.php\/product\/estatuto-administrativo-para-funcionarios-municipales-doctrina-y-jurisprudencia-edicion-ano-2020-cesar-rojas-rios-andres-chacon-romero\/","title":{"rendered":"Estatuto Administrativo para funcionarios municipales. Doctrina y Jurisprudencia edici\u00f3n a\u00f1o 2020 C\u00e9sar Rojas R\u00edos &#8211; Andr\u00e9s Chac\u00f3n Romero"},"content":{"rendered":"<p>Sumario<br \/>\nCap\u00edtulo I<br \/>\nAspectos doctrinarios generales<br \/>\nI.\u00a0\u00a0 \u00a0Aproximaciones al concepto de Estatuto Administrativo\u00a0\u00a0 \u00a0\u00a0\u00a0 \u00a013<br \/>\nII.\u00a0\u00a0 \u00a0Funcionario p\u00fablico\u00a0\u00a0 \u00a0\u00a0\u00a0 \u00a021<br \/>\nIII.\u00a0\u00a0 \u00a0V\u00ednculo jur\u00eddico estatutario\u00a0\u00a0 \u00a0\u00a0\u00a0 \u00a024<br \/>\nIV.\u00a0\u00a0 \u00a0Carrera funcionaria\u00a0\u00a0 \u00a0\u00a0\u00a0 \u00a030<br \/>\nV.\u00a0\u00a0 \u00a0Personal afecto al C\u00f3digo del Trabajo\u00a0\u00a0 \u00a0\u00a0\u00a0 \u00a032<br \/>\nVI.\u00a0\u00a0 \u00a0Contratos de honorarios\u00a0\u00a0 \u00a0\u00a0\u00a0 \u00a034<br \/>\n1.\u00a0\u00a0 \u00a0Aspectos generales\u00a0\u00a0 \u00a0\u00a0\u00a0 \u00a034<br \/>\n2.\u00a0\u00a0 \u00a0Algunos alcances de Contralor\u00eda General de la Rep\u00fablica, en relaci\u00f3n con los contratos de honorarios\u00a0\u00a0 \u00a0\u00a0\u00a0 \u00a037<br \/>\na)\u00a0\u00a0 \u00a0En cuanto a la naturaleza jur\u00eddica\u00a0\u00a0 \u00a0\u00a0\u00a0 \u00a037<br \/>\nb)\u00a0\u00a0 \u00a0En cuanto a los derechos que se pueden conceder a los trabajadores a honorarios\u00a0\u00a0 \u00a0\u00a0\u00a0 \u00a039<br \/>\nc)\u00a0\u00a0 \u00a0En cuanto a cumplimiento de una jornada de trabajo\u00a0\u00a0 \u00a0\u00a0\u00a0 \u00a039<br \/>\nd)\u00a0\u00a0 \u00a0Cometidos que se pueden encomendar a honorarios\u00a0\u00a0 \u00a0\u00a0\u00a0 \u00a040<br \/>\ne)\u00a0\u00a0 \u00a0De la duraci\u00f3n y t\u00e9rmino del contrato\u00a0\u00a0 \u00a0\u00a0\u00a0 \u00a040<br \/>\nVII.\u00a0\u00a0 \u00a0Contrataci\u00f3n a honorarios para la prestaci\u00f3n de servicios en programas comunitarios\u00a0\u00a0 \u00a0\u00a0\u00a0 \u00a041<br \/>\nVIII.\u00a0\u00a0 \u00a0Acerca del principio de confianza leg\u00edtima\u00a0\u00a0 \u00a0\u00a0\u00a0 \u00a043<br \/>\n1.\u00a0\u00a0 \u00a0Fundamentos constitucionales del principio de confianza leg\u00edtima\u00a0\u00a0 \u00a0\u00a0\u00a0 \u00a048<br \/>\n2.\u00a0\u00a0 \u00a0Fundamentos a nivel legislativo y v\u00eda principios generales del derecho del principio de confianza leg\u00edtima\u00a0\u00a0 \u00a0\u00a0\u00a0 \u00a051<br \/>\n3.\u00a0\u00a0 \u00a0El principio de confianza leg\u00edtima y su aplicaci\u00f3n en la jurisprudencia de Contralor\u00eda General de la Rep\u00fablica\u00a0\u00a0 \u00a0\u00a0\u00a0 \u00a054<br \/>\n4.\u00a0\u00a0 \u00a0El principio de confianza leg\u00edtima y su aplicaci\u00f3n en la jurisprudencia de nuestros Tribunales de Justicia\u00a0\u00a0 \u00a0\u00a0\u00a0 \u00a070<br \/>\n5.\u00a0\u00a0 \u00a0Consideraciones finales sobre el principio de confianza leg\u00edtima en relaci\u00f3n a la renovaci\u00f3n o t\u00e9rmino del v\u00ednculo estatutario de cargos a contrata\u00a0\u00a0 \u00a0\u00a0\u00a0 \u00a077<br \/>\nXI.\u00a0\u00a0 \u00a0Tutela laboral\u00a0\u00a0 \u00a0\u00a0\u00a0 \u00a077<br \/>\nCap\u00edtulo II<br \/>\nEstatuto Administrativo para Funcionarios Municipales<br \/>\nT\u00cdTULO I. Normas Generales\u00a0\u00a0 \u00a0\u00a0\u00a0 \u00a0101<br \/>\nArt\u00edculo 1\u00ba\u00a0\u00a0 \u00a0\u00a0\u00a0 \u00a0101<br \/>\nArt\u00edculo 2\u00ba\u00a0\u00a0 \u00a0\u00a0\u00a0 \u00a0103<br \/>\nArt\u00edculo 3\u00ba\u00a0\u00a0 \u00a0\u00a0\u00a0 \u00a0116<br \/>\nArt\u00edculo 4\u00ba\u00a0\u00a0 \u00a0\u00a0\u00a0 \u00a0131<br \/>\nArt\u00edculo 5\u00ba\u00a0\u00a0 \u00a0\u00a0\u00a0 \u00a0145<br \/>\nArt\u00edculo 6\u00ba\u00a0\u00a0 \u00a0\u00a0\u00a0 \u00a0156<br \/>\nArt\u00edculo 7\u00ba\u00a0\u00a0 \u00a0\u00a0\u00a0 \u00a0163<br \/>\nArt\u00edculo 8\u00ba\u00a0\u00a0 \u00a0\u00a0\u00a0 \u00a0166<br \/>\nArt\u00edculo 9\u00ba\u00a0\u00a0 \u00a0\u00a0\u00a0 \u00a0169<br \/>\nArt\u00edculo 10\u00a0\u00a0 \u00a0\u00a0\u00a0 \u00a0172<br \/>\nArt\u00edculo 11\u00a0\u00a0 \u00a0\u00a0\u00a0 \u00a0179<br \/>\nArt\u00edculo 12\u00a0\u00a0 \u00a0\u00a0\u00a0 \u00a0181<br \/>\nArt\u00edculo 13\u00a0\u00a0 \u00a0\u00a0\u00a0 \u00a0181<br \/>\nArt\u00edculo 14\u00a0\u00a0 \u00a0\u00a0\u00a0 \u00a0182<br \/>\nT\u00cdTULO II. De la Carrera Funcionaria\u00a0\u00a0 \u00a0\u00a0\u00a0 \u00a0183<br \/>\nP\u00c1RRAFO 1\u00ba DEL INGRESO\u00a0\u00a0 \u00a0\u00a0\u00a0 \u00a0183<br \/>\nArt\u00edculo 15\u00a0\u00a0 \u00a0\u00a0\u00a0 \u00a0183<br \/>\nArt\u00edculo 16\u00a0\u00a0 \u00a0\u00a0\u00a0 \u00a0186<br \/>\nArt\u00edculo 17\u00a0\u00a0 \u00a0\u00a0\u00a0 \u00a0190<br \/>\nArt\u00edculo 18\u00a0\u00a0 \u00a0\u00a0\u00a0 \u00a0191<br \/>\nArt\u00edculo 19\u00a0\u00a0 \u00a0\u00a0\u00a0 \u00a0194<br \/>\nArt\u00edculo 20\u00a0\u00a0 \u00a0\u00a0\u00a0 \u00a0200<br \/>\nArt\u00edculo 21\u00a0\u00a0 \u00a0\u00a0\u00a0 \u00a0204<br \/>\nP\u00c1RRAFO 2\u00ba DE LA CAPACITACI\u00d3N\u00a0\u00a0 \u00a0\u00a0\u00a0 \u00a0205<br \/>\nArt\u00edculo 22\u00a0\u00a0 \u00a0\u00a0\u00a0 \u00a0205<br \/>\nArt\u00edculo 23\u00a0\u00a0 \u00a0\u00a0\u00a0 \u00a0207<br \/>\nArt\u00edculo 24\u00a0\u00a0 \u00a0\u00a0\u00a0 \u00a0208<br \/>\nArt\u00edculo 25\u00a0\u00a0 \u00a0\u00a0\u00a0 \u00a0209<br \/>\nArt\u00edculo 26\u00a0\u00a0 \u00a0\u00a0\u00a0 \u00a0210<br \/>\nArt\u00edculo 27\u00a0\u00a0 \u00a0\u00a0\u00a0 \u00a0212<br \/>\nArt\u00edculo 28\u00a0\u00a0 \u00a0\u00a0\u00a0 \u00a0212<br \/>\nP\u00c1RRAFO 3\u00ba DE LAS CALIFICACIONES\u00a0\u00a0 \u00a0\u00a0\u00a0 \u00a0213<br \/>\nArt\u00edculo 29\u00a0\u00a0 \u00a0\u00a0\u00a0 \u00a0213<br \/>\nArt\u00edculo 30\u00a0\u00a0 \u00a0\u00a0\u00a0 \u00a0216<br \/>\nArt\u00edculo 31\u00a0\u00a0 \u00a0\u00a0\u00a0 \u00a0217<br \/>\nArt\u00edculo 32\u00a0\u00a0 \u00a0\u00a0\u00a0 \u00a0218<br \/>\nArt\u00edculo 33\u00a0\u00a0 \u00a0\u00a0\u00a0 \u00a0221<br \/>\nArt\u00edculo 34\u00a0\u00a0 \u00a0\u00a0\u00a0 \u00a0221<br \/>\nArt\u00edculo 35\u00a0\u00a0 \u00a0\u00a0\u00a0 \u00a0223<br \/>\nArt\u00edculo 36\u00a0\u00a0 \u00a0\u00a0\u00a0 \u00a0224<br \/>\nArt\u00edculo 37\u00a0\u00a0 \u00a0\u00a0\u00a0 \u00a0225<br \/>\nArt\u00edculo 38\u00a0\u00a0 \u00a0\u00a0\u00a0 \u00a0232<br \/>\nArt\u00edculo 39\u00a0\u00a0 \u00a0\u00a0\u00a0 \u00a0232<br \/>\nArt\u00edculo 40\u00a0\u00a0 \u00a0\u00a0\u00a0 \u00a0233<br \/>\nArt\u00edculo 41\u00a0\u00a0 \u00a0\u00a0\u00a0 \u00a0235<br \/>\nArt\u00edculo 42\u00a0\u00a0 \u00a0\u00a0\u00a0 \u00a0237<br \/>\nArt\u00edculo 43\u00a0\u00a0 \u00a0\u00a0\u00a0 \u00a0244<br \/>\nArt\u00edculo 44\u00a0\u00a0 \u00a0\u00a0\u00a0 \u00a0244<br \/>\nArt\u00edculo 45\u00a0\u00a0 \u00a0\u00a0\u00a0 \u00a0245<br \/>\nArt\u00edculo 46\u00a0\u00a0 \u00a0\u00a0\u00a0 \u00a0247<br \/>\nArt\u00edculo 47\u00a0\u00a0 \u00a0\u00a0\u00a0 \u00a0248<br \/>\nArt\u00edculo 48\u00a0\u00a0 \u00a0\u00a0\u00a0 \u00a0262<br \/>\nArt\u00edculo 49\u00a0\u00a0 \u00a0\u00a0\u00a0 \u00a0264<br \/>\nArt\u00edculo 50\u00a0\u00a0 \u00a0\u00a0\u00a0 \u00a0273<br \/>\nP\u00c1RRAFO 4\u00ba DE LAS PROMOCIONES\u00a0\u00a0 \u00a0\u00a0\u00a0 \u00a0279<br \/>\nArt\u00edculo 51\u00a0\u00a0 \u00a0\u00a0\u00a0 \u00a0279<br \/>\nArt\u00edculo 52\u00a0\u00a0 \u00a0\u00a0\u00a0 \u00a0282<br \/>\nArt\u00edculo 53\u00a0\u00a0 \u00a0\u00a0\u00a0 \u00a0295<br \/>\nArt\u00edculo 54\u00a0\u00a0 \u00a0\u00a0\u00a0 \u00a0300<br \/>\nArt\u00edculo 55\u00a0\u00a0 \u00a0\u00a0\u00a0 \u00a0312<br \/>\nArt\u00edculo 56\u00a0\u00a0 \u00a0\u00a0\u00a0 \u00a0313<br \/>\nArt\u00edculo 57\u00a0\u00a0 \u00a0\u00a0\u00a0 \u00a0314<br \/>\nCap\u00edtulo III<br \/>\nConceptualizaciones b\u00e1sicas sobre derechos y obligaciones funcionarias<br \/>\nI.\u00a0\u00a0 \u00a0Derechos y obligaciones de los funcionarios\u00a0\u00a0 \u00a0\u00a0\u00a0 \u00a0319<br \/>\nII.\u00a0\u00a0 \u00a0Clasificaci\u00f3n de los Derechos Fundamentales del trabajador\u00a0\u00a0 \u00a0\u00a0\u00a0 \u00a0321<br \/>\n1.\u00a0\u00a0 \u00a0Derechos Fundamentales laborales, en sentido estricto\u00a0\u00a0 \u00a0\u00a0\u00a0 \u00a0321<br \/>\n2.\u00a0\u00a0 \u00a0Derechos Fundamentales del trabajador en base a la ciudadan\u00eda laboral\u00a0\u00a0 \u00a0\u00a0\u00a0 \u00a0321<br \/>\nIII.\u00a0\u00a0 \u00a0Obligaciones funcionarias\u00a0\u00a0 \u00a0\u00a0\u00a0 \u00a0322<br \/>\nT\u00cdTULO III. De las Obligaciones Funcionarias\u00a0\u00a0 \u00a0\u00a0\u00a0 \u00a0323<br \/>\nP\u00c1RRAFO 1\u00ba NORMAS GENERALES\u00a0\u00a0 \u00a0\u00a0\u00a0 \u00a0323<br \/>\nArt\u00edculo 58\u00a0\u00a0 \u00a0\u00a0\u00a0 \u00a0323<br \/>\nArt\u00edculo 59\u00a0\u00a0 \u00a0\u00a0\u00a0 \u00a0339<br \/>\nArt\u00edculo 60\u00a0\u00a0 \u00a0\u00a0\u00a0 \u00a0340<br \/>\nArt\u00edculo 61\u00a0\u00a0 \u00a0\u00a0\u00a0 \u00a0340<br \/>\nP\u00c1RRAFO 2\u00ba DE LA JORNADA DE TRABAJO\u00a0\u00a0 \u00a0\u00a0\u00a0 \u00a0344<br \/>\nArt\u00edculo 62\u00a0\u00a0 \u00a0\u00a0\u00a0 \u00a0344<br \/>\nArt\u00edculo 63\u00a0\u00a0 \u00a0\u00a0\u00a0 \u00a0349<br \/>\nArt\u00edculo 64\u00a0\u00a0 \u00a0\u00a0\u00a0 \u00a0352<br \/>\nArt\u00edculo 65\u00a0\u00a0 \u00a0\u00a0\u00a0 \u00a0353<br \/>\nArt\u00edculo 66\u00a0\u00a0 \u00a0\u00a0\u00a0 \u00a0356<br \/>\nArt\u00edculo 67\u00a0\u00a0 \u00a0\u00a0\u00a0 \u00a0358<br \/>\nArt\u00edculo 68\u00a0\u00a0 \u00a0\u00a0\u00a0 \u00a0359<br \/>\nArt\u00edculo 69\u00a0\u00a0 \u00a0\u00a0\u00a0 \u00a0360<br \/>\nP\u00c1RRAFO 3\u00ba DE LAS DESTINACIONES, COMISIONES DE SERVICIO Y COMETIDOS FUNCIONARIOS\u00a0\u00a0 \u00a0\u00a0\u00a0 \u00a0368<br \/>\nArt\u00edculo 70\u00a0\u00a0 \u00a0\u00a0\u00a0 \u00a0368<br \/>\nArt\u00edculo 71\u00a0\u00a0 \u00a0\u00a0\u00a0 \u00a0381<br \/>\nArt\u00edculo 72\u00a0\u00a0 \u00a0\u00a0\u00a0 \u00a0381<br \/>\nArt\u00edculo 73\u00a0\u00a0 \u00a0\u00a0\u00a0 \u00a0384<br \/>\nArt\u00edculo 74\u00a0\u00a0 \u00a0\u00a0\u00a0 \u00a0386<br \/>\nArt\u00edculo 75\u00a0\u00a0 \u00a0\u00a0\u00a0 \u00a0386<br \/>\nP\u00c1RRAFO 4\u00ba DE LA SUBROGACI\u00d3N\u00a0\u00a0 \u00a0\u00a0\u00a0 \u00a0388<br \/>\nArt\u00edculo 76\u00a0\u00a0 \u00a0\u00a0\u00a0 \u00a0388<br \/>\nArt\u00edculo 77\u00a0\u00a0 \u00a0\u00a0\u00a0 \u00a0390<br \/>\nArt\u00edculo 78\u00a0\u00a0 \u00a0\u00a0\u00a0 \u00a0391<br \/>\nArt\u00edculo 79\u00a0\u00a0 \u00a0\u00a0\u00a0 \u00a0396<br \/>\nArt\u00edculo 80\u00a0\u00a0 \u00a0\u00a0\u00a0 \u00a0399<br \/>\nArt\u00edculo 81\u00a0\u00a0 \u00a0\u00a0\u00a0 \u00a0401<br \/>\nP\u00c1RRAFO 5\u00ba DE LAS PROHIBICIONES\u00a0\u00a0 \u00a0\u00a0\u00a0 \u00a0401<br \/>\nArt\u00edculo 82\u00a0\u00a0 \u00a0\u00a0\u00a0 \u00a0401<br \/>\nP\u00c1RRAFO 6\u00ba DE LAS INCOMPATIBILIDADES\u00a0\u00a0 \u00a0\u00a0\u00a0 \u00a0414<br \/>\nArt\u00edculo 83\u00a0\u00a0 \u00a0\u00a0\u00a0 \u00a0414<br \/>\nArt\u00edculo 84\u00a0\u00a0 \u00a0\u00a0\u00a0 \u00a0415<br \/>\nArt\u00edculo 85\u00a0\u00a0 \u00a0\u00a0\u00a0 \u00a0420<br \/>\nArt\u00edculo 86\u00a0\u00a0 \u00a0\u00a0\u00a0 \u00a0421<br \/>\nT\u00cdTULO IV. De los Derechos Funcionarios\u00a0\u00a0 \u00a0\u00a0\u00a0 \u00a0423<br \/>\nP\u00c1RRAFO 1\u00ba NORMAS GENERALES\u00a0\u00a0 \u00a0\u00a0\u00a0 \u00a0423<br \/>\nArt\u00edculo 87\u00a0\u00a0 \u00a0\u00a0\u00a0 \u00a0423<br \/>\nArt\u00edculo 88\u00a0\u00a0 \u00a0\u00a0\u00a0 \u00a0425<br \/>\nArt\u00edculo 88 A\u00a0\u00a0 \u00a0\u00a0\u00a0 \u00a0428<br \/>\nArt\u00edculo 88 B\u00a0\u00a0 \u00a0\u00a0\u00a0 \u00a0430<br \/>\nArt\u00edculo 89\u00a0\u00a0 \u00a0\u00a0\u00a0 \u00a0432<br \/>\nArt\u00edculo 90\u00a0\u00a0 \u00a0\u00a0\u00a0 \u00a0434<br \/>\nArt\u00edculo 91\u00a0\u00a0 \u00a0\u00a0\u00a0 \u00a0434<br \/>\nP\u00c1RRAFO 2\u00ba DE LAS REMUNERACIONES Y ASIGNACIONES\u00a0\u00a0 \u00a0\u00a0\u00a0 \u00a0435<br \/>\nArt\u00edculo 92\u00a0\u00a0 \u00a0\u00a0\u00a0 \u00a0435<br \/>\nArt\u00edculo 93\u00a0\u00a0 \u00a0\u00a0\u00a0 \u00a0436<br \/>\nArt\u00edculo 94\u00a0\u00a0 \u00a0\u00a0\u00a0 \u00a0437<br \/>\nArt\u00edculo 95\u00a0\u00a0 \u00a0\u00a0\u00a0 \u00a0437<br \/>\nArt\u00edculo 96\u00a0\u00a0 \u00a0\u00a0\u00a0 \u00a0440<br \/>\nArt\u00edculo 97\u00a0\u00a0 \u00a0\u00a0\u00a0 \u00a0440<br \/>\nArt\u00edculo 98\u00a0\u00a0 \u00a0\u00a0\u00a0 \u00a0450<br \/>\nArt\u00edculo 99\u00a0\u00a0 \u00a0\u00a0\u00a0 \u00a0457<br \/>\nArt\u00edculo 100\u00a0\u00a0 \u00a0\u00a0\u00a0 \u00a0457<br \/>\nP\u00c1RRAFO 3\u00ba DE LOS FERIADOS\u00a0\u00a0 \u00a0\u00a0\u00a0 \u00a0457<br \/>\nArt\u00edculo 101\u00a0\u00a0 \u00a0\u00a0\u00a0 \u00a0457<br \/>\nArt\u00edculo 102\u00a0\u00a0 \u00a0\u00a0\u00a0 \u00a0458<br \/>\nArt\u00edculo 103\u00a0\u00a0 \u00a0\u00a0\u00a0 \u00a0460<br \/>\nArt\u00edculo 104\u00a0\u00a0 \u00a0\u00a0\u00a0 \u00a0461<br \/>\nArt\u00edculo 105\u00a0\u00a0 \u00a0\u00a0\u00a0 \u00a0462<br \/>\nArt\u00edculo 106\u00a0\u00a0 \u00a0\u00a0\u00a0 \u00a0464<br \/>\nP\u00c1RRAFO 4\u00ba DE LOS PERMISOS\u00a0\u00a0 \u00a0\u00a0\u00a0 \u00a0464<br \/>\nArt\u00edculo 107\u00a0\u00a0 \u00a0\u00a0\u00a0 \u00a0464<br \/>\nArt\u00edculo 108\u00a0\u00a0 \u00a0\u00a0\u00a0 \u00a0465<br \/>\nArt\u00edculo 108 bis\u00a0\u00a0 \u00a0\u00a0\u00a0 \u00a0466<br \/>\nArt\u00edculo 109\u00a0\u00a0 \u00a0\u00a0\u00a0 \u00a0468<br \/>\nP\u00c1RRAFO 5\u00ba DE LAS LICENCIAS M\u00c9DICAS\u00a0\u00a0 \u00a0\u00a0\u00a0 \u00a0469<br \/>\nArt\u00edculo 110\u00a0\u00a0 \u00a0\u00a0\u00a0 \u00a0469<br \/>\nArt\u00edculo 111\u00a0\u00a0 \u00a0\u00a0\u00a0 \u00a0473<br \/>\nArt\u00edculo 112\u00a0\u00a0 \u00a0\u00a0\u00a0 \u00a0473<br \/>\nP\u00c1RRAFO 6\u00ba DE LAS PRESTACIONES SOCIALES\u00a0\u00a0 \u00a0\u00a0\u00a0 \u00a0474<br \/>\nArt\u00edculo 113\u00a0\u00a0 \u00a0\u00a0\u00a0 \u00a0474<br \/>\nArt\u00edculo 114\u00a0\u00a0 \u00a0\u00a0\u00a0 \u00a0475<br \/>\nArt\u00edculo 115\u00a0\u00a0 \u00a0\u00a0\u00a0 \u00a0477<br \/>\nArt\u00edculo 116\u00a0\u00a0 \u00a0\u00a0\u00a0 \u00a0479<br \/>\nArt\u00edculo 117\u00a0\u00a0 \u00a0\u00a0\u00a0 \u00a0479<br \/>\nCap\u00edtulo IV<br \/>\nDe la responsabilidad de los funcionarios municipales<br \/>\nI.\u00a0\u00a0 \u00a0Investigaci\u00f3n sumaria y sumario administrativo\u00a0\u00a0 \u00a0\u00a0\u00a0 \u00a0481<br \/>\nNormativa:\u00a0\u00a0 \u00a0\u00a0\u00a0 \u00a0481<br \/>\nII.\u00a0\u00a0 \u00a0Concepto de responsabilidad administrativa\u00a0\u00a0 \u00a0\u00a0\u00a0 \u00a0481<br \/>\nAlgunas reglas de la prescripci\u00f3n\u00a0\u00a0 \u00a0\u00a0\u00a0 \u00a0483<br \/>\nIII.\u00a0\u00a0 \u00a0Principios que rigen la responsabilidad administrativa\u00a0\u00a0 \u00a0\u00a0\u00a0 \u00a0483<br \/>\na)\u00a0\u00a0 \u00a0Principio de la independencia de sanciones\u00a0\u00a0 \u00a0\u00a0\u00a0 \u00a0483<br \/>\nb)\u00a0\u00a0 \u00a0Principio del debido proceso\u00a0\u00a0 \u00a0\u00a0\u00a0 \u00a0484<br \/>\nc)\u00a0\u00a0 \u00a0Principio del derecho a defensa\u00a0\u00a0 \u00a0\u00a0\u00a0 \u00a0485<br \/>\nd)\u00a0\u00a0 \u00a0Principio de legalidad\u00a0\u00a0 \u00a0\u00a0\u00a0 \u00a0485<br \/>\ne)\u00a0\u00a0 \u00a0Principio de la proporcionalidad de las sanciones\u00a0\u00a0 \u00a0\u00a0\u00a0 \u00a0485<br \/>\nf)\u00a0\u00a0 \u00a0Principio pro reo\u00a0\u00a0 \u00a0\u00a0\u00a0 \u00a0486<br \/>\ng)\u00a0\u00a0 \u00a0Principio de la inexcusabilidad o desconocimiento de las obligaciones funcionarias\u00a0\u00a0 \u00a0\u00a0\u00a0 \u00a0486<br \/>\nIV.\u00a0\u00a0 \u00a0Procedimientos administrativos disciplinarios. Investigaci\u00f3n sumaria\u00a0\u00a0 \u00a0\u00a0\u00a0 \u00a0486<br \/>\nV.\u00a0\u00a0 \u00a0Sumario administrativo\u00a0\u00a0 \u00a0\u00a0\u00a0 \u00a0487<br \/>\na)\u00a0\u00a0 \u00a0Definici\u00f3n y caracter\u00edsticas\u00a0\u00a0 \u00a0\u00a0\u00a0 \u00a0487<br \/>\nb)\u00a0\u00a0 \u00a0Procedimiento (art\u00edculos 126 al 143 Estatuto Administrativo para Funcionarios Municipales)\u00a0\u00a0 \u00a0\u00a0\u00a0 \u00a0488<br \/>\nc)\u00a0\u00a0 \u00a0Excepciones en que la propia Contralor\u00eda General de la Rep\u00fablica instruye investigaciones o sumarios administrativos\u00a0\u00a0 \u00a0\u00a0\u00a0 \u00a0490<br \/>\nVI.\u00a0\u00a0 \u00a0Sumarios instruidos por Contralor\u00eda General de la Rep\u00fablica\u00a0\u00a0 \u00a0\u00a0\u00a0 \u00a0490<br \/>\n1)\u00a0\u00a0 \u00a0Ley N\u00ba 19.884, de 2003, sobre Control, L\u00edmite y Transparencia del Gasto Electoral\u00a0\u00a0 \u00a0\u00a0\u00a0 \u00a0490<br \/>\n2)\u00a0\u00a0 \u00a0D.L. N\u00ba 799\/1974, que regula el uso y circulaci\u00f3n de veh\u00edculos estatales\u00a0\u00a0 \u00a0\u00a0\u00a0 \u00a0491<br \/>\n3)\u00a0\u00a0 \u00a0Ley N\u00ba 20.285, de transparencia de la funci\u00f3n p\u00fablica y de acceso a la informaci\u00f3n de la Administraci\u00f3n del Estado\u00a0\u00a0 \u00a0\u00a0\u00a0 \u00a0491<br \/>\n4)\u00a0\u00a0 \u00a0Ley N\u00ba 20.880, sobre probidad en la funci\u00f3n p\u00fablica y prevenci\u00f3n de los conflictos de intereses\u00a0\u00a0 \u00a0\u00a0\u00a0 \u00a0491<br \/>\n5)\u00a0\u00a0 \u00a0Ley N\u00ba 20.730, regula el lobby y las gestiones que representen intereses particulares ante las autoridades y funcionarios\u00a0\u00a0 \u00a0\u00a0\u00a0 \u00a0493<br \/>\nVII.\u00a0\u00a0 \u00a0Responsabilidad penal funcionarios p\u00fablicos\u00a0\u00a0 \u00a0\u00a0\u00a0 \u00a0493<br \/>\nNormativa\u00a0\u00a0 \u00a0\u00a0\u00a0 \u00a0493<br \/>\nIndependencia de las responsabilidades en materia penal\u00a0\u00a0 \u00a0\u00a0\u00a0 \u00a0493<br \/>\nDelitos que atentan contra la imparcialidad en el ejercicio de la funci\u00f3n p\u00fablica\u00a0\u00a0 \u00a0\u00a0\u00a0 \u00a0498<br \/>\nDelitos que atentan contra los aspectos patrimoniales de la funci\u00f3n p\u00fablica\u00a0\u00a0 \u00a0\u00a0\u00a0 \u00a0502<br \/>\nDelitos que afectan la confianza p\u00fablica depositada en los funcionarios\u00a0\u00a0 \u00a0\u00a0\u00a0 \u00a0506<br \/>\nAlgunas normas comunes incorporadas al C\u00f3digo Penal, por la ya citada ley N\u00ba 21.121\u00a0\u00a0 \u00a0\u00a0\u00a0 \u00a0508<br \/>\nDelitos que afectan el buen funcionamiento de la administraci\u00f3n\u00a0\u00a0 \u00a0\u00a0\u00a0 \u00a0509<br \/>\nVIII.\u00a0\u00a0 \u00a0Responsabilidad civil de los funcionarios p\u00fablicos\u00a0\u00a0 \u00a0\u00a0\u00a0 \u00a0510<br \/>\nNormativa:\u00a0\u00a0 \u00a0\u00a0\u00a0 \u00a0510<br \/>\nR\u00e9gimen de responsabilidad civil aplicable a los funcionarios P\u00fablicos\u00a0\u00a0 \u00a0\u00a0\u00a0 \u00a0510<br \/>\nSanci\u00f3n aplicable a un funcionario que es responsable civilmente\u00a0\u00a0 \u00a0\u00a0\u00a0 \u00a0511<br \/>\nRequisitos que exige la ley para aplicar la responsabilidad civil a los funcionarios\u00a0\u00a0 \u00a0\u00a0\u00a0 \u00a0511<br \/>\nLa responsabilidad civil de los funcionarios p\u00fablicos: el juicio de cuentas\u00a0\u00a0 \u00a0\u00a0\u00a0 \u00a0511<br \/>\nMedios existen para hacer efectiva la responsabilidad civil\u00a0\u00a0 \u00a0\u00a0\u00a0 \u00a0512<br \/>\nPlazo de prescripci\u00f3n de la acci\u00f3n\u00a0\u00a0 \u00a0\u00a0\u00a0 \u00a0513<br \/>\n\u00bfC\u00f3mo se puede exigir el cumplimiento de la sentencia de condena?\u00a0\u00a0 \u00a0\u00a0\u00a0 \u00a0516<br \/>\n\u00bfCu\u00e1les son las sanciones aplicables a un funcionario que incumple la obligaci\u00f3n de pagar una cierta cantidad de dinero como consecuencia de la sentencia condenatoria?\u00a0\u00a0 \u00a0\u00a0\u00a0 \u00a0516<br \/>\nL\u00edmite al ejercicio de la acci\u00f3n del juicio de cuentas\u00a0\u00a0 \u00a0\u00a0\u00a0 \u00a0516<br \/>\nT\u00cdTULO V. De la Responsabilidad Administrativa\u00a0\u00a0 \u00a0\u00a0\u00a0 \u00a0517<br \/>\nArt\u00edculo 118\u00a0\u00a0 \u00a0\u00a0\u00a0 \u00a0517<br \/>\nArt\u00edculo 119\u00a0\u00a0 \u00a0\u00a0\u00a0 \u00a0520<br \/>\nArt\u00edculo 120\u00a0\u00a0 \u00a0\u00a0\u00a0 \u00a0527<br \/>\nArt\u00edculo 121\u00a0\u00a0 \u00a0\u00a0\u00a0 \u00a0545<br \/>\nArt\u00edculo 122\u00a0\u00a0 \u00a0\u00a0\u00a0 \u00a0547<br \/>\nArt\u00edculo 122 A\u00a0\u00a0 \u00a0\u00a0\u00a0 \u00a0549<br \/>\nArt\u00edculo 123\u00a0\u00a0 \u00a0\u00a0\u00a0 \u00a0550<br \/>\nArt\u00edculo 124\u00a0\u00a0 \u00a0\u00a0\u00a0 \u00a0556<br \/>\nArt\u00edculo 125\u00a0\u00a0 \u00a0\u00a0\u00a0 \u00a0561<br \/>\nArt\u00edculo 126\u00a0\u00a0 \u00a0\u00a0\u00a0 \u00a0562<br \/>\nArt\u00edculo 127\u00a0\u00a0 \u00a0\u00a0\u00a0 \u00a0564<br \/>\nArt\u00edculo 128\u00a0\u00a0 \u00a0\u00a0\u00a0 \u00a0566<br \/>\nArt\u00edculo 129\u00a0\u00a0 \u00a0\u00a0\u00a0 \u00a0568<br \/>\nArt\u00edculo 130\u00a0\u00a0 \u00a0\u00a0\u00a0 \u00a0571<br \/>\nArt\u00edculo 131\u00a0\u00a0 \u00a0\u00a0\u00a0 \u00a0573<br \/>\nArt\u00edculo 132\u00a0\u00a0 \u00a0\u00a0\u00a0 \u00a0574<br \/>\nArt\u00edculo 133\u00a0\u00a0 \u00a0\u00a0\u00a0 \u00a0576<br \/>\nArt\u00edculo 134\u00a0\u00a0 \u00a0\u00a0\u00a0 \u00a0579<br \/>\nArt\u00edculo 135\u00a0\u00a0 \u00a0\u00a0\u00a0 \u00a0585<br \/>\nArt\u00edculo 136\u00a0\u00a0 \u00a0\u00a0\u00a0 \u00a0586<br \/>\nArt\u00edculo 137\u00a0\u00a0 \u00a0\u00a0\u00a0 \u00a0588<br \/>\nArt\u00edculo 138\u00a0\u00a0 \u00a0\u00a0\u00a0 \u00a0591<br \/>\nArt\u00edculo 139\u00a0\u00a0 \u00a0\u00a0\u00a0 \u00a0598<br \/>\nArt\u00edculo 140\u00a0\u00a0 \u00a0\u00a0\u00a0 \u00a0600<br \/>\nArt\u00edculo 141\u00a0\u00a0 \u00a0\u00a0\u00a0 \u00a0601<br \/>\nArt\u00edculo 142\u00a0\u00a0 \u00a0\u00a0\u00a0 \u00a0604<br \/>\nArt\u00edculo 143\u00a0\u00a0 \u00a0\u00a0\u00a0 \u00a0609<br \/>\nT\u00cdTULO VI. De la Cesaci\u00f3n de Funciones\u00a0\u00a0 \u00a0\u00a0\u00a0 \u00a0610<br \/>\nArt\u00edculo 144\u00a0\u00a0 \u00a0\u00a0\u00a0 \u00a0610<br \/>\nArt\u00edculo 145\u00a0\u00a0 \u00a0\u00a0\u00a0 \u00a0617<br \/>\nArt\u00edculo 146\u00a0\u00a0 \u00a0\u00a0\u00a0 \u00a0621<br \/>\nArt\u00edculo 147\u00a0\u00a0 \u00a0\u00a0\u00a0 \u00a0622<br \/>\nArt\u00edculo 148\u00a0\u00a0 \u00a0\u00a0\u00a0 \u00a0626<br \/>\nArt\u00edculo 149\u00a0\u00a0 \u00a0\u00a0\u00a0 \u00a0634<br \/>\nArt\u00edculo 150\u00a0\u00a0 \u00a0\u00a0\u00a0 \u00a0641<br \/>\nArt\u00edculo 151\u00a0\u00a0 \u00a0\u00a0\u00a0 \u00a0641<br \/>\nArt\u00edculo 152\u00a0\u00a0 \u00a0\u00a0\u00a0 \u00a0641<br \/>\nT\u00cdTULO VII. Extinci\u00f3n de la Responsabilidad Administrativa\u00a0\u00a0 \u00a0\u00a0\u00a0 \u00a0642<br \/>\nArt\u00edculo 153\u00a0\u00a0 \u00a0\u00a0\u00a0 \u00a0642<br \/>\nArt\u00edculo 154\u00a0\u00a0 \u00a0\u00a0\u00a0 \u00a0644<br \/>\nArt\u00edculo 155\u00a0\u00a0 \u00a0\u00a0\u00a0 \u00a0647<br \/>\nT\u00cdTULO FINAL. Disposiciones Varias\u00a0\u00a0 \u00a0\u00a0\u00a0 \u00a0651<br \/>\nArt\u00edculo 156\u00a0\u00a0 \u00a0\u00a0\u00a0 \u00a0651<br \/>\nArt\u00edculo 157\u00a0\u00a0 \u00a0\u00a0\u00a0 \u00a0678<br \/>\nArt\u00edculo 158\u00a0\u00a0 \u00a0\u00a0\u00a0 \u00a0680<br \/>\nArt\u00edculo 159\u00a0\u00a0 \u00a0\u00a0\u00a0 \u00a0680<br \/>\nArt\u00edculo 160\u00a0\u00a0 \u00a0\u00a0\u00a0 \u00a0680<br \/>\nART\u00cdCULOS TRANSITORIOS\u00a0\u00a0 \u00a0\u00a0\u00a0 \u00a0681<br \/>\nArt\u00edculo 1\u00ba\u00a0\u00a0 \u00a0\u00a0\u00a0 \u00a0681<br \/>\nArt\u00edculo 2\u00ba\u00a0\u00a0 \u00a0\u00a0\u00a0 \u00a0681<br \/>\nArt\u00edculo 3\u00ba\u00a0\u00a0 \u00a0\u00a0\u00a0 \u00a0682<br \/>\nArt\u00edculo 4\u00ba\u00a0\u00a0 \u00a0\u00a0\u00a0 \u00a0682<br \/>\nArt\u00edculo 5\u00ba\u00a0\u00a0 \u00a0\u00a0\u00a0 \u00a0682<br \/>\nArt\u00edculo 6\u00ba\u00a0\u00a0 \u00a0\u00a0\u00a0 \u00a0682<br \/>\nArt\u00edculo 7\u00ba\u00a0\u00a0 \u00a0\u00a0\u00a0 \u00a0682<br \/>\nArt\u00edculo 8\u00ba\u00a0\u00a0 \u00a0\u00a0\u00a0 \u00a0683<br \/>\nArt\u00edculo 9\u00ba\u00a0\u00a0 \u00a0\u00a0\u00a0 \u00a0683<br \/>\nArt\u00edculo 10\u00ba\u00a0\u00a0 \u00a0\u00a0\u00a0 \u00a0683<br \/>\nArt\u00edculo 11\u00ba\u00a0\u00a0 \u00a0\u00a0\u00a0 \u00a0683<br \/>\nArt\u00edculo 12\u00ba\u00a0\u00a0 \u00a0\u00a0\u00a0 \u00a0683<br \/>\nArt\u00edculo 13\u00ba\u00a0\u00a0 \u00a0\u00a0\u00a0 \u00a0684<br \/>\nArt\u00edculo 14\u00ba\u00a0\u00a0 \u00a0\u00a0\u00a0 \u00a0684<br \/>\nArt\u00edculo 15\u00ba\u00a0\u00a0 \u00a0\u00a0\u00a0 \u00a0685<br \/>\nArt\u00edculo 16\u00ba\u00a0\u00a0 \u00a0\u00a0\u00a0 \u00a0685<br \/>\nArt\u00edculo 17\u00ba\u00a0\u00a0 \u00a0\u00a0\u00a0 \u00a0685<\/p>\n","protected":false},"excerpt":{"rendered":"<p>LIBRO DISPONIBLE DE STOCK<\/p>\n","protected":false},"featured_media":4646,"comment_status":"open","ping_status":"closed","template":"","meta":{"inline_featured_image":false,"_joinchat":[]},"product_brand":[],"product_cat":[45],"product_tag":[],"class_list":{"0":"post-4632","1":"product","2":"type-product","3":"status-publish","4":"has-post-thumbnail","6":"product_cat-administrativo","8":"first","9":"instock","10":"shipping-taxable","11":"purchasable","12":"product-type-simple"},"_links":{"self":[{"href":"https:\/\/bibliotecajuridicavirtual.cl\/index.php\/wp-json\/wp\/v2\/product\/4632","targetHints":{"allow":["GET"]}}],"collection":[{"href":"https:\/\/bibliotecajuridicavirtual.cl\/index.php\/wp-json\/wp\/v2\/product"}],"about":[{"href":"https:\/\/bibliotecajuridicavirtual.cl\/index.php\/wp-json\/wp\/v2\/types\/product"}],"replies":[{"embeddable":true,"href":"https:\/\/bibliotecajuridicavirtual.cl\/index.php\/wp-json\/wp\/v2\/comments?post=4632"}],"wp:featuredmedia":[{"embeddable":true,"href":"https:\/\/bibliotecajuridicavirtual.cl\/index.php\/wp-json\/wp\/v2\/media\/4646"}],"wp:attachment":[{"href":"https:\/\/bibliotecajuridicavirtual.cl\/index.php\/wp-json\/wp\/v2\/media?parent=4632"}],"wp:term":[{"taxonomy":"product_brand","embeddable":true,"href":"https:\/\/bibliotecajuridicavirtual.cl\/index.php\/wp-json\/wp\/v2\/product_brand?post=4632"},{"taxonomy":"product_cat","embeddable":true,"href":"https:\/\/bibliotecajuridicavirtual.cl\/index.php\/wp-json\/wp\/v2\/product_cat?post=4632"},{"taxonomy":"product_tag","embeddable":true,"href":"https:\/\/bibliotecajuridicavirtual.cl\/index.php\/wp-json\/wp\/v2\/product_tag?post=4632"}],"curies":[{"name":"wp","href":"https:\/\/api.w.org\/{rel}","templated":true}]}}