{"id":5125,"date":"2026-03-06T12:00:03","date_gmt":"2026-03-06T15:00:03","guid":{"rendered":"https:\/\/bibliotecajuridicavirtual.cl\/?post_type=product&#038;p=5125"},"modified":"2026-03-06T12:00:03","modified_gmt":"2026-03-06T15:00:03","slug":"manual-de-derecho-procesal-tomo-i-procesal-organico-mario-casarino-viterbo-7ma-edicion-ano-2026-305-paginas","status":"publish","type":"product","link":"https:\/\/bibliotecajuridicavirtual.cl\/index.php\/product\/manual-de-derecho-procesal-tomo-i-procesal-organico-mario-casarino-viterbo-7ma-edicion-ano-2026-305-paginas\/","title":{"rendered":"Manual de Derecho Procesal * Tomo I &#8211; Procesal Org\u00e1nico * Mario Casarino Viterbo &#8211; 7ma. edici\u00f3n a\u00f1o 2026 * 305 P\u00e1ginas"},"content":{"rendered":"<p style=\"font-weight: 400;\">Editorial Libromar encarg\u00f3 al profesor de Derecho Procesal don Ra\u00fal Andr\u00e9s San Mart\u00edn Rodr\u00edguez que procediera a la actualizaci\u00f3n del texto de la presente obra con todas las modificaciones legales respectivas, la que incluye numerosas reformas procesales.<\/p>\n<p style=\"font-weight: 400;\">Cabe consignar que el presente trabajo mantuvo siempre el texto primitivo del autor, adem\u00e1s de algunas instituciones y modificaciones legislativas que corresponde incorporar con motivo de la permanente actualizaci\u00f3n de esta rama del derecho.<\/p>\n<p style=\"font-weight: 400;\">Finalmente, la actualizaci\u00f3n se realiz\u00f3 teniendo presente la influencia y trascendencia de los sistemas procesales reformados, adem\u00e1s de la nueva legislaci\u00f3n especial aplicable conforme a los est\u00e1ndares propios de la correcta administraci\u00f3n de justicia.<\/p>\n<p style=\"font-weight: 400;\">\n<b><strong>PRIMERA PARTE<br \/>\nEL PODER JUDICIAL<\/strong><\/b><\/p>\n<p style=\"font-weight: 400;\"><b><strong>CAP\u00cdTULO 1<\/strong><\/b><\/p>\n<ol>\n<li style=\"font-weight: 400;\"><b><strong> MISI\u00d3N E IMPORTANCIA DEL PODER JUDICIAL<\/strong><\/b><\/li>\n<\/ol>\n<p style=\"font-weight: 400;\">1.1. Doctrina cl\u00e1sica de la separaci\u00f3n de\u00a0Misi\u00f3n e importancia actual del Poder Judicial<br \/>\n1.2. \u00bfPoder p\u00fablico o servicio p\u00fablico?<br \/>\n1.3. \u00bfQui\u00e9nes constituyen el Poder Judicial?<\/p>\n<ol>\n<li style=\"font-weight: 400;\"><b><strong> RELACIONES DEL PODER JUDICIAL FRENTE A LOS DEM\u00c1S PODERES P\u00daBLICOS<\/strong><\/b><\/li>\n<\/ol>\n<p style=\"font-weight: 400;\">1.4. Doctrina de la preponderancia de funciones<br \/>\n1.5. Diferencias entre el Poder Legislativo y el Poder Judicial<br \/>\n1.6. Diferencias entre el Poder Ejecutivo y el Poder Judicial<br \/>\n1.7. Conflicto de poderes<br \/>\n1.8. Lo contencioso-administrativo<\/p>\n<p style=\"font-weight: 400;\"><b><strong>III. ATRIBUCIONES DEL PODER JUDICIAL O DE LA JURISDICCI\u00d3N<\/strong><\/b><\/p>\n<p style=\"font-weight: 400;\">1.9. Concepto y definiciones<br \/>\n1.10. Contenido de la jurisdicci\u00f3n<br \/>\n1.11. La jurisdicci\u00f3n contenciosa<br \/>\n1.12. Asuntos que la constituyen<br \/>\n1.13. Alcance de la jurisdicci\u00f3n contenciosa<br \/>\n1.14. La jurisdicci\u00f3n voluntaria<br \/>\n1.15. Diversos criterios o doctrinas para distinguir la jurisdicci\u00f3n contenciosa de la jurisdicci\u00f3n voluntaria<br \/>\n1.16. Diferencias entre ambas jurisdicciones<br \/>\n1.17. Naturaleza de los actos de jurisdicci\u00f3n voluntaria<br \/>\n1.18. Clasificaci\u00f3n de los actos de jurisdicci\u00f3n voluntaria<br \/>\n1.19. La jurisdicci\u00f3n conservadora<br \/>\n1.20. La jurisdicci\u00f3n disciplinaria<br \/>\n1.21. La jurisdicci\u00f3n econ\u00f3mica<br \/>\n1.22. La jurisdicci\u00f3n especial<\/p>\n<p style=\"font-weight: 400;\"><b><strong>CAP\u00cdTULO 2<br \/>\n<\/strong><\/b><b><strong>DIVERSAS CLASES DE TRIBUNALES<\/strong><\/b><\/p>\n<ol>\n<li style=\"font-weight: 400;\"><b><strong> CLASIFICACI\u00d3N DE LOS TRIBUNALES<\/strong><\/b><\/li>\n<\/ol>\n<p style=\"font-weight: 400;\">2.1. Seg\u00fan su naturaleza, composici\u00f3n, extensi\u00f3n de la jurisdicci\u00f3n y estabilidad<\/p>\n<ol>\n<li style=\"font-weight: 400;\"><b><strong> TRIBUNALES ORDINARIOS, ARBITRALES Y ESPECIALES<\/strong><\/b><\/li>\n<\/ol>\n<p style=\"font-weight: 400;\">2.2. Definici\u00f3n de tribunales ordinarios<br \/>\n2.3. \u00bfC\u00f3mo est\u00e1n constituidos?<br \/>\n2.4. \u00bfCu\u00e1les son?<br \/>\n2.5. Definici\u00f3n de tribunales arbitrales<br \/>\n2.6. Fuentes de justicia arbitral<br \/>\n2.7. Diversas clases de \u00e1rbitros<br \/>\n2.8. Diversas clases de arbitrajes<br \/>\n2.9. Diferencias entre los tribunales ordinarios y los tribunales arbitrales<br \/>\n2.10. Concepto de tribunales especiales<br \/>\n2.11. Los tribunales especiales ante la doctrina<br \/>\n2.12. En nuestro pa\u00eds<\/p>\n<p style=\"font-weight: 400;\"><b><strong>III. TRIBUNALES UNIPERSONALES Y TRIBUNALES COLEGIADOS<\/strong><\/b><\/p>\n<p style=\"font-weight: 400;\">2.13. Definiciones<br \/>\n2.14. Ventajas e inconvenientes de los tribunales unipersonales<br \/>\n2.15. Ventajas e inconvenientes de los tribunales colegiados<br \/>\n2.16. Sistema nacional<br \/>\n2.17. Sistema europeo<\/p>\n<ol>\n<li style=\"font-weight: 400;\"><b><strong> TRIBUNALES DE JURISDICCI\u00d3N COM\u00daN Y DE JURISDICCI\u00d3N ESPECIAL<\/strong><\/b><\/li>\n<\/ol>\n<p style=\"font-weight: 400;\">2.18. Definiciones<br \/>\n2.19. Jurisdicci\u00f3n civil, penal y comercial especiales<br \/>\n2.20. Sistema nacional<\/p>\n<p><b><strong>V. TRIBUNALES PERMANENTES Y TRIBUNALES ACCIDENTALES<\/strong><\/b><\/p>\n<p style=\"font-weight: 400;\">2.21. Concepto<br \/>\n2.22. Sistema nacional<\/p>\n<ol>\n<li style=\"font-weight: 400;\"><b><strong> EL JURADO<\/strong><\/b><\/li>\n<\/ol>\n<p style=\"font-weight: 400;\">2.23. Definici\u00f3n<br \/>\n2.24. Principio en que se funda<br \/>\n2.25. Caracter\u00edsticas del jurado<br \/>\n2.26. Antecedentes hist\u00f3ricos<br \/>\n2.27. Ventajas del jurado<br \/>\n2.28. Inconvenientes del jurado<br \/>\n2.29. El jurado ante las legislaciones extranjeras<br \/>\n2.30. El jurado en Chile<\/p>\n<p style=\"font-weight: 400;\"><b><strong>CAP\u00cdTULO 3<br \/>\n<\/strong><\/b><b><strong>BASES FUNDAMENTALES DE LA ORGANIZACI\u00d3N DE LOS TRIBUNALES<\/strong><\/b><\/p>\n<ol>\n<li style=\"font-weight: 400;\"><b><strong> PRINCIPIOS FUNDAMENTALES<\/strong><\/b><\/li>\n<\/ol>\n<p style=\"font-weight: 400;\">3.1. Concepto<br \/>\n3.2. \u00bfCu\u00e1les son?<br \/>\n3.3. Legalidad<br \/>\n3.4. Territorialidad<br \/>\n3.5. Independencia<br \/>\n3.6. Pasividad<br \/>\n3.7. Inamovilidad<br \/>\n3.8. Responsabilidad<br \/>\n3.9. Publicidad<br \/>\n3.10. Gratuidad<br \/>\n3.11. Inavocabilidad<br \/>\n3.12. Sedentariedad<br \/>\n3.13. Gradualidad<br \/>\n3.14. Concepto de la instancia<br \/>\n3.15. La Corte Suprema y el recurso de casaci\u00f3n<\/p>\n<ol>\n<li style=\"font-weight: 400;\"><b><strong> GENERALIDADES SOBRE LA ORGANIZACI\u00d3N DE LOS TRIBUNALES ORDINARIOS<\/strong><\/b><\/li>\n<\/ol>\n<p style=\"font-weight: 400;\">3.16. Diversas jerarqu\u00edas de los tribunales ordinarios<br \/>\n3.17. Diversas categor\u00edas de los tribunales ordinarios<br \/>\n3.18. Territorio jurisdiccional<br \/>\n3.19. Caracter\u00edsticas esenciales de cada tribunal ordinario<\/p>\n<p style=\"font-weight: 400;\"><b><strong>III. DISTRIBUCI\u00d3N DE LOS ASUNTOS JUDICIALES ENTRE LOS DIVERSOS TRIBUNALES<\/strong><\/b><\/p>\n<p style=\"font-weight: 400;\">3.20. Nociones generales sobre competencia<br \/>\n3.21. Sus diversos factores o elementos<br \/>\n3.22. Competencia absoluta y competencia relativa<br \/>\n3.23. Diferencias entre ambas normas de competencia<\/p>\n<p style=\"font-weight: 400;\"><b><strong>CAP\u00cdTULO 4<br \/>\n<\/strong><\/b><b><strong>LA JUSTICIA DE MENOR CUANT\u00cdA<\/strong><\/b><\/p>\n<ol>\n<li style=\"font-weight: 400;\"><b><strong> ORGANIZACI\u00d3N DE LA JUSTICIA DE MENOR CUANT\u00cdA<\/strong><\/b><\/li>\n<\/ol>\n<p style=\"font-weight: 400;\">4.1. Su organizaci\u00f3n primitiva<\/p>\n<ol>\n<li style=\"font-weight: 400;\"><b><strong> EVOLUCI\u00d3N HIST\u00d3RICA DE LOS JUZGADOS DE DISTRITO Y DE SUBDELEGACI\u00d3N<\/strong><\/b><\/li>\n<\/ol>\n<p style=\"font-weight: 400;\">4.2. Su variada evoluci\u00f3n<\/p>\n<p style=\"font-weight: 400;\"><b><strong>III. EVOLUCI\u00d3N HIST\u00d3RICA DE LOS JUZGADOS DE LETRAS DE MENOR CUANT\u00cdA<\/strong><\/b><\/p>\n<p style=\"font-weight: 400;\">4.3. Su variada y compleja evoluci\u00f3n<\/p>\n<p style=\"font-weight: 400;\"><b><strong>CAP\u00cdTULO 5<br \/>\n<\/strong><\/b><b><strong>ORGANIZACI\u00d3N Y ATRIBUCIONES DE LOS TRIBUNALES ORDINARIOS DE JUSTICIA<\/strong><\/b><\/p>\n<ol>\n<li style=\"font-weight: 400;\"><b><strong> TRIBUNALES ORDINARIOS<\/strong><\/b><\/li>\n<\/ol>\n<p style=\"font-weight: 400;\">5.1. \u00bfCu\u00e1les son?<\/p>\n<ol>\n<li style=\"font-weight: 400;\"><b><strong> JUZGADOS DE LETRAS<\/strong><\/b><\/li>\n<\/ol>\n<p style=\"font-weight: 400;\">5.2. Fuentes legales<br \/>\n5.3. Definici\u00f3n<br \/>\n5.4. Caracter\u00edsticas<br \/>\n5.5. Territorio jurisdiccional<br \/>\n5.6. Pluralidad de juzgados de letras<br \/>\n5.7. Clasificaci\u00f3n de los juzgados de letras<br \/>\n5.8. Competencia de los juzgados de letras<br \/>\n5.9. Competencia contenciosa civil<br \/>\n5.10. Competencia contenciosa comercial<br \/>\n5.11. Competencia contenciosa minera<br \/>\n5.12. Competencia en actos judiciales no contenciosos<br \/>\n5.13. Competencia penal<br \/>\n5.14. Competencia en causas de hacienda<br \/>\n5.15. Competencia en causas aforadas<br \/>\n5.16. Competencia laboral y de familia<br \/>\n5.17. Competencia especial<br \/>\n5.18. Competencia extraordinaria<br \/>\n5.19. Competencia como tribunal de alzada<\/p>\n<p style=\"font-weight: 400;\"><b><strong>III. DE LOS JUZGADOS DE GARANT\u00cdA Y DE LOS TRIBUNALES DE JUICIO ORAL EN LO PENAL<\/strong><\/b><\/p>\n<p style=\"font-weight: 400;\">5.20. De los juzgados de garant\u00eda<br \/>\n5.21. De los tribunales de juicio oral en lo penal<br \/>\n5.22. Del comit\u00e9 de jueces<br \/>\n5.23. Del juez presidente del comit\u00e9 de jueces<br \/>\n5.24. De la organizaci\u00f3n administrativa de los juzgados de garant\u00eda y de los tribunales de juicio oral en lo penal<\/p>\n<ol>\n<li style=\"font-weight: 400;\"><b><strong> TRIBUNALES ACCIDENTALES O DE EXCEPCI\u00d3N<\/strong><\/b><\/li>\n<\/ol>\n<p style=\"font-weight: 400;\">5.25. Fuentes legales<br \/>\n5.26. \u00bfCu\u00e1les son?<br \/>\n5.27. Caracter\u00edsticas generales<br \/>\n5.28. Competencia de un Ministro de Corte de Apelaciones<br \/>\n5.29. Competencia del Presidente de la Corte de Apelaciones de Santiago<br \/>\n5.30. Competencia de un Ministro de la Corte Suprema<br \/>\n5.31. Competencia del Presidente de la Corte Suprema<br \/>\n5.32. Resumen del fuero de los miembros del Poder Judicial<\/p>\n<ol>\n<li style=\"font-weight: 400;\"><b><strong> CORTES DE APELACIONES<\/strong><\/b><\/li>\n<\/ol>\n<p style=\"font-weight: 400;\">5.33. Fuentes legales<br \/>\n5.34. Antecedentes hist\u00f3ricos<br \/>\n5.35. Definici\u00f3n<br \/>\n5.36. Caracter\u00edsticas<br \/>\n5.37. Territorio jurisdiccional<br \/>\n5.38. Composici\u00f3n de las Cortes de Apelaciones<br \/>\n5.39. Competencia de las Cortes de Apelaciones<br \/>\n5.40. Competencia en \u00fanica instancia<br \/>\n5.41. Competencia en primera instancia<br \/>\n5.42. Competencia en segunda instancia<br \/>\n5.43. Competencia por v\u00eda de consulta<br \/>\n5.44. Competencia especial de la Corte de Apelaciones de Santiago<br \/>\n5.45. Funciones propias del Presidente de las Cortes de Apelaciones<\/p>\n<ol>\n<li style=\"font-weight: 400;\"><b><strong> FUNCIONAMIENTO DE LAS CORTES DE APELACIONES Y FORMA COMO EJERCEN JURISDICCI\u00d3N<\/strong><\/b><\/li>\n<\/ol>\n<p style=\"font-weight: 400;\">5.46. Divisi\u00f3n de las Cortes de Apelaciones en salas<br \/>\n5.47. Funcionamiento de las Cortes de Apelaciones<br \/>\n5.48. Tramitaci\u00f3n de los asuntos ante las Cortes de Apelaciones<br \/>\n5.49. Manera de imponerse de los asuntos sometidos a su conocimiento<br \/>\n5.50. Manera de resolver estos mismos asuntos<br \/>\n5.51. La vista de las causas<br \/>\n5.52. Formalidades previas a la vista de las causas<br \/>\n5.53. Relaci\u00f3n y alegatos<br \/>\n5.54. T\u00e9rmino de la vista de las causas<\/p>\n<p style=\"font-weight: 400;\"><b><strong>VII. LOS ACUERDOS DE LAS CORTES DE APELACIONES<\/strong><\/b><\/p>\n<p style=\"font-weight: 400;\">5.55. Fuentes legales<br \/>\n5.56. Definici\u00f3n<br \/>\n5.57. Campo de aplicaci\u00f3n de las normas sobre acuerdos<br \/>\n5.58. Personas que intervienen en el acuerdo<br \/>\n5.59. Forma de celebrar los acuerdos<br \/>\n5.60. Manera de adoptar un acuerdo<br \/>\n5.61. Oportunidad en que se entiende producido el acuerdo<br \/>\n5.62. Orden de la votaci\u00f3n<br \/>\n5.63. Formalidades posteriores al acuerdo<br \/>\n5.64. Discordia de votos<\/p>\n<p style=\"font-weight: 400;\"><b><strong>VIII. CORTE SUPREMA<\/strong><\/b><\/p>\n<p style=\"font-weight: 400;\">5.65. Fuentes legales<br \/>\n5.66. Antecedentes hist\u00f3ricos<br \/>\n5.67. Definici\u00f3n<br \/>\n5.68. Territorio jurisdiccional y residencia<br \/>\n5.69. Funciones primordiales de la Corte Suprema<br \/>\n5.70. Composici\u00f3n de la Corte Suprema<br \/>\n5.71. Competencia de la Corte Suprema<br \/>\n5.72. Competencia en \u00fanica instancia<br \/>\n5.72. Competencia en segunda instancia<br \/>\n5.73. Otras obligaciones que pesan sobre la Corte Suprema<br \/>\n5.74. Funcionamiento de la Corte Suprema<br \/>\n5.75. Funcionamiento ordinario<br \/>\n5.76. Asuntos de que conoce la Corte Suprema en pleno<br \/>\n5.77. Asuntos de que conoce la Corte Suprema dividida en salas<br \/>\n5.78. Funcionamiento extraordinario y excepcional por videoconferencia<br \/>\n5.79. Tramitaci\u00f3n de los asuntos ante la Corte Suprema<br \/>\n5.80. Forma de resolver estos asuntos<br \/>\n5.81. Los acuerdos de la Corte Suprema<br \/>\n5.82. Funciones del Presidente de la Corte Suprema<\/p>\n<p><b><strong>SEGUNDA PARTE<br \/>\n<\/strong><\/b><b><strong>LA COMPETENCIA<\/strong><\/b><\/p>\n<p style=\"font-weight: 400;\"><b><strong>CAP\u00cdTULO 1<br \/>\n<\/strong><\/b><b><strong>GENERALIDADES SOBRE LA COMPETENCIA<\/strong><\/b><\/p>\n<ol>\n<li style=\"font-weight: 400;\"><b><strong> NOCIONES PREVIAS<\/strong><\/b><\/li>\n<\/ol>\n<p style=\"font-weight: 400;\">1.1. Definici\u00f3n<br \/>\n1.2. Diferencias esenciales entre jurisdicci\u00f3n y competencia<br \/>\n1.3. Clasificaci\u00f3n de la competencia<br \/>\n1.4. Competencia natural y prorrogada<br \/>\n1.5. Competencia propia y delegada<br \/>\n1.6. Competencia com\u00fan y especial<br \/>\n1.7. Competencia privativa y acumulativa o preventiva<br \/>\n1.8. Competencia contenciosa y voluntaria<br \/>\n1.9. Competencia de \u00fanica, de primera y de segunda instancia<br \/>\n1.10. Competencia absoluta y relativa<\/p>\n<p><b><strong>II. REGLAS GENERALES DE COMPETENCIA<\/strong><\/b><\/p>\n<p style=\"font-weight: 400;\">1.11. Su enumeraci\u00f3n y ubicaci\u00f3n<br \/>\n1.12. Regla de fijeza<br \/>\n1.13. Regla de grado<br \/>\n1.14. Regla de extensi\u00f3n<br \/>\n1.15. Regla de prevenci\u00f3n<br \/>\n1.16. Regla de ejecuci\u00f3n<\/p>\n<p style=\"font-weight: 400;\"><b><strong>III. REGLAS DE COMPETENCIA ABSOLUTA<\/strong><\/b><\/p>\n<p style=\"font-weight: 400;\">1.17. Concepto<br \/>\n1.18. El fuero<br \/>\n1.19. La materia<br \/>\n1.20. La cuant\u00eda<br \/>\n1.21. Importancia del factor cuant\u00eda<br \/>\n1.22. Manera de determinar el factor cuant\u00eda<br \/>\n1.23. En los asuntos civiles susceptibles de apreciaci\u00f3n pecuniaria<br \/>\n1.24. En los asuntos civiles no susceptibles de apreciaci\u00f3n pecuniaria<br \/>\n1.25. En los asuntos penales<br \/>\n1.26. Manera de acreditar en el expediente la cuant\u00eda del juicio<\/p>\n<ol>\n<li style=\"font-weight: 400;\"><b><strong> REGLAS DE COMPETENCIA RELATIVA<\/strong><\/b><\/li>\n<\/ol>\n<p style=\"font-weight: 400;\">1.27. Concepto<br \/>\n1.28. Distinci\u00f3n fundamental en las reglas de competencia relativa<br \/>\n1.29. Reglas de competencia relativa en asuntos contenciosos civiles<br \/>\n1.30. Reglas de competencia relativa en asuntos de jurisdicci\u00f3n voluntaria<br \/>\n1.31. Reglas de competencia relativa en asuntos penales<br \/>\n1.32. Acumulaci\u00f3n de autos en materia penal<br \/>\n1.33. Reglas que determinan el tribunal que debe conocer de un asunto en los lugares\u00a0en que existen dos o m\u00e1s jueces de la misma jurisdicci\u00f3n<br \/>\n1.34. Problemas varios<\/p>\n<ol>\n<li style=\"font-weight: 400;\"><b><strong> REGLAS SOBRE COMPETENCIA CIVIL DE LOS TRIBUNALES EN LO CRIMINAL<\/strong><\/b><\/li>\n<\/ol>\n<p style=\"font-weight: 400;\">1.35. Principio<br \/>\n1.36. Juez competente para conocer de las acciones emanadas de un delito<br \/>\n1.37. Juez competente para conocer de las cuestiones prejudiciales civiles<\/p>\n<p style=\"font-weight: 400;\"><b><strong>CAP\u00cdTULO 2<br \/>\n<\/strong><\/b><b><strong>LA PR\u00d3RROGA DE LA COMPETENCIA<\/strong><\/b><\/p>\n<ol>\n<li style=\"font-weight: 400;\"><b><strong> GENERALIDADES<\/strong><\/b><\/li>\n<\/ol>\n<p style=\"font-weight: 400;\">2.1. Concepto<\/p>\n<ol>\n<li style=\"font-weight: 400;\"><b><strong> REQUISITOS PARA QUE PROCEDA LA PR\u00d3RROGA DE COMPETENCIA<\/strong><\/b><\/li>\n<\/ol>\n<p style=\"font-weight: 400;\">2.2. \u00bfCu\u00e1les son?<br \/>\n2.3. Convenio de las partes<br \/>\n2.4. Asunto contencioso civil<br \/>\n2.5. Incompetencia en raz\u00f3n de territorio del tribunal al cual se le prorroga la competencia<\/p>\n<p style=\"font-weight: 400;\"><b><strong>III. EFECTOS Y FORMA DE IMPEDIR LA PR\u00d3RROGA DE LA COMPETENCIA<\/strong><\/b><\/p>\n<p style=\"font-weight: 400;\">2.6. Efectos de la pr\u00f3rroga de la competencia<br \/>\n2.7. Formas o maneras de impedir que se produzca la pr\u00f3rroga de la competencia<br \/>\n2.8. La pr\u00f3rroga de la competencia en la segunda instancia<\/p>\n<p style=\"font-weight: 400;\"><b><strong><u>CAP\u00cdTULO 3<br \/>\n<\/u><\/strong><\/b><b><strong>CONTIENDAS Y CUESTIONES DE COMPETENCIA<\/strong><\/b><\/p>\n<ol>\n<li style=\"font-weight: 400;\"><b><strong> GENERALIDADES<\/strong><\/b><\/li>\n<\/ol>\n<p style=\"font-weight: 400;\">3.1. Concepto<\/p>\n<ol>\n<li style=\"font-weight: 400;\"><b><strong> LAS CUESTIONES DE COMPETENCIA<\/strong><\/b><\/li>\n<\/ol>\n<p style=\"font-weight: 400;\">3.2. R\u00e9gimen procesal<\/p>\n<p style=\"font-weight: 400;\"><b><strong>III. LAS CONTIENDAS DE COMPETENCIA<\/strong><\/b><\/p>\n<p style=\"font-weight: 400;\">3.3. Clasificaci\u00f3n<br \/>\n3.4. Tribunales competentes para resolver las contiendas de competencia<\/p>\n<p style=\"font-weight: 400;\"><b><strong>CAP\u00cdTULO 4<br \/>\n<\/strong><\/b><b><strong>IMPLICANCIAS Y RECUSACIONES<\/strong><\/b><\/p>\n<ol>\n<li style=\"font-weight: 400;\"><b><strong> GENERALIDADES<\/strong><\/b><\/li>\n<\/ol>\n<p style=\"font-weight: 400;\">4.1. Definici\u00f3n<br \/>\n4.2. Fundamento de la instituci\u00f3n<br \/>\n4.3. Clasificaci\u00f3n de las inhabilidades<br \/>\n4.4. Diferencias entre las implicancias y las recusaciones<br \/>\n4.5. Funcionarios que pueden ser inhabilitados<\/p>\n<ol>\n<li style=\"font-weight: 400;\"><b><strong> ESTUDIO PARTICULAR DE LAS CAUSAS DE INHABILIDAD<\/strong><\/b><\/li>\n<\/ol>\n<p style=\"font-weight: 400;\">4.6. Causas de implicancia<br \/>\n4.7. Causas de recusaci\u00f3n<\/p>\n<p style=\"font-weight: 400;\"><b><strong>III. DECLARACI\u00d3N DE LAS CAUSAS DE INHABILIDAD<\/strong><\/b><\/p>\n<p style=\"font-weight: 400;\">4.8. Tribunales competentes<br \/>\n4.9. Obligaci\u00f3n de los jueces que se consideren inhabilitados<br \/>\n4.10. Inhabilidad de los abogados integrantes<br \/>\n4.11. Prueba del parentesco ileg\u00edtimo en las causas legales de recusaci\u00f3n<br \/>\n4.12. Recusaci\u00f3n amistosa<br \/>\n4.13. Instancia en que se fallan las inhabilidades<br \/>\n4.14. Tramitaci\u00f3n de las inhabilidades<\/p>\n<p style=\"font-weight: 400;\"><b><strong><u>CAP\u00cdTULO 5<br \/>\n<\/u><\/strong><\/b><b><strong>SUBROGACI\u00d3N E INTEGRACI\u00d3N DE LOS TRIBUNALES<\/strong><\/b><\/p>\n<ol>\n<li style=\"font-weight: 400;\"><b><strong> NOCIONES GENERALES<\/strong><\/b><\/li>\n<\/ol>\n<p style=\"font-weight: 400;\">5.1. Concepto<br \/>\n5.2. Diferencias<br \/>\n5.3. Fundamento<\/p>\n<ol>\n<li style=\"font-weight: 400;\"><b><strong> LA SUBROGACI\u00d3N<\/strong><\/b><\/li>\n<\/ol>\n<p style=\"font-weight: 400;\">5.4. \u00bfCu\u00e1ndo se produce?<br \/>\n5.5. Reglas de subrogaci\u00f3n de los jueces inferiores<br \/>\n5.6. Reglas de subrogaci\u00f3n de los jueces de letras de menor cuant\u00eda<br \/>\n5.7. Reglas de subrogaci\u00f3n de los jueces letrados<br \/>\n5.8. Facultades de los jueces subrogantes<\/p>\n<p style=\"font-weight: 400;\"><b><strong>III. LA INTEGRACI\u00d3N<\/strong><\/b><\/p>\n<p style=\"font-weight: 400;\">5.9. Integraci\u00f3n de las Cortes de Apelaciones<br \/>\n5.10. Subrogaci\u00f3n de las Cortes de Apelaciones<br \/>\n5.11. Integraci\u00f3n de la Corte Suprema<br \/>\n5.12. Designaci\u00f3n y remuneraci\u00f3n de los abogados integrantes<br \/>\n5.13. Disposiciones comunes<br \/>\n5.14. Problemas varios<\/p>\n","protected":false},"excerpt":{"rendered":"<p>Buscas un libro Jur\u00eddico.? Lo puedes encontrar en nuestra tienda virtual.<br \/>\nContamos con prestigiosos autores y muchas alternativas en sus diferentes materias al igual que grandes descuentos.! Vis\u00edtanos en <a class=\"DgglOATYhCmWccaPlwcHGEisYksYZHAeVPhfZM \" tabindex=\"0\" href=\"https:\/\/lnkd.in\/eiAG7jdZ\" target=\"_blank\" rel=\"noopener\" data-test-app-aware-link=\"\">https:\/\/lnkd.in\/eiAG7jdZ<\/a><br \/>\nEscr\u00edbenos al +56930565235 \/ <a class=\"DgglOATYhCmWccaPlwcHGEisYksYZHAeVPhfZM \" tabindex=\"0\" href=\"mailto:ventaslegallexglobal@gmail.com\" target=\"_self\" data-test-app-aware-link=\"\">ventaslegallexglobal@gmail.com<\/a><br \/>\nHacemos env\u00edos a todo Chile \u2013 Starken o Correos Chile \/ Te esperamos.<\/p>\n","protected":false},"featured_media":5127,"comment_status":"open","ping_status":"closed","template":"","meta":{"inline_featured_image":false,"_joinchat":[]},"product_brand":[],"product_cat":[26,50,39],"product_tag":[],"class_list":{"0":"post-5125","1":"product","2":"type-product","3":"status-publish","4":"has-post-thumbnail","6":"product_cat-derecho","7":"product_cat-procedimientos-civiles","8":"product_cat-procesal-civil","10":"first","11":"instock","12":"shipping-taxable","13":"purchasable","14":"product-type-simple"},"_links":{"self":[{"href":"https:\/\/bibliotecajuridicavirtual.cl\/index.php\/wp-json\/wp\/v2\/product\/5125","targetHints":{"allow":["GET"]}}],"collection":[{"href":"https:\/\/bibliotecajuridicavirtual.cl\/index.php\/wp-json\/wp\/v2\/product"}],"about":[{"href":"https:\/\/bibliotecajuridicavirtual.cl\/index.php\/wp-json\/wp\/v2\/types\/product"}],"replies":[{"embeddable":true,"href":"https:\/\/bibliotecajuridicavirtual.cl\/index.php\/wp-json\/wp\/v2\/comments?post=5125"}],"wp:featuredmedia":[{"embeddable":true,"href":"https:\/\/bibliotecajuridicavirtual.cl\/index.php\/wp-json\/wp\/v2\/media\/5127"}],"wp:attachment":[{"href":"https:\/\/bibliotecajuridicavirtual.cl\/index.php\/wp-json\/wp\/v2\/media?parent=5125"}],"wp:term":[{"taxonomy":"product_brand","embeddable":true,"href":"https:\/\/bibliotecajuridicavirtual.cl\/index.php\/wp-json\/wp\/v2\/product_brand?post=5125"},{"taxonomy":"product_cat","embeddable":true,"href":"https:\/\/bibliotecajuridicavirtual.cl\/index.php\/wp-json\/wp\/v2\/product_cat?post=5125"},{"taxonomy":"product_tag","embeddable":true,"href":"https:\/\/bibliotecajuridicavirtual.cl\/index.php\/wp-json\/wp\/v2\/product_tag?post=5125"}],"curies":[{"name":"wp","href":"https:\/\/api.w.org\/{rel}","templated":true}]}}