{"id":5189,"date":"2026-03-08T11:10:56","date_gmt":"2026-03-08T14:10:56","guid":{"rendered":"https:\/\/bibliotecajuridicavirtual.cl\/?post_type=product&#038;p=5189"},"modified":"2026-03-08T11:10:56","modified_gmt":"2026-03-08T14:10:56","slug":"la-fianza-victorio-pescio-vargas-edicion-2026-495-pag","status":"publish","type":"product","link":"https:\/\/bibliotecajuridicavirtual.cl\/index.php\/product\/la-fianza-victorio-pescio-vargas-edicion-2026-495-pag\/","title":{"rendered":"LA FIANZA * Victorio Pescio Vargas &#8211; edici\u00f3n 2026 * 495 P\u00e1g."},"content":{"rendered":"<p>PRIMERA PARTE<\/p>\n<p>CAP\u00cdTULO I<br \/>\nNOCIONES SUMARIAS DE LA CAUCI\u00d3N EN EL DERECHO ROMANO<\/p>\n<p>CAP\u00cdTULO II<br \/>\nDE LA FIANZA EN EL ANTIGUO DERECHO ESPA\u00d1OL Y ESPECIALMENTE EN LAS SIETE PARTIDAS<\/p>\n<p>SEGUNDA PARTE<\/p>\n<p>CAP\u00cdTULO III<br \/>\nGENERALIDADES DEL CONTRATO DE FIANZA, DE SU CONSTITUCI\u00d3N Y SUS REQUISITOS<\/p>\n<p>CAP\u00cdTULO IV<br \/>\nDIVERSAS CLASIFICACIONES EN LA FIANZA<\/p>\n<p>CAP\u00cdTULO V<br \/>\nDE LOS REQUISITOS NECESARIOS A LA EXISTENCIA DEL CONTRATO DE FIANZA<\/p>\n<p>CAP\u00cdTULO VI<br \/>\nDE LAS CONDICIONES O REQUISITOS DE VALIDEZ DE LA FIANZA<\/p>\n<p>CAP\u00cdTULO VII<br \/>\nDE LAS OBLIGACIONES QUE PUEDEN AFIANZARSE Y DE LAS PERSONAS QUE PUEDE SER AFIANZADAS<\/p>\n<p>CAP\u00cdTULO VIII<br \/>\nDE LOS DEUDORES OBLIGADOS A PRESTAR FIANZA A PETICI\u00d3N DEL ACREEDOR, Y CUALIDADES QUE DEBE REUNIR EL FIADOR OFRECIDO<\/p>\n<p>TERCERA PARTE<br \/>\nDE LAS RELACIONES ENTRE EL ACREEDOR Y EL FIADOR<\/p>\n<p>CAP\u00cdTULO IX<br \/>\nRELACIONES ANTES Y DESPU\u00c9S DE HACERSE EXIGIBLE LA OBLIGACI\u00d3N PRINCIPAL<\/p>\n<p>CAP\u00cdTULO X<br \/>\nDEL BENEFICIO DE EXCUSI\u00d3N<\/p>\n<p>CAP\u00cdTULO XI<br \/>\nRESPECTO DE QUI\u00c9NES Y DE QU\u00c9 BIENES PUEDE OPONERSE EL BENEFICIO DE EXCUSI\u00d3N Y DE SUS REQUISITOS<\/p>\n<p>CAP\u00cdTULO XII<br \/>\nEFECTOS DEL BENEFICIO DE EXCUSI\u00d3N<\/p>\n<p>CAP\u00cdTULO XIII<br \/>\nDE LA EXCEPCI\u00d3N DE DIVISI\u00d3N<\/p>\n<p>CAP\u00cdTULO XIV<br \/>\nDE LA EXCEPCI\u00d3N DE SUBROGACI\u00d3N<\/p>\n<p>CAP\u00cdTULO XV<br \/>\nDE LAS EXCEPCIONES DEL DEUDOR\u00a0Y DE LAS ACCIONES DEL ACREEDOR\u00a0DE QUE PUEDE VALERSE EL FIADOR<\/p>\n<p>CUARTA PARTE<br \/>\nEFECTOS DE LA FIANZA ENTRE DEUDOR Y FIADOR<\/p>\n<p>CAP\u00cdTULO XVI<br \/>\nRELACIONES ENTRE AMBOS ANTES DEL PAGO<\/p>\n<p>CAP\u00cdTULO XVII<br \/>\nDE LAS RELACIONES ENTRE EL DEUDOR Y EL FIADOR DESPU\u00c9S DEL PAGO<\/p>\n<p><u><br \/>\nQUINTA PARTE<br \/>\n<\/u>DE LOS EFECTOS DE LA FIANZA ENTRE LOS COFIADORES<u><br \/>\n<\/u><\/p>\n<p>CAP\u00cdTULO XVIII<br \/>\n<u><br \/>\n<\/u><u><br \/>\nSEXTA PARTE<br \/>\n<\/u>DE LA EXTINCI\u00d3N DE LA FIANZA<br \/>\n<u><br \/>\n<\/u>CAP\u00cdTULO XIX<\/p>\n","protected":false},"excerpt":{"rendered":"<p>Buscas un libro Jur\u00eddico.? Lo puedes encontrar en nuestra tienda virtual.<br \/>\nContamos con prestigiosos autores y muchas alternativas en sus diferentes materias al igual que grandes descuentos.! Vis\u00edtanos en <a class=\"VBLqHsHvuoZghLmlWyQapBMyykOxWXk \" tabindex=\"0\" href=\"https:\/\/lnkd.in\/eiAG7jdZ\" target=\"_blank\" rel=\"noopener\" data-test-app-aware-link=\"\">https:\/\/lnkd.in\/eiAG7jdZ<\/a><br \/>\nEscr\u00edbenos al +56930565235 \/ <a class=\"VBLqHsHvuoZghLmlWyQapBMyykOxWXk \" tabindex=\"0\" href=\"mailto:ventaslegallexglobal@gmail.com\" target=\"_self\" data-test-app-aware-link=\"\">ventaslegallexglobal@gmail.com<\/a><br \/>\nHacemos env\u00edos a todo Chile \u2013 Starken o Correos Chile \/ Te esperamos.<\/p>\n","protected":false},"featured_media":5190,"comment_status":"open","ping_status":"closed","template":"","meta":{"inline_featured_image":false,"_joinchat":[]},"product_brand":[],"product_cat":[27,26],"product_tag":[],"class_list":{"0":"post-5189","1":"product","2":"type-product","3":"status-publish","4":"has-post-thumbnail","6":"product_cat-civil","7":"product_cat-derecho","9":"first","10":"instock","11":"shipping-taxable","12":"purchasable","13":"product-type-simple"},"_links":{"self":[{"href":"https:\/\/bibliotecajuridicavirtual.cl\/index.php\/wp-json\/wp\/v2\/product\/5189","targetHints":{"allow":["GET"]}}],"collection":[{"href":"https:\/\/bibliotecajuridicavirtual.cl\/index.php\/wp-json\/wp\/v2\/product"}],"about":[{"href":"https:\/\/bibliotecajuridicavirtual.cl\/index.php\/wp-json\/wp\/v2\/types\/product"}],"replies":[{"embeddable":true,"href":"https:\/\/bibliotecajuridicavirtual.cl\/index.php\/wp-json\/wp\/v2\/comments?post=5189"}],"wp:featuredmedia":[{"embeddable":true,"href":"https:\/\/bibliotecajuridicavirtual.cl\/index.php\/wp-json\/wp\/v2\/media\/5190"}],"wp:attachment":[{"href":"https:\/\/bibliotecajuridicavirtual.cl\/index.php\/wp-json\/wp\/v2\/media?parent=5189"}],"wp:term":[{"taxonomy":"product_brand","embeddable":true,"href":"https:\/\/bibliotecajuridicavirtual.cl\/index.php\/wp-json\/wp\/v2\/product_brand?post=5189"},{"taxonomy":"product_cat","embeddable":true,"href":"https:\/\/bibliotecajuridicavirtual.cl\/index.php\/wp-json\/wp\/v2\/product_cat?post=5189"},{"taxonomy":"product_tag","embeddable":true,"href":"https:\/\/bibliotecajuridicavirtual.cl\/index.php\/wp-json\/wp\/v2\/product_tag?post=5189"}],"curies":[{"name":"wp","href":"https:\/\/api.w.org\/{rel}","templated":true}]}}