{"id":5437,"date":"2026-04-15T17:42:37","date_gmt":"2026-04-15T21:42:37","guid":{"rendered":"https:\/\/bibliotecajuridicavirtual.cl\/?post_type=product&#038;p=5437"},"modified":"2026-04-15T17:42:37","modified_gmt":"2026-04-15T21:42:37","slug":"las-acciones-revocatorias-concursales-autor-juan-luis-goldenberg-serrano-1-edicion-abril-ano-2026-316-pag","status":"publish","type":"product","link":"https:\/\/bibliotecajuridicavirtual.cl\/index.php\/product\/las-acciones-revocatorias-concursales-autor-juan-luis-goldenberg-serrano-1-edicion-abril-ano-2026-316-pag\/","title":{"rendered":"Las Acciones Revocatorias Concursales * Autor: Juan Luis Goldenberg Serrano * 1\u00b0 edici\u00f3n Abril a\u00f1o 2026 &#8211; 316 P\u00e1g."},"content":{"rendered":"<p>Esta obra ofrece un estudio completo y actualizado sobre las acciones revocatorias concursales en el Derecho chileno, a la luz de la Ley N\u00ba 20.720 y de la reforma introducida por la Ley N\u00ba 21.563. Se examina con rigor dogm\u00e1tico y visi\u00f3n pr\u00e1ctica los mecanismos de reintegraci\u00f3n y depuraci\u00f3n patrimonial que estructuran la respuesta del sistema concursal frente a los actos perjudiciales a la masa. El libro combina una reconstrucci\u00f3n hist\u00f3rica de la acci\u00f3n pauliana y sus derivaciones concursales con un an\u00e1lisis exhaustivo de cada figura revocatoria &#8211;objetiva, subjetiva, societaria y civil&#8211;, incorporando jurisprudencia y comparaciones con experiencias extranjeras. El libro explora la interacci\u00f3n entre las nociones de perjuicio y mala fe, y explica c\u00f3mo la reforma de 2023 transforma su funci\u00f3n sancionatoria y distributiva\u00a0a luz de la posible p\u00e9rdida del beneficio de la extinci\u00f3n de los saldos insolutos. El resultado es una obra indispensable para jueces, abogados y acad\u00e9micos que buscan comprender, con mirada cr\u00edtica y actual, el nuevo equilibrio entre eficiencia, igualdad y control del riesgo moral en el Derecho concursal contempor\u00e1neo.<\/p>\n<p>\u00cdndice<br \/>\nNota introductoria\u00a0\u00a0 \u00a0\u00a0\u00a0 \u00a011<br \/>\nCap\u00edtulo I<br \/>\nIntroducci\u00f3n<br \/>\nCap\u00edtulo II<br \/>\nLa revocaci\u00f3n objetiva<br \/>\nI.\u00a0\u00a0 \u00a0INTRODUCCI\u00d3N\u00a0\u00a0 \u00a0\u00a0\u00a0 \u00a019<br \/>\nII.\u00a0\u00a0 \u00a0LA CUESTI\u00d3N TIPOL\u00d3GICA EN LA REVOCACI\u00d3N OBJETIVA\u00a0\u00a0 \u00a0\u00a0\u00a0 \u00a020<br \/>\nII.1.\u00a0\u00a0 \u00a0Actos o contratos a t\u00edtulo gratuito \u00a0\u00a0 \u00a0\u00a0\u00a0 \u00a023<br \/>\nII.2.\u00a0\u00a0 \u00a0Actos asimilados u obsequiosos\u00a0\u00a0 \u00a0\u00a0\u00a0 \u00a031<br \/>\na.\u00a0\u00a0 \u00a0Generalidades\u00a0\u00a0 \u00a0\u00a0\u00a0 \u00a031<br \/>\nb.\u00a0\u00a0 \u00a0Pagos anticipados\u00a0\u00a0 \u00a0\u00a0\u00a0 \u00a032<br \/>\nc.\u00a0\u00a0 \u00a0Daciones en pago\u00a0\u00a0 \u00a0\u00a0\u00a0 \u00a038<br \/>\nd.\u00a0\u00a0 \u00a0Constituci\u00f3n de garant\u00edas para caucionar obligaciones existentes\u00a0\u00a0 \u00a0\u00a0\u00a0 \u00a043<br \/>\nIII.\u00a0\u00a0 \u00a0EL PERJUICIO EN LA REVOCACI\u00d3N OBJETIVA \u00a0\u00a0 \u00a0\u00a0\u00a0 \u00a046<br \/>\nIV.\u00a0\u00a0 \u00a0LOS PERIODOS SOSPECHOSOS EN LA REVOCACI\u00d3N OBJETIVA\u00a0\u00a0 \u00a0\u00a0\u00a0 \u00a054<br \/>\nIV.1.\u00a0\u00a0 \u00a0Cuestiones generales\u00a0\u00a0 \u00a0\u00a0\u00a0 \u00a054<br \/>\nIV.2.\u00a0\u00a0 \u00a0Distinci\u00f3n de periodos\u00a0\u00a0 \u00a0\u00a0\u00a0 \u00a058<br \/>\nIV.3.\u00a0\u00a0 \u00a0Forma de c\u00f3mputo\u00a0\u00a0 \u00a0\u00a0\u00a0 \u00a062<br \/>\nV.\u00a0\u00a0 \u00a0LA ASIGNACI\u00d3N DEL RIESGO DE INSOLVENCIA RESPECTO A LOS TERCEROS CONTRATANTES\u00a0\u00a0 \u00a0\u00a0\u00a0 \u00a065<br \/>\nCap\u00edtulo III<br \/>\nLa revocaci\u00f3n subjetiva<br \/>\nI.\u00a0\u00a0 \u00a0INTRODUCCI\u00d3N\u00a0\u00a0 \u00a0\u00a0\u00a0 \u00a069<br \/>\nII.\u00a0\u00a0 \u00a0LA NATURALEZA RESIDUAL DE LA REVOCACI\u00d3N SUBJETIVA\u00a0\u00a0 \u00a0\u00a0\u00a0 \u00a069<br \/>\nIII.\u00a0\u00a0 \u00a0SOBRE EL ELEMENTO SUBJETIVO\u00a0\u00a0 \u00a0\u00a0\u00a0 \u00a072<br \/>\nIII.1.\u00a0\u00a0 \u00a0Consideraciones preliminares\u00a0\u00a0 \u00a0\u00a0\u00a0 \u00a072<br \/>\nIII.2.\u00a0\u00a0 \u00a0Sobre la scientia decoctionis\u00a0\u00a0 \u00a0\u00a0\u00a0 \u00a075<br \/>\nIII.3.\u00a0\u00a0 \u00a0Sobre el concepto de \u201cmal estado de los negocios\u201d\u00a0\u00a0 \u00a0\u00a0\u00a0 \u00a082<br \/>\nIII.4.\u00a0\u00a0 \u00a0Sobre la prueba del elemento subjetivo\u00a0\u00a0 \u00a0\u00a0\u00a0 \u00a086<br \/>\nIV.\u00a0\u00a0 \u00a0EL PERJUICIO EN LA REVOCACI\u00d3N SUBJETIVA\u00a0\u00a0 \u00a0\u00a0\u00a0 \u00a090<br \/>\nIV.1.\u00a0\u00a0 \u00a0Del perjuicio a la masa activa\u00a0\u00a0 \u00a0\u00a0\u00a0 \u00a091<br \/>\nIV.2.\u00a0\u00a0 \u00a0Del perjuicio a la masa pasiva\u00a0\u00a0 \u00a0\u00a0\u00a0 \u00a098<br \/>\nV.\u00a0\u00a0 \u00a0EL PERIODO SOSPECHOSO EN LA REVOCACI\u00d3N SUBJETIVA\u00a0\u00a0 \u00a0\u00a0\u00a0 \u00a0103<br \/>\nVI.\u00a0\u00a0 \u00a0LA ASIGNACI\u00d3N DEL RIESGO DE INSOLVENCIA RESPECTO A LOS TERCEROS CONTRATANTES\u00a0\u00a0 \u00a0\u00a0\u00a0 \u00a0104<br \/>\nCap\u00edtulo IV<br \/>\nLa revocaci\u00f3n y la inoponibilidad de las reformas a pactos<br \/>\ny estatutos sociales<br \/>\nI.\u00a0\u00a0 \u00a0INTRODUCCI\u00d3N\u00a0\u00a0 \u00a0\u00a0\u00a0 \u00a0113<br \/>\nII.\u00a0\u00a0 \u00a0EL CAR\u00c1CTER OBJETIVO DE LA REVOCACI\u00d3N Y DE LA INOPONIBILIDAD\u00a0\u00a0 \u00a0\u00a0\u00a0 \u00a0122<br \/>\nIII.\u00a0\u00a0 \u00a0LA CUESTI\u00d3N TIPOL\u00d3GICA\u00a0\u00a0 \u00a0\u00a0\u00a0 \u00a0125<br \/>\nIII.1.\u00a0\u00a0 \u00a0La reforma de pactos y estatutos sociales en general\u00a0\u00a0 \u00a0\u00a0\u00a0 \u00a0125<br \/>\nIII.2.\u00a0\u00a0 \u00a0Las particularidades del caso de la reforma de los pactos y estatutos de las filiales y coligadas garantes\u00a0\u00a0 \u00a0\u00a0\u00a0 \u00a0135<br \/>\nIV.\u00a0\u00a0 \u00a0EL PERJUICIO EN LA REVOCACI\u00d3N SOCIETARIA\u00a0\u00a0 \u00a0\u00a0\u00a0 \u00a0138<br \/>\nIV.1.\u00a0\u00a0 \u00a0El perjuicio en la acci\u00f3n revocatoria de los pactos y estatutos sociales de la empresa deudora\u00a0\u00a0 \u00a0\u00a0\u00a0 \u00a0138<br \/>\nIV.2.\u00a0\u00a0 \u00a0El perjuicio en la acci\u00f3n de inoponibilidad respecto de los pactos y estatutos sociales del garante de la empresa deudora\u00a0\u00a0 \u00a0\u00a0\u00a0 \u00a0141<br \/>\nV.\u00a0\u00a0 \u00a0EL PERIODO SOSPECHOSO EN LA REVOCACI\u00d3N SOCIETARIA\u00a0\u00a0 \u00a0\u00a0\u00a0 \u00a0144<br \/>\nVI.\u00a0\u00a0 \u00a0EL EFECTO DE LA INOPONIBILIDAD\u00a0\u00a0 \u00a0\u00a0\u00a0 \u00a0145<br \/>\nCap\u00edtulo V<br \/>\nLa acci\u00f3n pauliana ejercida en el marco<br \/>\nde un procedimiento concursal<br \/>\nI.\u00a0\u00a0 \u00a0INTRODUCCI\u00d3N\u00a0\u00a0 \u00a0\u00a0\u00a0 \u00a0149<br \/>\nII.\u00a0\u00a0 \u00a0LA NECESIDAD DE CONCURSO PARA EL EJERCICIO DE LA ACCI\u00d3N PAULIANA\u00a0\u00a0 \u00a0\u00a0\u00a0 \u00a0152<br \/>\nIII.\u00a0\u00a0 \u00a0SOBRE LA RECONDUCCI\u00d3N NORMATIVA DEL ART\u00cdCULO 290, INCISO QUINTO, DE LA LC\u00a0\u00a0 \u00a0\u00a0\u00a0 \u00a0161<br \/>\nIII.1.\u00a0\u00a0 \u00a0La cuesti\u00f3n tipol\u00f3gica\u00a0\u00a0 \u00a0\u00a0\u00a0 \u00a0161<br \/>\nIII.2.\u00a0\u00a0 \u00a0Sobre el perjuicio previsto en el art\u00edculo 2468, n\u00fam. 1, CC\u00a0\u00a0 \u00a0\u00a0\u00a0 \u00a0163<br \/>\nIII.3.\u00a0\u00a0 \u00a0Sobre el elemento subjetivo previsto en el art\u00edculo 2468, n\u00fam. 1, CC \u00a0\u00a0 \u00a0\u00a0\u00a0 \u00a0166<br \/>\na.\u00a0\u00a0 \u00a0El regreso a la idea de la scientia decoctionis\u00a0\u00a0 \u00a0\u00a0\u00a0 \u00a0166<br \/>\nb.\u00a0\u00a0 \u00a0La vinculaci\u00f3n de la scientia decoctionis y la \u00e9poca de la celebraci\u00f3n del acto o contrato en el contexto de la acci\u00f3n pauliana civil ejercida en el concurso\u00a0\u00a0 \u00a0\u00a0\u00a0 \u00a0174<br \/>\nIV.\u00a0\u00a0 \u00a0COMPATIBILIDAD DE EJERCICIO CON OTRAS ACCIONES\u00a0\u00a0 \u00a0\u00a0\u00a0 \u00a0178<br \/>\nV.\u00a0\u00a0 \u00a0EFECTOS DEL EJERCICIO DE LA ACCI\u00d3N PAULIANA. RECONDUCCI\u00d3N\u00a0\u00a0 \u00a0\u00a0\u00a0 \u00a0181<br \/>\nCap\u00edtulo VI<br \/>\nAspectos Procesales<br \/>\nI.\u00a0\u00a0 \u00a0INTRODUCCI\u00d3N\u00a0\u00a0 \u00a0\u00a0\u00a0 \u00a0185<br \/>\nII.\u00a0\u00a0 \u00a0LEGITIMACI\u00d3N ACTIVA\u00a0\u00a0 \u00a0\u00a0\u00a0 \u00a0185<br \/>\nII.1.\u00a0\u00a0 \u00a0Acciones relativas a la empresa deudora\u00a0\u00a0 \u00a0\u00a0\u00a0 \u00a0188<br \/>\nII.2.\u00a0\u00a0 \u00a0Acciones relativas a la persona deudora\u00a0\u00a0 \u00a0\u00a0\u00a0 \u00a0197<br \/>\nIII.\u00a0\u00a0 \u00a0LEGITIMACI\u00d3N PASIVA\u00a0\u00a0 \u00a0\u00a0\u00a0 \u00a0206<br \/>\nIV.\u00a0\u00a0 \u00a0PLAZO DE INTERPOSICI\u00d3N\u00a0\u00a0 \u00a0\u00a0\u00a0 \u00a0210<br \/>\nV.\u00a0\u00a0 \u00a0COMPETENCIA Y PROCEDIMIENTO\u00a0\u00a0 \u00a0\u00a0\u00a0 \u00a0216<br \/>\nVI.\u00a0\u00a0 \u00a0ABANDONO DEL PROCEDIMIENTO\u00a0\u00a0 \u00a0\u00a0\u00a0 \u00a0222<br \/>\nCap\u00edtulo VII<br \/>\nEfectos de la revocaci\u00f3n concursal<br \/>\nI.\u00a0\u00a0 \u00a0INTRODUCCI\u00d3N\u00a0\u00a0 \u00a0\u00a0\u00a0 \u00a0227<br \/>\nII.\u00a0\u00a0 \u00a0EL EFECTO RESTITUTORIO\u00a0\u00a0 \u00a0\u00a0\u00a0 \u00a0228<br \/>\nII.1.\u00a0\u00a0 \u00a0Una mirada desde la discusi\u00f3n de la naturaleza jur\u00eddica de la acci\u00f3n y de la sentencia revocatoria\u00a0\u00a0 \u00a0\u00a0\u00a0 \u00a0228<br \/>\nII.2.\u00a0\u00a0 \u00a0Sobre la posibilidad de evitar el efecto restitutorio mediante la eliminaci\u00f3n del perjuicio\u00a0\u00a0 \u00a0\u00a0\u00a0 \u00a0236<br \/>\nII.3.\u00a0\u00a0 \u00a0Sobre los efectos de la sentencia respecto a los subadquirentes\u00a0\u00a0 \u00a0\u00a0\u00a0 \u00a0239<br \/>\nIII.\u00a0\u00a0 \u00a0LOS EFECTOS SANCIONATORIOS\u00a0\u00a0 \u00a0\u00a0\u00a0 \u00a0242<br \/>\nIII.1.\u00a0\u00a0 \u00a0La sanci\u00f3n al tercero mediante la posposici\u00f3n legal del cr\u00e9dito\u00a0\u00a0 \u00a0\u00a0\u00a0 \u00a0242<br \/>\na.\u00a0\u00a0 \u00a0Una enunciaci\u00f3n general del asunto de la posposici\u00f3n crediticia\u00a0\u00a0 \u00a0\u00a0\u00a0 \u00a0242<br \/>\nb.\u00a0\u00a0 \u00a0Funci\u00f3n y operatividad de la regla de posposici\u00f3n en el contexto concursal\u00a0\u00a0 \u00a0\u00a0\u00a0 \u00a0248<br \/>\nc.\u00a0\u00a0 \u00a0Caracterizaci\u00f3n de los cr\u00e9ditos legalmente pospuestos\u00a0\u00a0 \u00a0\u00a0\u00a0 \u00a0250<br \/>\n(i)\u00a0\u00a0 \u00a0Cr\u00e9ditos concursales\u00a0\u00a0 \u00a0\u00a0\u00a0 \u00a0251<br \/>\n(ii)\u00a0\u00a0 \u00a0Cr\u00e9dito debilitado en el respectivo procedimiento concursal\u00a0\u00a0 \u00a0\u00a0\u00a0 \u00a0252<br \/>\n(iii)\u00a0\u00a0 \u00a0Cr\u00e9ditos generalmente subordinados\u00a0\u00a0 \u00a0\u00a0\u00a0 \u00a0256<br \/>\nd.\u00a0\u00a0 \u00a0Las particularidades del cr\u00e9dito pospuesto en el marco de la revocatoria concursal\u00a0\u00a0 \u00a0\u00a0\u00a0 \u00a0257<br \/>\nIII.2.\u00a0\u00a0 \u00a0La sanci\u00f3n al deudor por medio de la p\u00e9rdida total o parcial del beneficio del descargue\u00a0\u00a0 \u00a0\u00a0\u00a0 \u00a0263<br \/>\na.\u00a0\u00a0 \u00a0Una enunciaci\u00f3n general del beneficio del descargue\u00a0\u00a0 \u00a0\u00a0\u00a0 \u00a0263<br \/>\n(i)\u00a0\u00a0 \u00a0Breve referencia a los or\u00edgenes hist\u00f3ricos del descargue\u00a0\u00a0 \u00a0\u00a0\u00a0 \u00a0263<br \/>\n(ii)\u00a0\u00a0 \u00a0El modelo original en Chile: el sobreseimiento definitivo extraordinario\u00a0\u00a0 \u00a0\u00a0\u00a0 \u00a0270<br \/>\n(iii)\u00a0\u00a0 \u00a0El gran desencaje del discharge en el formato inicial de la LC\u00a0\u00a0 \u00a0\u00a0\u00a0 \u00a0277<br \/>\n(iv)\u00a0\u00a0 \u00a0La historia de la reforma al discharge por parte de la Ley N\u00b0 21.563\u00a0\u00a0 \u00a0\u00a0\u00a0 \u00a0281<br \/>\nb. El incidente de mala fe\u00a0\u00a0 \u00a0\u00a0\u00a0 \u00a0287<br \/>\n(i)\u00a0\u00a0 \u00a0Planteamiento general del incidente de mala fe\u00a0\u00a0 \u00a0\u00a0\u00a0 \u00a0287<br \/>\n(ii)\u00a0\u00a0 \u00a0Revisi\u00f3n espec\u00edfica de la causal relativa a las acciones del Cap\u00edtulo VI de la LC\u00a0\u00a0 \u00a0\u00a0\u00a0 \u00a0291<br \/>\nIV.\u00a0\u00a0 \u00a0RESPECTO A LAS COSTAS Y RECOMPENSAS\u00a0\u00a0 \u00a0\u00a0\u00a0 \u00a0296<br \/>\nBibliograf\u00eda\u00a0\u00a0 \u00a0\u00a0\u00a0 \u00a0301<\/p>\n","protected":false},"excerpt":{"rendered":"<p>Buscas un libro Jur\u00eddico.? Lo puedes encontrar en nuestra tienda virtual.<br \/>\nContamos con prestigiosos autores y muchas alternativas en sus diferentes materias al igual que grandes descuentos.! Vis\u00edtanos en <a class=\"aRNTmLbkEcaZXyEMkVwCJQwonOeCJVuwGE \" tabindex=\"0\" href=\"https:\/\/lnkd.in\/eiAG7jdZ\" target=\"_blank\" rel=\"noopener\" data-test-app-aware-link=\"\">https:\/\/lnkd.in\/eiAG7jdZ<\/a><br \/>\nEscr\u00edbenos al +56930565235 \/ <a class=\"aRNTmLbkEcaZXyEMkVwCJQwonOeCJVuwGE \" tabindex=\"0\" href=\"mailto:ventaslegallexglobal@gmail.com\" target=\"_self\" data-test-app-aware-link=\"\">ventaslegallexglobal@gmail.com<\/a><br \/>\nHacemos env\u00edos a todo Chile \u2013 Starken o Correos Chile \/ Te esperamos.<\/p>\n","protected":false},"featured_media":5438,"comment_status":"open","ping_status":"closed","template":"","meta":{"inline_featured_image":false,"_joinchat":[]},"product_brand":[],"product_cat":[45,48,26,15],"product_tag":[],"class_list":{"0":"post-5437","1":"product","2":"type-product","3":"status-publish","4":"has-post-thumbnail","6":"product_cat-administrativo","7":"product_cat-comercial","8":"product_cat-derecho","9":"product_cat-uncategorized","11":"first","12":"instock","13":"shipping-taxable","14":"purchasable","15":"product-type-simple"},"_links":{"self":[{"href":"https:\/\/bibliotecajuridicavirtual.cl\/index.php\/wp-json\/wp\/v2\/product\/5437","targetHints":{"allow":["GET"]}}],"collection":[{"href":"https:\/\/bibliotecajuridicavirtual.cl\/index.php\/wp-json\/wp\/v2\/product"}],"about":[{"href":"https:\/\/bibliotecajuridicavirtual.cl\/index.php\/wp-json\/wp\/v2\/types\/product"}],"replies":[{"embeddable":true,"href":"https:\/\/bibliotecajuridicavirtual.cl\/index.php\/wp-json\/wp\/v2\/comments?post=5437"}],"wp:featuredmedia":[{"embeddable":true,"href":"https:\/\/bibliotecajuridicavirtual.cl\/index.php\/wp-json\/wp\/v2\/media\/5438"}],"wp:attachment":[{"href":"https:\/\/bibliotecajuridicavirtual.cl\/index.php\/wp-json\/wp\/v2\/media?parent=5437"}],"wp:term":[{"taxonomy":"product_brand","embeddable":true,"href":"https:\/\/bibliotecajuridicavirtual.cl\/index.php\/wp-json\/wp\/v2\/product_brand?post=5437"},{"taxonomy":"product_cat","embeddable":true,"href":"https:\/\/bibliotecajuridicavirtual.cl\/index.php\/wp-json\/wp\/v2\/product_cat?post=5437"},{"taxonomy":"product_tag","embeddable":true,"href":"https:\/\/bibliotecajuridicavirtual.cl\/index.php\/wp-json\/wp\/v2\/product_tag?post=5437"}],"curies":[{"name":"wp","href":"https:\/\/api.w.org\/{rel}","templated":true}]}}